{"id":8877,"date":"2022-08-23T14:59:42","date_gmt":"2022-08-23T13:59:42","guid":{"rendered":"https:\/\/socialagri.com\/agriFM\/?post_type=podcast&#038;p=8877"},"modified":"2022-08-23T14:59:42","modified_gmt":"2022-08-23T13:59:42","slug":"especial-siavs-2022-com-a-cargill","status":"publish","type":"podcast","link":"https:\/\/socialagri.com\/agriFM\/pt-br\/podcast\/especial-siavs-2022-com-a-cargill\/","title":{"rendered":"Especial SIAVS 2022 com a Cargill"},"content":{"rendered":"Na semana passada tivemos a realiza\u00e7\u00e3o do maior evento de avicultura e suinocultura do Brasil, o SIAVS (Sal\u00e3o Internacional de Avicultura e Suinocultura). Durante o evento batemos papo com empresas renomadas do setor, dentre elas a <strong>Cargill, <\/strong>uma das maiores ind\u00fastrias de alimentos do Pa\u00eds que tem o\u00a0prop\u00f3sito de nutrir o mundo de forma segura, respons\u00e1vel e sustent\u00e1vel.\r\n\r\nPara esse bate-papo tivemos a participa\u00e7\u00e3o do\u00a0<strong>Henrique Braga<\/strong>, L\u00edder de neg\u00f3cios de avicultura da Cargill. A <a href=\"https:\/\/socialagri.com\/agriFM\/pt-br\/podcast\/especial-siavs-2022-bate-papo-com-a-cargill-suinos\/\" target=\"_blank\" rel=\"noopener\">empresa<\/a> destaca a soma de servi\u00e7os, produtos e ferramentas para que os\u00a0 avicultores tenham ganhos produtivos at\u00e9 ent\u00e3o in\u00e9ditos. A aposta em inova\u00e7\u00e3o e gest\u00e3o trouxe melhorias que incluem a evolu\u00e7\u00e3o no peso m\u00e9dio dos animais e avan\u00e7os zoot\u00e9cnicos.\r\n\r\nPor meio da marca Nutron, a Cargill tem atuado ao lado dos produtores para que esses \u00edndices continuem avan\u00e7ando. No caso da avicultura, Henrique Braga, considera que o grande destaque \u00e9 justamente esse voto de confian\u00e7a na inova\u00e7\u00e3o que o investidor tem feito. Henrique comenta:\u00a0\u201cO avicultor brasileiro vem conseguindo unir tradi\u00e7\u00e3o e tecnologia para que a produ\u00e7\u00e3o atinja n\u00fameros in\u00e9ditos ao mesmo tempo em que se cuida da sustentabilidade dos neg\u00f3cios, se pensa muito no futuro, mas com gest\u00e3o no presente\u201d, destaca o Zootecnista com mestrado em Nutri\u00e7\u00e3o de Monog\u00e1stricos. Citando alguns exemplos dessas melhorias: \u201cos ganhos na otimiza\u00e7\u00e3o da convers\u00e3o alimentar na ordem de 30 gramas a cada ano, aliando a evolu\u00e7\u00e3o gen\u00e9tica, nutricional, manejo e ambi\u00eancia\u201d.\r\n\r\nSe voc\u00ea quiser acompanhar entrevistas como essa ao vivo, siga-nos em nosso perfil no Instagram:\u00a0<a href=\"https:\/\/www.instagram.com\/avinewsbrasil\/\" target=\"_blank\" rel=\"noopener\">@avinewsbrasil<\/a>\r\n\r\nE se voc\u00ea quiser assistir a essa entrevista \u00e9 s\u00f3 clicar\u00a0<a href=\"https:\/\/www.youtube.com\/watch?v=b81ydzK3qzQ&amp;t=5s\" target=\"_blank\" rel=\"noopener\">aqui!<\/a>","protected":false},"author":2,"featured_media":0,"parent":0,"menu_order":0,"template":"","meta":{"_acf_changed":false,"footnotes":""},"categories":[125],"tags":[],"canales":[208],"Idioma":[13],"intereses":[324],"participantes":[],"acf":{"link_podcast1":"https:\/\/images.socialagri.com\/agriFM\/wp-content\/uploads\/2022\/08\/17193851\/podcast-siavs-cargill-avinews.mp3","imagen_podcast1":"https:\/\/images.socialagri.com\/agriFM\/wp-content\/uploads\/2022\/08\/18160103\/capa_podcast_siavs_cargill_aves.jpg"},"yoast_head":"<!-- This site is optimized with the Yoast SEO plugin v22.9 - https:\/\/yoast.com\/wordpress\/plugins\/seo\/ -->\n<title>Especial SIAVS 2022 com a Cargill - agriFM<\/title>\n<meta name=\"description\" content=\"Para saber mais sobre inova\u00e7\u00e3o e tecnologia no cen\u00e1rio av\u00edcola, batemos um papo com Henrique Braga - L\u00edder de neg\u00f3cios de aves da Cargill.\" \/>\n<meta name=\"robots\" content=\"index, follow, max-snippet:-1, max-image-preview:large, max-video-preview:-1\" \/>\n<link rel=\"canonical\" href=\"https:\/\/socialagri.com\/agriFM\/pt-br\/podcast\/especial-siavs-2022-com-a-cargill\/\" \/>\n<meta property=\"og:locale\" content=\"pt_BR\" \/>\n<meta property=\"og:type\" content=\"article\" \/>\n<meta property=\"og:title\" content=\"Especial SIAVS 2022 com a Cargill - agriFM\" \/>\n<meta property=\"og:description\" content=\"Para saber mais sobre inova\u00e7\u00e3o e tecnologia no cen\u00e1rio av\u00edcola, batemos um papo com Henrique Braga - L\u00edder de neg\u00f3cios de aves da Cargill.\" \/>\n<meta property=\"og:url\" content=\"https:\/\/socialagri.com\/agriFM\/pt-br\/podcast\/especial-siavs-2022-com-a-cargill\/\" \/>\n<meta property=\"og:site_name\" content=\"agriFM\" \/>\n<meta name=\"twitter:card\" content=\"summary_large_image\" \/>\n<meta name=\"twitter:label1\" content=\"Est. tempo de leitura\" \/>\n\t<meta name=\"twitter:data1\" content=\"2 minutos\" \/>\n<script type=\"application\/ld+json\" class=\"yoast-schema-graph\">{\"@context\":\"https:\/\/schema.org\",\"@graph\":[{\"@type\":\"WebPage\",\"@id\":\"https:\/\/socialagri.com\/agriFM\/pt-br\/podcast\/especial-siavs-2022-com-a-cargill\/\",\"url\":\"https:\/\/socialagri.com\/agriFM\/pt-br\/podcast\/especial-siavs-2022-com-a-cargill\/\",\"name\":\"Especial SIAVS 2022 com a Cargill - agriFM\",\"isPartOf\":{\"@id\":\"https:\/\/socialagri.com\/agriFM\/#website\"},\"datePublished\":\"2022-08-23T13:59:42+00:00\",\"dateModified\":\"2022-08-23T13:59:42+00:00\",\"description\":\"Para saber mais sobre inova\u00e7\u00e3o e tecnologia no cen\u00e1rio av\u00edcola, batemos um papo com Henrique Braga - L\u00edder de neg\u00f3cios de aves da Cargill.\",\"breadcrumb\":{\"@id\":\"https:\/\/socialagri.com\/agriFM\/pt-br\/podcast\/especial-siavs-2022-com-a-cargill\/#breadcrumb\"},\"inLanguage\":\"pt-BR\",\"potentialAction\":[{\"@type\":\"ReadAction\",\"target\":[\"https:\/\/socialagri.com\/agriFM\/pt-br\/podcast\/especial-siavs-2022-com-a-cargill\/\"]}]},{\"@type\":\"BreadcrumbList\",\"@id\":\"https:\/\/socialagri.com\/agriFM\/pt-br\/podcast\/especial-siavs-2022-com-a-cargill\/#breadcrumb\",\"itemListElement\":[{\"@type\":\"ListItem\",\"position\":1,\"name\":\"Portada\",\"item\":\"https:\/\/socialagri.com\/agriFM\/pt-br\/\"},{\"@type\":\"ListItem\",\"position\":2,\"name\":\"Podcast\",\"item\":\"https:\/\/socialagri.com\/agriFM\/es\/podcast\/\"},{\"@type\":\"ListItem\",\"position\":3,\"name\":\"Especial SIAVS 2022 com a Cargill\"}]},{\"@type\":\"WebSite\",\"@id\":\"https:\/\/socialagri.com\/agriFM\/#website\",\"url\":\"https:\/\/socialagri.com\/agriFM\/\",\"name\":\"agriFM\",\"description\":\"Otro sitio realizado con WordPress\",\"potentialAction\":[{\"@type\":\"SearchAction\",\"target\":{\"@type\":\"EntryPoint\",\"urlTemplate\":\"https:\/\/socialagri.com\/agriFM\/?s={search_term_string}\"},\"query-input\":\"required name=search_term_string\"}],\"inLanguage\":\"pt-BR\"}]}<\/script>\n<!-- \/ Yoast SEO plugin. -->","yoast_head_json":{"title":"Especial SIAVS 2022 com a Cargill - agriFM","description":"Para saber mais sobre inova\u00e7\u00e3o e tecnologia no cen\u00e1rio av\u00edcola, batemos um papo com Henrique Braga - L\u00edder de neg\u00f3cios de aves da Cargill.","robots":{"index":"index","follow":"follow","max-snippet":"max-snippet:-1","max-image-preview":"max-image-preview:large","max-video-preview":"max-video-preview:-1"},"canonical":"https:\/\/socialagri.com\/agriFM\/pt-br\/podcast\/especial-siavs-2022-com-a-cargill\/","og_locale":"pt_BR","og_type":"article","og_title":"Especial SIAVS 2022 com a Cargill - agriFM","og_description":"Para saber mais sobre inova\u00e7\u00e3o e tecnologia no cen\u00e1rio av\u00edcola, batemos um papo com Henrique Braga - L\u00edder de neg\u00f3cios de aves da Cargill.","og_url":"https:\/\/socialagri.com\/agriFM\/pt-br\/podcast\/especial-siavs-2022-com-a-cargill\/","og_site_name":"agriFM","twitter_card":"summary_large_image","twitter_misc":{"Est. tempo de leitura":"2 minutos"},"schema":{"@context":"https:\/\/schema.org","@graph":[{"@type":"WebPage","@id":"https:\/\/socialagri.com\/agriFM\/pt-br\/podcast\/especial-siavs-2022-com-a-cargill\/","url":"https:\/\/socialagri.com\/agriFM\/pt-br\/podcast\/especial-siavs-2022-com-a-cargill\/","name":"Especial SIAVS 2022 com a Cargill - agriFM","isPartOf":{"@id":"https:\/\/socialagri.com\/agriFM\/#website"},"datePublished":"2022-08-23T13:59:42+00:00","dateModified":"2022-08-23T13:59:42+00:00","description":"Para saber mais sobre inova\u00e7\u00e3o e tecnologia no cen\u00e1rio av\u00edcola, batemos um papo com Henrique Braga - L\u00edder de neg\u00f3cios de aves da Cargill.","breadcrumb":{"@id":"https:\/\/socialagri.com\/agriFM\/pt-br\/podcast\/especial-siavs-2022-com-a-cargill\/#breadcrumb"},"inLanguage":"pt-BR","potentialAction":[{"@type":"ReadAction","target":["https:\/\/socialagri.com\/agriFM\/pt-br\/podcast\/especial-siavs-2022-com-a-cargill\/"]}]},{"@type":"BreadcrumbList","@id":"https:\/\/socialagri.com\/agriFM\/pt-br\/podcast\/especial-siavs-2022-com-a-cargill\/#breadcrumb","itemListElement":[{"@type":"ListItem","position":1,"name":"Portada","item":"https:\/\/socialagri.com\/agriFM\/pt-br\/"},{"@type":"ListItem","position":2,"name":"Podcast","item":"https:\/\/socialagri.com\/agriFM\/es\/podcast\/"},{"@type":"ListItem","position":3,"name":"Especial SIAVS 2022 com a Cargill"}]},{"@type":"WebSite","@id":"https:\/\/socialagri.com\/agriFM\/#website","url":"https:\/\/socialagri.com\/agriFM\/","name":"agriFM","description":"Otro sitio realizado con WordPress","potentialAction":[{"@type":"SearchAction","target":{"@type":"EntryPoint","urlTemplate":"https:\/\/socialagri.com\/agriFM\/?s={search_term_string}"},"query-input":"required name=search_term_string"}],"inLanguage":"pt-BR"}]}},"canal_name":"aviNews Brasil in Live","_links":{"self":[{"href":"https:\/\/socialagri.com\/agriFM\/pt-br\/wp-json\/wp\/v2\/podcast\/8877"}],"collection":[{"href":"https:\/\/socialagri.com\/agriFM\/pt-br\/wp-json\/wp\/v2\/podcast"}],"about":[{"href":"https:\/\/socialagri.com\/agriFM\/pt-br\/wp-json\/wp\/v2\/types\/podcast"}],"author":[{"embeddable":true,"href":"https:\/\/socialagri.com\/agriFM\/pt-br\/wp-json\/wp\/v2\/users\/2"}],"version-history":[{"count":2,"href":"https:\/\/socialagri.com\/agriFM\/pt-br\/wp-json\/wp\/v2\/podcast\/8877\/revisions"}],"predecessor-version":[{"id":8879,"href":"https:\/\/socialagri.com\/agriFM\/pt-br\/wp-json\/wp\/v2\/podcast\/8877\/revisions\/8879"}],"wp:attachment":[{"href":"https:\/\/socialagri.com\/agriFM\/pt-br\/wp-json\/wp\/v2\/media?parent=8877"}],"wp:term":[{"taxonomy":"category","embeddable":true,"href":"https:\/\/socialagri.com\/agriFM\/pt-br\/wp-json\/wp\/v2\/categories?post=8877"},{"taxonomy":"post_tag","embeddable":true,"href":"https:\/\/socialagri.com\/agriFM\/pt-br\/wp-json\/wp\/v2\/tags?post=8877"},{"taxonomy":"canales","embeddable":true,"href":"https:\/\/socialagri.com\/agriFM\/pt-br\/wp-json\/wp\/v2\/canales?post=8877"},{"taxonomy":"Idioma","embeddable":true,"href":"https:\/\/socialagri.com\/agriFM\/pt-br\/wp-json\/wp\/v2\/Idioma?post=8877"},{"taxonomy":"intereses","embeddable":true,"href":"https:\/\/socialagri.com\/agriFM\/pt-br\/wp-json\/wp\/v2\/intereses?post=8877"},{"taxonomy":"participantes","embeddable":true,"href":"https:\/\/socialagri.com\/agriFM\/pt-br\/wp-json\/wp\/v2\/participantes?post=8877"}],"curies":[{"name":"wp","href":"https:\/\/api.w.org\/{rel}","templated":true}]}}

Na semana passada tivemos a realização do maior evento de avicultura e suinocultura do Brasil, o SIAVS (Salão Internacional de Avicultura e Suinocultura). Durante o evento batemos papo com empresas renomadas do setor, dentre elas a <strong>Cargill, </strong>uma das maiores indústrias de alimentos do País que tem o propósito de nutrir o mundo de forma segura, responsável e sustentável.

Para esse bate-papo tivemos a participação do <strong>Henrique Braga</strong>, Líder de negócios de avicultura da Cargill. A <a href="https://socialagri.com/agriFM/pt-br/podcast/especial-siavs-2022-bate-papo-com-a-cargill-suinos/" target="_blank" rel="noopener">empresa</a> destaca a soma de serviços, produtos e ferramentas para que os  avicultores tenham ganhos produtivos até então inéditos. A aposta em inovação e gestão trouxe melhorias que incluem a evolução no peso médio dos animais e avanços zootécnicos.

Por meio da marca Nutron, a Cargill tem atuado ao lado dos produtores para que esses índices continuem avançando. No caso da avicultura, Henrique Braga, considera que o grande destaque é justamente esse voto de confiança na inovação que o investidor tem feito. Henrique comenta: “O avicultor brasileiro vem conseguindo unir tradição e tecnologia para que a produção atinja números inéditos ao mesmo tempo em que se cuida da sustentabilidade dos negócios, se pensa muito no futuro, mas com gestão no presente”, destaca o Zootecnista com mestrado em Nutrição de Monogástricos. Citando alguns exemplos dessas melhorias: “os ganhos na otimização da conversão alimentar na ordem de 30 gramas a cada ano, aliando a evolução genética, nutricional, manejo e ambiência”.

Se você quiser acompanhar entrevistas como essa ao vivo, siga-nos em nosso perfil no Instagram: <a href="https://www.instagram.com/avinewsbrasil/" target="_blank" rel="noopener">@avinewsbrasil</a>

E se você quiser assistir a essa entrevista é só clicar <a href="https://www.youtube.com/watch?v=b81ydzK3qzQ&amp;t=5s" target="_blank" rel="noopener">aqui!</a>

<!-- This site is optimized with the Yoast SEO plugin v22.9 - https://yoast.com/wordpress/plugins/seo/ -->
<title>Especial SIAVS 2022 com a Cargill - agriFM</title>
<meta name="description" content="Para saber mais sobre inovação e tecnologia no cenário avícola, batemos um papo com Henrique Braga - Líder de negócios de aves da Cargill." />
<meta name="robots" content="index, follow, max-snippet:-1, max-image-preview:large, max-video-preview:-1" />
<link rel="canonical" href="https://socialagri.com/agriFM/pt-br/podcast/especial-siavs-2022-com-a-cargill/" />
<meta property="og:locale" content="pt_BR" />
<meta property="og:type" content="article" />
<meta property="og:title" content="Especial SIAVS 2022 com a Cargill - agriFM" />
<meta property="og:description" content="Para saber mais sobre inovação e tecnologia no cenário avícola, batemos um papo com Henrique Braga - Líder de negócios de aves da Cargill." />
<meta property="og:url" content="https://socialagri.com/agriFM/pt-br/podcast/especial-siavs-2022-com-a-cargill/" />
<meta property="og:site_name" content="agriFM" />
<meta name="twitter:card" content="summary_large_image" />
<meta name="twitter:label1" content="Est. tempo de leitura" />
	<meta name="twitter:data1" content="2 minutos" />
<script type="application/ld+json" class="yoast-schema-graph">{"@context":"https://schema.org","@graph":[{"@type":"WebPage","@id":"https://socialagri.com/agriFM/pt-br/podcast/especial-siavs-2022-com-a-cargill/","url":"https://socialagri.com/agriFM/pt-br/podcast/especial-siavs-2022-com-a-cargill/","name":"Especial SIAVS 2022 com a Cargill - agriFM","isPartOf":{"@id":"https://socialagri.com/agriFM/#website"},"datePublished":"2022-08-23T13:59:42+00:00","dateModified":"2022-08-23T13:59:42+00:00","description":"Para saber mais sobre inovação e tecnologia no cenário avícola, batemos um papo com Henrique Braga - Líder de negócios de aves da Cargill.","breadcrumb":{"@id":"https://socialagri.com/agriFM/pt-br/podcast/especial-siavs-2022-com-a-cargill/#breadcrumb"},"inLanguage":"pt-BR","potentialAction":[{"@type":"ReadAction","target":["https://socialagri.com/agriFM/pt-br/podcast/especial-siavs-2022-com-a-cargill/"]}]},{"@type":"BreadcrumbList","@id":"https://socialagri.com/agriFM/pt-br/podcast/especial-siavs-2022-com-a-cargill/#breadcrumb","itemListElement":[{"@type":"ListItem","position":1,"name":"Portada","item":"https://socialagri.com/agriFM/pt-br/"},{"@type":"ListItem","position":2,"name":"Podcast","item":"https://socialagri.com/agriFM/es/podcast/"},{"@type":"ListItem","position":3,"name":"Especial SIAVS 2022 com a Cargill"}]},{"@type":"WebSite","@id":"https://socialagri.com/agriFM/#website","url":"https://socialagri.com/agriFM/","name":"agriFM","description":"Otro sitio realizado con WordPress","potentialAction":[{"@type":"SearchAction","target":{"@type":"EntryPoint","urlTemplate":"https://socialagri.com/agriFM/?s={search_term_string}"},"query-input":"required name=search_term_string"}],"inLanguage":"pt-BR"}]}</script>
<!-- / Yoast SEO plugin. -->

Para saber mais sobre inovação e tecnologia no cenário avícola, batemos um papo com Henrique Braga - Líder de negócios de aves da Cargill.
