{"id":7690,"date":"2022-06-27T16:27:15","date_gmt":"2022-06-27T15:27:15","guid":{"rendered":"https:\/\/socialagri.com\/agriFM\/?post_type=podcast&#038;p=7690"},"modified":"2022-07-05T08:56:50","modified_gmt":"2022-07-05T07:56:50","slug":"ruminantes-metano-e-o-aquecimento-global","status":"publish","type":"podcast","link":"https:\/\/socialagri.com\/agriFM\/pt-br\/podcast\/ruminantes-metano-e-o-aquecimento-global\/","title":{"rendered":"Ruminantes, metano e o aquecimento global"},"content":{"rendered":"Os ruminantes, ao longo de milh\u00f5es de anos de evolu\u00e7\u00e3o, desenvolveram um dos melhores exemplos de simbiose da natureza: eles proveem abrigo, ambiente controlado e substrato para uma imensa gama de microrganismos ruminais\u00a0que, em troca, digerem compostos para os quais os mam\u00edferos n\u00e3o s\u00e3o equipados.\r\n\r\nEssa parceria permite ao ruminante acesso ao material mais abundante na natureza: a celulose.\r\n\r\nMas os benef\u00edcios dessa parceria v\u00e3o al\u00e9m: ela permite que v\u00e1rias formas de nitrog\u00eanio n\u00e3o proteico que entram no r\u00famen possam ser incorporadas na massa microbiana que, ao passar para o trato digestivo posterior, frequentemente \u00e9 uma fonte de prote\u00edna mais relevante para o animal.\r\n\r\n\u00c9 por esse motivo que podemos fornecer aos ruminantes a ureia como fonte de prote\u00edna.\r\n\r\nO r\u00famen \u00e9 um local de baixa concentra\u00e7\u00e3o de oxig\u00eanio, com temperatura pr\u00f3xima aos 38oC e pH ligeiramente \u00e1cido. O conte\u00fado ruminal \u00e9 constantemente renovado pela ingest\u00e3o de alimentos, recebendo, continuamente, uma copiosa quantidade de saliva.\r\n\r\nA saliva \u00e9 rica em tamponantes, que ajudam a manter a estabilidade do pH ruminal. Esse conjunto de caracter\u00edsticas o torna uma verdadeira dorna de fermenta\u00e7\u00e3o, que \u00e9 a forma como os microrganismos retiram energia do substrato que colonizam.\r\n\r\nA popula\u00e7\u00e3o microbiana \u00e9 composta por fungos, protozo\u00e1rios e bact\u00e9rias, com destaque para esse \u00faltimo grupo em termos de quantidade e atividade.\r\n\r\nA biodiversidade \u00e9 gigantesca e as quase infinitas intera\u00e7\u00f5es entre eles est\u00e3o longe de ser totalmente compreendidas, ainda que t\u00e9cnicas atuais de biologia molecular tenham permitido grandes avan\u00e7os.\u00a0O termo ecossistema ruminal, portanto, expressa bem do que estamos tratando.\r\n\r\nNo processo de fermenta\u00e7\u00e3o no ecossistema ruminal, enzimas dos microrganismos ruminais permitem o desdobramento de carboidratos estruturais, como a celulose e a hemicelulose, em carboidratos simples, como a glicose. \u00c9 essa habilidade que n\u00f3s, mam\u00edferos, n\u00e3o temos.\r\n\r\nOs carboidratos simples s\u00e3o, ent\u00e3o, fermentados para gerarem a energia necess\u00e1ria para os microrganismos.\r\n\r\nFelizmente, a fermenta\u00e7\u00e3o n\u00e3o \u00e9 uma forma muito eficiente de extrair energia e seus produtos finais, portanto, ainda s\u00e3o ricas fontes de energia.","protected":false},"author":2,"featured_media":0,"parent":0,"menu_order":0,"template":"","meta":{"_acf_changed":false,"footnotes":""},"categories":[131],"tags":[],"canales":[209],"Idioma":[13],"intereses":[],"participantes":[],"acf":{"link_podcast1":"https:\/\/images.socialagri.com\/agriFM\/wp-content\/uploads\/2022\/06\/27161311\/ruminantes-metano-e-o-aquecimento-global.mp3","imagen_podcast1":"https:\/\/images.socialagri.com\/agriFM\/wp-content\/uploads\/2022\/06\/27162513\/ruminantes-metano-aquecimento-global.png"},"yoast_head":"<!-- This site is optimized with the Yoast SEO plugin v22.9 - https:\/\/yoast.com\/wordpress\/plugins\/seo\/ -->\n<title>Ruminantes, metano e o aquecimento global<\/title>\n<meta name=\"description\" content=\"O metano \u00e9 um potente g\u00e1s de efeito estufa e, em que pese a contribui\u00e7\u00e3o dos ruminantes seja menor do que frequentemente se atribui.\" \/>\n<meta name=\"robots\" content=\"index, follow, max-snippet:-1, max-image-preview:large, max-video-preview:-1\" \/>\n<link rel=\"canonical\" href=\"https:\/\/socialagri.com\/agriFM\/pt-br\/podcast\/ruminantes-metano-e-o-aquecimento-global\/\" \/>\n<meta property=\"og:locale\" content=\"pt_BR\" \/>\n<meta property=\"og:type\" content=\"article\" \/>\n<meta property=\"og:title\" content=\"Ruminantes, metano e o aquecimento global\" \/>\n<meta property=\"og:description\" content=\"O metano \u00e9 um potente g\u00e1s de efeito estufa e, em que pese a contribui\u00e7\u00e3o dos ruminantes seja menor do que frequentemente se atribui.\" \/>\n<meta property=\"og:url\" content=\"https:\/\/socialagri.com\/agriFM\/pt-br\/podcast\/ruminantes-metano-e-o-aquecimento-global\/\" \/>\n<meta property=\"og:site_name\" content=\"agriFM\" \/>\n<meta property=\"article:modified_time\" content=\"2022-07-05T07:56:50+00:00\" \/>\n<meta name=\"twitter:card\" content=\"summary_large_image\" \/>\n<meta name=\"twitter:label1\" content=\"Est. tempo de leitura\" \/>\n\t<meta name=\"twitter:data1\" content=\"2 minutos\" \/>\n<script type=\"application\/ld+json\" class=\"yoast-schema-graph\">{\"@context\":\"https:\/\/schema.org\",\"@graph\":[{\"@type\":\"WebPage\",\"@id\":\"https:\/\/socialagri.com\/agriFM\/pt-br\/podcast\/ruminantes-metano-e-o-aquecimento-global\/\",\"url\":\"https:\/\/socialagri.com\/agriFM\/pt-br\/podcast\/ruminantes-metano-e-o-aquecimento-global\/\",\"name\":\"Ruminantes, metano e o aquecimento global\",\"isPartOf\":{\"@id\":\"https:\/\/socialagri.com\/agriFM\/#website\"},\"datePublished\":\"2022-06-27T15:27:15+00:00\",\"dateModified\":\"2022-07-05T07:56:50+00:00\",\"description\":\"O metano \u00e9 um potente g\u00e1s de efeito estufa e, em que pese a contribui\u00e7\u00e3o dos ruminantes seja menor do que frequentemente se atribui.\",\"breadcrumb\":{\"@id\":\"https:\/\/socialagri.com\/agriFM\/pt-br\/podcast\/ruminantes-metano-e-o-aquecimento-global\/#breadcrumb\"},\"inLanguage\":\"pt-BR\",\"potentialAction\":[{\"@type\":\"ReadAction\",\"target\":[\"https:\/\/socialagri.com\/agriFM\/pt-br\/podcast\/ruminantes-metano-e-o-aquecimento-global\/\"]}]},{\"@type\":\"BreadcrumbList\",\"@id\":\"https:\/\/socialagri.com\/agriFM\/pt-br\/podcast\/ruminantes-metano-e-o-aquecimento-global\/#breadcrumb\",\"itemListElement\":[{\"@type\":\"ListItem\",\"position\":1,\"name\":\"Portada\",\"item\":\"https:\/\/socialagri.com\/agriFM\/pt-br\/\"},{\"@type\":\"ListItem\",\"position\":2,\"name\":\"Podcast\",\"item\":\"https:\/\/socialagri.com\/agriFM\/es\/podcast\/\"},{\"@type\":\"ListItem\",\"position\":3,\"name\":\"Ruminantes, metano e o aquecimento global\"}]},{\"@type\":\"WebSite\",\"@id\":\"https:\/\/socialagri.com\/agriFM\/#website\",\"url\":\"https:\/\/socialagri.com\/agriFM\/\",\"name\":\"agriFM\",\"description\":\"Otro sitio realizado con WordPress\",\"potentialAction\":[{\"@type\":\"SearchAction\",\"target\":{\"@type\":\"EntryPoint\",\"urlTemplate\":\"https:\/\/socialagri.com\/agriFM\/?s={search_term_string}\"},\"query-input\":\"required name=search_term_string\"}],\"inLanguage\":\"pt-BR\"}]}<\/script>\n<!-- \/ Yoast SEO plugin. -->","yoast_head_json":{"title":"Ruminantes, metano e o aquecimento global","description":"O metano \u00e9 um potente g\u00e1s de efeito estufa e, em que pese a contribui\u00e7\u00e3o dos ruminantes seja menor do que frequentemente se atribui.","robots":{"index":"index","follow":"follow","max-snippet":"max-snippet:-1","max-image-preview":"max-image-preview:large","max-video-preview":"max-video-preview:-1"},"canonical":"https:\/\/socialagri.com\/agriFM\/pt-br\/podcast\/ruminantes-metano-e-o-aquecimento-global\/","og_locale":"pt_BR","og_type":"article","og_title":"Ruminantes, metano e o aquecimento global","og_description":"O metano \u00e9 um potente g\u00e1s de efeito estufa e, em que pese a contribui\u00e7\u00e3o dos ruminantes seja menor do que frequentemente se atribui.","og_url":"https:\/\/socialagri.com\/agriFM\/pt-br\/podcast\/ruminantes-metano-e-o-aquecimento-global\/","og_site_name":"agriFM","article_modified_time":"2022-07-05T07:56:50+00:00","twitter_card":"summary_large_image","twitter_misc":{"Est. tempo de leitura":"2 minutos"},"schema":{"@context":"https:\/\/schema.org","@graph":[{"@type":"WebPage","@id":"https:\/\/socialagri.com\/agriFM\/pt-br\/podcast\/ruminantes-metano-e-o-aquecimento-global\/","url":"https:\/\/socialagri.com\/agriFM\/pt-br\/podcast\/ruminantes-metano-e-o-aquecimento-global\/","name":"Ruminantes, metano e o aquecimento global","isPartOf":{"@id":"https:\/\/socialagri.com\/agriFM\/#website"},"datePublished":"2022-06-27T15:27:15+00:00","dateModified":"2022-07-05T07:56:50+00:00","description":"O metano \u00e9 um potente g\u00e1s de efeito estufa e, em que pese a contribui\u00e7\u00e3o dos ruminantes seja menor do que frequentemente se atribui.","breadcrumb":{"@id":"https:\/\/socialagri.com\/agriFM\/pt-br\/podcast\/ruminantes-metano-e-o-aquecimento-global\/#breadcrumb"},"inLanguage":"pt-BR","potentialAction":[{"@type":"ReadAction","target":["https:\/\/socialagri.com\/agriFM\/pt-br\/podcast\/ruminantes-metano-e-o-aquecimento-global\/"]}]},{"@type":"BreadcrumbList","@id":"https:\/\/socialagri.com\/agriFM\/pt-br\/podcast\/ruminantes-metano-e-o-aquecimento-global\/#breadcrumb","itemListElement":[{"@type":"ListItem","position":1,"name":"Portada","item":"https:\/\/socialagri.com\/agriFM\/pt-br\/"},{"@type":"ListItem","position":2,"name":"Podcast","item":"https:\/\/socialagri.com\/agriFM\/es\/podcast\/"},{"@type":"ListItem","position":3,"name":"Ruminantes, metano e o aquecimento global"}]},{"@type":"WebSite","@id":"https:\/\/socialagri.com\/agriFM\/#website","url":"https:\/\/socialagri.com\/agriFM\/","name":"agriFM","description":"Otro sitio realizado con WordPress","potentialAction":[{"@type":"SearchAction","target":{"@type":"EntryPoint","urlTemplate":"https:\/\/socialagri.com\/agriFM\/?s={search_term_string}"},"query-input":"required name=search_term_string"}],"inLanguage":"pt-BR"}]}},"canal_name":"nutriNews Brasil","_links":{"self":[{"href":"https:\/\/socialagri.com\/agriFM\/pt-br\/wp-json\/wp\/v2\/podcast\/7690"}],"collection":[{"href":"https:\/\/socialagri.com\/agriFM\/pt-br\/wp-json\/wp\/v2\/podcast"}],"about":[{"href":"https:\/\/socialagri.com\/agriFM\/pt-br\/wp-json\/wp\/v2\/types\/podcast"}],"author":[{"embeddable":true,"href":"https:\/\/socialagri.com\/agriFM\/pt-br\/wp-json\/wp\/v2\/users\/2"}],"version-history":[{"count":1,"href":"https:\/\/socialagri.com\/agriFM\/pt-br\/wp-json\/wp\/v2\/podcast\/7690\/revisions"}],"predecessor-version":[{"id":7697,"href":"https:\/\/socialagri.com\/agriFM\/pt-br\/wp-json\/wp\/v2\/podcast\/7690\/revisions\/7697"}],"wp:attachment":[{"href":"https:\/\/socialagri.com\/agriFM\/pt-br\/wp-json\/wp\/v2\/media?parent=7690"}],"wp:term":[{"taxonomy":"category","embeddable":true,"href":"https:\/\/socialagri.com\/agriFM\/pt-br\/wp-json\/wp\/v2\/categories?post=7690"},{"taxonomy":"post_tag","embeddable":true,"href":"https:\/\/socialagri.com\/agriFM\/pt-br\/wp-json\/wp\/v2\/tags?post=7690"},{"taxonomy":"canales","embeddable":true,"href":"https:\/\/socialagri.com\/agriFM\/pt-br\/wp-json\/wp\/v2\/canales?post=7690"},{"taxonomy":"Idioma","embeddable":true,"href":"https:\/\/socialagri.com\/agriFM\/pt-br\/wp-json\/wp\/v2\/Idioma?post=7690"},{"taxonomy":"intereses","embeddable":true,"href":"https:\/\/socialagri.com\/agriFM\/pt-br\/wp-json\/wp\/v2\/intereses?post=7690"},{"taxonomy":"participantes","embeddable":true,"href":"https:\/\/socialagri.com\/agriFM\/pt-br\/wp-json\/wp\/v2\/participantes?post=7690"}],"curies":[{"name":"wp","href":"https:\/\/api.w.org\/{rel}","templated":true}]}}

Os ruminantes, ao longo de milhões de anos de evolução, desenvolveram um dos melhores exemplos de simbiose da natureza: eles proveem abrigo, ambiente controlado e substrato para uma imensa gama de microrganismos ruminais que, em troca, digerem compostos para os quais os mamíferos não são equipados.

Essa parceria permite ao ruminante acesso ao material mais abundante na natureza: a celulose.

Mas os benefícios dessa parceria vão além: ela permite que várias formas de nitrogênio não proteico que entram no rúmen possam ser incorporadas na massa microbiana que, ao passar para o trato digestivo posterior, frequentemente é uma fonte de proteína mais relevante para o animal.

É por esse motivo que podemos fornecer aos ruminantes a ureia como fonte de proteína.

O rúmen é um local de baixa concentração de oxigênio, com temperatura próxima aos 38oC e pH ligeiramente ácido. O conteúdo ruminal é constantemente renovado pela ingestão de alimentos, recebendo, continuamente, uma copiosa quantidade de saliva.

A saliva é rica em tamponantes, que ajudam a manter a estabilidade do pH ruminal. Esse conjunto de características o torna uma verdadeira dorna de fermentação, que é a forma como os microrganismos retiram energia do substrato que colonizam.

A população microbiana é composta por fungos, protozoários e bactérias, com destaque para esse último grupo em termos de quantidade e atividade.

A biodiversidade é gigantesca e as quase infinitas interações entre eles estão longe de ser totalmente compreendidas, ainda que técnicas atuais de biologia molecular tenham permitido grandes avanços. O termo ecossistema ruminal, portanto, expressa bem do que estamos tratando.

No processo de fermentação no ecossistema ruminal, enzimas dos microrganismos ruminais permitem o desdobramento de carboidratos estruturais, como a celulose e a hemicelulose, em carboidratos simples, como a glicose. É essa habilidade que nós, mamíferos, não temos.

Os carboidratos simples são, então, fermentados para gerarem a energia necessária para os microrganismos.

Felizmente, a fermentação não é uma forma muito eficiente de extrair energia e seus produtos finais, portanto, ainda são ricas fontes de energia.

<!-- This site is optimized with the Yoast SEO plugin v22.9 - https://yoast.com/wordpress/plugins/seo/ -->
<title>Ruminantes, metano e o aquecimento global</title>
<meta name="description" content="O metano é um potente gás de efeito estufa e, em que pese a contribuição dos ruminantes seja menor do que frequentemente se atribui." />
<meta name="robots" content="index, follow, max-snippet:-1, max-image-preview:large, max-video-preview:-1" />
<link rel="canonical" href="https://socialagri.com/agriFM/pt-br/podcast/ruminantes-metano-e-o-aquecimento-global/" />
<meta property="og:locale" content="pt_BR" />
<meta property="og:type" content="article" />
<meta property="og:title" content="Ruminantes, metano e o aquecimento global" />
<meta property="og:description" content="O metano é um potente gás de efeito estufa e, em que pese a contribuição dos ruminantes seja menor do que frequentemente se atribui." />
<meta property="og:url" content="https://socialagri.com/agriFM/pt-br/podcast/ruminantes-metano-e-o-aquecimento-global/" />
<meta property="og:site_name" content="agriFM" />
<meta property="article:modified_time" content="2022-07-05T07:56:50+00:00" />
<meta name="twitter:card" content="summary_large_image" />
<meta name="twitter:label1" content="Est. tempo de leitura" />
	<meta name="twitter:data1" content="2 minutos" />
<script type="application/ld+json" class="yoast-schema-graph">{"@context":"https://schema.org","@graph":[{"@type":"WebPage","@id":"https://socialagri.com/agriFM/pt-br/podcast/ruminantes-metano-e-o-aquecimento-global/","url":"https://socialagri.com/agriFM/pt-br/podcast/ruminantes-metano-e-o-aquecimento-global/","name":"Ruminantes, metano e o aquecimento global","isPartOf":{"@id":"https://socialagri.com/agriFM/#website"},"datePublished":"2022-06-27T15:27:15+00:00","dateModified":"2022-07-05T07:56:50+00:00","description":"O metano é um potente gás de efeito estufa e, em que pese a contribuição dos ruminantes seja menor do que frequentemente se atribui.","breadcrumb":{"@id":"https://socialagri.com/agriFM/pt-br/podcast/ruminantes-metano-e-o-aquecimento-global/#breadcrumb"},"inLanguage":"pt-BR","potentialAction":[{"@type":"ReadAction","target":["https://socialagri.com/agriFM/pt-br/podcast/ruminantes-metano-e-o-aquecimento-global/"]}]},{"@type":"BreadcrumbList","@id":"https://socialagri.com/agriFM/pt-br/podcast/ruminantes-metano-e-o-aquecimento-global/#breadcrumb","itemListElement":[{"@type":"ListItem","position":1,"name":"Portada","item":"https://socialagri.com/agriFM/pt-br/"},{"@type":"ListItem","position":2,"name":"Podcast","item":"https://socialagri.com/agriFM/es/podcast/"},{"@type":"ListItem","position":3,"name":"Ruminantes, metano e o aquecimento global"}]},{"@type":"WebSite","@id":"https://socialagri.com/agriFM/#website","url":"https://socialagri.com/agriFM/","name":"agriFM","description":"Otro sitio realizado con WordPress","potentialAction":[{"@type":"SearchAction","target":{"@type":"EntryPoint","urlTemplate":"https://socialagri.com/agriFM/?s={search_term_string}"},"query-input":"required name=search_term_string"}],"inLanguage":"pt-BR"}]}</script>
<!-- / Yoast SEO plugin. -->

O metano é um potente gás de efeito estufa e, em que pese a contribuição dos ruminantes seja menor do que frequentemente se atribui.
