{"id":6536,"date":"2022-05-03T10:33:51","date_gmt":"2022-05-03T09:33:51","guid":{"rendered":"https:\/\/socialagri.com\/agriFM\/?post_type=podcast&#038;p=6536"},"modified":"2022-05-03T15:44:13","modified_gmt":"2022-05-03T14:44:13","slug":"suplementacao-com-arginina-para-femeas-suinas-em-gestacao-parte-ii","status":"publish","type":"podcast","link":"https:\/\/socialagri.com\/agriFM\/pt-br\/podcast\/suplementacao-com-arginina-para-femeas-suinas-em-gestacao-parte-ii\/","title":{"rendered":"Suplementa\u00e7\u00e3o com arginina para f\u00eameas su\u00ednas em gesta\u00e7\u00e3o: parte II"},"content":{"rendered":"A nutri\u00e7\u00e3o materna \u00e9 um dos principais fatores que afeta a sobreviv\u00eancia, crescimento e desenvolvimento de embri\u00f5es e fetos. O uso de amino\u00e1cidos como nutriente funcional durante a gesta\u00e7\u00e3o vem sendo largamente estudado devido a participa\u00e7\u00e3o destes em vias metab\u00f3licas relacionadas \u00e0s fun\u00e7\u00f5es reprodutivas dos animais.\r\n\r\nPer\u00edodo e dura\u00e7\u00e3o da suplementa\u00e7\u00e3o com L- arginina na ra\u00e7\u00e3o de f\u00eameas su\u00ednas gestantes.\r\n\r\nEmbora alguns estudos demonstrem que a suplementa\u00e7\u00e3o com arginina melhora o desempenho reprodutivo de f\u00eameas su\u00ednas, n\u00e3o h\u00e1 um consenso sobre o melhor per\u00edodo, n\u00edvel de inclus\u00e3o, ou fase gestacional para utiliza\u00e7\u00e3o desse amino\u00e1cido, sendo os resultados destes estudos conflitantes (Palencia et al., 2018; Li et al., 2015).\r\n\r\nA suplementa\u00e7\u00e3o com arginina no ter\u00e7o inicial de gesta\u00e7\u00e3o de f\u00eameas su\u00ednas \u00e9 determinante na viabilidade e sobreviv\u00eancia embrion\u00e1ria por beneficiar a Implanta\u00e7\u00e3o embrion\u00e1ria, Forma\u00e7\u00e3o dos conceptos, Vasculariza\u00e7\u00e3o Placent\u00e1ria Crescimento placent\u00e1rio (Costa et al., 2019).\r\n\r\nPor outro lado, alguns estudos mostram que a suplementa\u00e7\u00e3o com arginina no ter\u00e7o m\u00e9dio e final de gesta\u00e7\u00e3o, per\u00edodo de maior ganho de peso fetal, aumenta o peso dos leit\u00f5es e a uniformidade da leitegada ao nascimento (Bass et al., 2017; Quesnel et al., 2014; Che et al., 2013).\r\n\r\nF\u00eameas su\u00ednas hiperprol\u00edficas ovulam cerca de 20 a 30 o\u00f3citos mas apenas metade destes resultam em leit\u00f5es nascidos vivos (Town et al., 2005). Esse fato pode estar relacionado com a capacidade uterina restrita, positivamente relacionada com a mortalidade fetal (Bazer et al., 2014).\r\n\r\nA suplementa\u00e7\u00e3o com arginina atrav\u00e9s da modula\u00e7\u00e3o do ambiente intra-uterino de f\u00eameas su\u00ednas gestantes pode melhorar a efici\u00eancia placent\u00e1ria e a capacidade uterina.\r\n\r\nEm 75% dos casos, as perdas pr\u00e9-natais ocorrem durante os primeiros 25 dias de gesta\u00e7\u00e3o (Ford et al., 2002), dessa forma a suplementa\u00e7\u00e3o com arginina poderia ser vantajosa nesse per\u00edodo.\r\n\r\nContudo Li et al. (2010) reportaram em marr\u00e3s gestantes suplementadas com 8,0 g\/kg de L-arginina entre os dias 0 e 25 de gesta\u00e7\u00e3o Menor n\u00famero de fetos vi\u00e1veis, Menor n\u00famero de corpos l\u00fateos e Menor concentra\u00e7\u00e3o de progesterona no plasma.\r\n\r\nA partir desse estudo, t\u00eam sido evitada a suplementa\u00e7\u00e3o com arginina no dia da concep\u00e7\u00e3o.\r\n\r\nPor outro lado, Greene et al. (2012) em estudo sobre a suplementa\u00e7\u00e3o com 20,0 g\/kg de L-arginina durante\r\ntodo o per\u00edodo gestacional de camundongas (tamb\u00e9m iniciando ap\u00f3s a concep\u00e7\u00e3o), observaram aumento do tamanho da ninhada, do n\u00famero de pontos de liga\u00e7\u00e3o de placenta e da atividade transcricional do Vegfr2 (receptor 2 do fator de crescimento endotelial) em tecido fetoplacental.","protected":false},"author":2,"featured_media":0,"parent":0,"menu_order":0,"template":"","meta":{"_acf_changed":false,"footnotes":""},"categories":[129],"tags":[],"canales":[209],"Idioma":[13],"intereses":[324],"participantes":[],"acf":{"link_podcast1":"https:\/\/images.socialagri.com\/agriFM\/wp-content\/uploads\/2022\/05\/03102950\/Suplementacao-com-arginina-para-femeas-suinas-em-gestacao-parte-2.mp3","imagen_podcast1":"https:\/\/images.socialagri.com\/agriFM\/wp-content\/uploads\/2022\/05\/03154316\/suplementacao-com-arginina-para-leitoes.png"},"yoast_head":"<!-- This site is optimized with the Yoast SEO plugin v22.9 - https:\/\/yoast.com\/wordpress\/plugins\/seo\/ -->\n<title>Suplementa\u00e7\u00e3o com arginina para f\u00eameas su\u00ednas em gesta\u00e7\u00e3o: parte II<\/title>\n<meta name=\"description\" content=\"A suplementa\u00e7\u00e3o com arginina em f\u00eameas su\u00ednas gestantes pode melhorar a efici\u00eancia placent\u00e1ria e a capacidade uterina.\" \/>\n<meta name=\"robots\" content=\"index, follow, max-snippet:-1, max-image-preview:large, max-video-preview:-1\" \/>\n<link rel=\"canonical\" href=\"https:\/\/socialagri.com\/agriFM\/pt-br\/podcast\/suplementacao-com-arginina-para-femeas-suinas-em-gestacao-parte-ii\/\" \/>\n<meta property=\"og:locale\" content=\"pt_BR\" \/>\n<meta property=\"og:type\" content=\"article\" \/>\n<meta property=\"og:title\" content=\"Suplementa\u00e7\u00e3o com arginina para f\u00eameas su\u00ednas em gesta\u00e7\u00e3o: parte II\" \/>\n<meta property=\"og:description\" content=\"A suplementa\u00e7\u00e3o com arginina em f\u00eameas su\u00ednas gestantes pode melhorar a efici\u00eancia placent\u00e1ria e a capacidade uterina.\" \/>\n<meta property=\"og:url\" content=\"https:\/\/socialagri.com\/agriFM\/pt-br\/podcast\/suplementacao-com-arginina-para-femeas-suinas-em-gestacao-parte-ii\/\" \/>\n<meta property=\"og:site_name\" content=\"agriFM\" \/>\n<meta property=\"article:modified_time\" content=\"2022-05-03T14:44:13+00:00\" \/>\n<meta name=\"twitter:card\" content=\"summary_large_image\" \/>\n<meta name=\"twitter:label1\" content=\"Est. tempo de leitura\" \/>\n\t<meta name=\"twitter:data1\" content=\"2 minutos\" \/>\n<script type=\"application\/ld+json\" class=\"yoast-schema-graph\">{\"@context\":\"https:\/\/schema.org\",\"@graph\":[{\"@type\":\"WebPage\",\"@id\":\"https:\/\/socialagri.com\/agriFM\/pt-br\/podcast\/suplementacao-com-arginina-para-femeas-suinas-em-gestacao-parte-ii\/\",\"url\":\"https:\/\/socialagri.com\/agriFM\/pt-br\/podcast\/suplementacao-com-arginina-para-femeas-suinas-em-gestacao-parte-ii\/\",\"name\":\"Suplementa\u00e7\u00e3o com arginina para f\u00eameas su\u00ednas em gesta\u00e7\u00e3o: parte II\",\"isPartOf\":{\"@id\":\"https:\/\/socialagri.com\/agriFM\/#website\"},\"datePublished\":\"2022-05-03T09:33:51+00:00\",\"dateModified\":\"2022-05-03T14:44:13+00:00\",\"description\":\"A suplementa\u00e7\u00e3o com arginina em f\u00eameas su\u00ednas gestantes pode melhorar a efici\u00eancia placent\u00e1ria e a capacidade uterina.\",\"breadcrumb\":{\"@id\":\"https:\/\/socialagri.com\/agriFM\/pt-br\/podcast\/suplementacao-com-arginina-para-femeas-suinas-em-gestacao-parte-ii\/#breadcrumb\"},\"inLanguage\":\"pt-BR\",\"potentialAction\":[{\"@type\":\"ReadAction\",\"target\":[\"https:\/\/socialagri.com\/agriFM\/pt-br\/podcast\/suplementacao-com-arginina-para-femeas-suinas-em-gestacao-parte-ii\/\"]}]},{\"@type\":\"BreadcrumbList\",\"@id\":\"https:\/\/socialagri.com\/agriFM\/pt-br\/podcast\/suplementacao-com-arginina-para-femeas-suinas-em-gestacao-parte-ii\/#breadcrumb\",\"itemListElement\":[{\"@type\":\"ListItem\",\"position\":1,\"name\":\"Portada\",\"item\":\"https:\/\/socialagri.com\/agriFM\/pt-br\/\"},{\"@type\":\"ListItem\",\"position\":2,\"name\":\"Podcast\",\"item\":\"https:\/\/socialagri.com\/agriFM\/es\/podcast\/\"},{\"@type\":\"ListItem\",\"position\":3,\"name\":\"Suplementa\u00e7\u00e3o com arginina para f\u00eameas su\u00ednas em gesta\u00e7\u00e3o: parte II\"}]},{\"@type\":\"WebSite\",\"@id\":\"https:\/\/socialagri.com\/agriFM\/#website\",\"url\":\"https:\/\/socialagri.com\/agriFM\/\",\"name\":\"agriFM\",\"description\":\"Otro sitio realizado con WordPress\",\"potentialAction\":[{\"@type\":\"SearchAction\",\"target\":{\"@type\":\"EntryPoint\",\"urlTemplate\":\"https:\/\/socialagri.com\/agriFM\/?s={search_term_string}\"},\"query-input\":\"required name=search_term_string\"}],\"inLanguage\":\"pt-BR\"}]}<\/script>\n<!-- \/ Yoast SEO plugin. -->","yoast_head_json":{"title":"Suplementa\u00e7\u00e3o com arginina para f\u00eameas su\u00ednas em gesta\u00e7\u00e3o: parte II","description":"A suplementa\u00e7\u00e3o com arginina em f\u00eameas su\u00ednas gestantes pode melhorar a efici\u00eancia placent\u00e1ria e a capacidade uterina.","robots":{"index":"index","follow":"follow","max-snippet":"max-snippet:-1","max-image-preview":"max-image-preview:large","max-video-preview":"max-video-preview:-1"},"canonical":"https:\/\/socialagri.com\/agriFM\/pt-br\/podcast\/suplementacao-com-arginina-para-femeas-suinas-em-gestacao-parte-ii\/","og_locale":"pt_BR","og_type":"article","og_title":"Suplementa\u00e7\u00e3o com arginina para f\u00eameas su\u00ednas em gesta\u00e7\u00e3o: parte II","og_description":"A suplementa\u00e7\u00e3o com arginina em f\u00eameas su\u00ednas gestantes pode melhorar a efici\u00eancia placent\u00e1ria e a capacidade uterina.","og_url":"https:\/\/socialagri.com\/agriFM\/pt-br\/podcast\/suplementacao-com-arginina-para-femeas-suinas-em-gestacao-parte-ii\/","og_site_name":"agriFM","article_modified_time":"2022-05-03T14:44:13+00:00","twitter_card":"summary_large_image","twitter_misc":{"Est. tempo de leitura":"2 minutos"},"schema":{"@context":"https:\/\/schema.org","@graph":[{"@type":"WebPage","@id":"https:\/\/socialagri.com\/agriFM\/pt-br\/podcast\/suplementacao-com-arginina-para-femeas-suinas-em-gestacao-parte-ii\/","url":"https:\/\/socialagri.com\/agriFM\/pt-br\/podcast\/suplementacao-com-arginina-para-femeas-suinas-em-gestacao-parte-ii\/","name":"Suplementa\u00e7\u00e3o com arginina para f\u00eameas su\u00ednas em gesta\u00e7\u00e3o: parte II","isPartOf":{"@id":"https:\/\/socialagri.com\/agriFM\/#website"},"datePublished":"2022-05-03T09:33:51+00:00","dateModified":"2022-05-03T14:44:13+00:00","description":"A suplementa\u00e7\u00e3o com arginina em f\u00eameas su\u00ednas gestantes pode melhorar a efici\u00eancia placent\u00e1ria e a capacidade uterina.","breadcrumb":{"@id":"https:\/\/socialagri.com\/agriFM\/pt-br\/podcast\/suplementacao-com-arginina-para-femeas-suinas-em-gestacao-parte-ii\/#breadcrumb"},"inLanguage":"pt-BR","potentialAction":[{"@type":"ReadAction","target":["https:\/\/socialagri.com\/agriFM\/pt-br\/podcast\/suplementacao-com-arginina-para-femeas-suinas-em-gestacao-parte-ii\/"]}]},{"@type":"BreadcrumbList","@id":"https:\/\/socialagri.com\/agriFM\/pt-br\/podcast\/suplementacao-com-arginina-para-femeas-suinas-em-gestacao-parte-ii\/#breadcrumb","itemListElement":[{"@type":"ListItem","position":1,"name":"Portada","item":"https:\/\/socialagri.com\/agriFM\/pt-br\/"},{"@type":"ListItem","position":2,"name":"Podcast","item":"https:\/\/socialagri.com\/agriFM\/es\/podcast\/"},{"@type":"ListItem","position":3,"name":"Suplementa\u00e7\u00e3o com arginina para f\u00eameas su\u00ednas em gesta\u00e7\u00e3o: parte II"}]},{"@type":"WebSite","@id":"https:\/\/socialagri.com\/agriFM\/#website","url":"https:\/\/socialagri.com\/agriFM\/","name":"agriFM","description":"Otro sitio realizado con WordPress","potentialAction":[{"@type":"SearchAction","target":{"@type":"EntryPoint","urlTemplate":"https:\/\/socialagri.com\/agriFM\/?s={search_term_string}"},"query-input":"required name=search_term_string"}],"inLanguage":"pt-BR"}]}},"canal_name":"nutriNews Brasil","_links":{"self":[{"href":"https:\/\/socialagri.com\/agriFM\/pt-br\/wp-json\/wp\/v2\/podcast\/6536"}],"collection":[{"href":"https:\/\/socialagri.com\/agriFM\/pt-br\/wp-json\/wp\/v2\/podcast"}],"about":[{"href":"https:\/\/socialagri.com\/agriFM\/pt-br\/wp-json\/wp\/v2\/types\/podcast"}],"author":[{"embeddable":true,"href":"https:\/\/socialagri.com\/agriFM\/pt-br\/wp-json\/wp\/v2\/users\/2"}],"version-history":[{"count":2,"href":"https:\/\/socialagri.com\/agriFM\/pt-br\/wp-json\/wp\/v2\/podcast\/6536\/revisions"}],"predecessor-version":[{"id":6578,"href":"https:\/\/socialagri.com\/agriFM\/pt-br\/wp-json\/wp\/v2\/podcast\/6536\/revisions\/6578"}],"wp:attachment":[{"href":"https:\/\/socialagri.com\/agriFM\/pt-br\/wp-json\/wp\/v2\/media?parent=6536"}],"wp:term":[{"taxonomy":"category","embeddable":true,"href":"https:\/\/socialagri.com\/agriFM\/pt-br\/wp-json\/wp\/v2\/categories?post=6536"},{"taxonomy":"post_tag","embeddable":true,"href":"https:\/\/socialagri.com\/agriFM\/pt-br\/wp-json\/wp\/v2\/tags?post=6536"},{"taxonomy":"canales","embeddable":true,"href":"https:\/\/socialagri.com\/agriFM\/pt-br\/wp-json\/wp\/v2\/canales?post=6536"},{"taxonomy":"Idioma","embeddable":true,"href":"https:\/\/socialagri.com\/agriFM\/pt-br\/wp-json\/wp\/v2\/Idioma?post=6536"},{"taxonomy":"intereses","embeddable":true,"href":"https:\/\/socialagri.com\/agriFM\/pt-br\/wp-json\/wp\/v2\/intereses?post=6536"},{"taxonomy":"participantes","embeddable":true,"href":"https:\/\/socialagri.com\/agriFM\/pt-br\/wp-json\/wp\/v2\/participantes?post=6536"}],"curies":[{"name":"wp","href":"https:\/\/api.w.org\/{rel}","templated":true}]}}

Suplementação com arginina para fêmeas suínas em gestação: parte II

A nutrição materna é um dos principais fatores que afeta a sobrevivência, crescimento e desenvolvimento de embriões e fetos. O uso de aminoácidos como nutriente funcional durante a gestação vem sendo largamente estudado devido a participação destes em vias metabólicas relacionadas às funções reprodutivas dos animais.

Período e duração da suplementação com L- arginina na ração de fêmeas suínas gestantes.

Embora alguns estudos demonstrem que a suplementação com arginina melhora o desempenho reprodutivo de fêmeas suínas, não há um consenso sobre o melhor período, nível de inclusão, ou fase gestacional para utilização desse aminoácido, sendo os resultados destes estudos conflitantes (Palencia et al., 2018; Li et al., 2015).

A suplementação com arginina no terço inicial de gestação de fêmeas suínas é determinante na viabilidade e sobrevivência embrionária por beneficiar a Implantação embrionária, Formação dos conceptos, Vascularização Placentária Crescimento placentário (Costa et al., 2019).

Por outro lado, alguns estudos mostram que a suplementação com arginina no terço médio e final de gestação, período de maior ganho de peso fetal, aumenta o peso dos leitões e a uniformidade da leitegada ao nascimento (Bass et al., 2017; Quesnel et al., 2014; Che et al., 2013).

Fêmeas suínas hiperprolíficas ovulam cerca de 20 a 30 oócitos mas apenas metade destes resultam em leitões nascidos vivos (Town et al., 2005). Esse fato pode estar relacionado com a capacidade uterina restrita, positivamente relacionada com a mortalidade fetal (Bazer et al., 2014).

A suplementação com arginina através da modulação do ambiente intra-uterino de fêmeas suínas gestantes pode melhorar a eficiência placentária e a capacidade uterina.

Em 75% dos casos, as perdas pré-natais ocorrem durante os primeiros 25 dias de gestação (Ford et al., 2002), dessa forma a suplementação com arginina poderia ser vantajosa nesse período.

Contudo Li et al. (2010) reportaram em marrãs gestantes suplementadas com 8,0 g/kg de L-arginina entre os dias 0 e 25 de gestação Menor número de fetos viáveis, Menor número de corpos lúteos e Menor concentração de progesterona no plasma.

A partir desse estudo, têm sido evitada a suplementação com arginina no dia da concepção.

Por outro lado, Greene et al. (2012) em estudo sobre a suplementação com 20,0 g/kg de L-arginina durante
todo o período gestacional de camundongas (também iniciando após a concepção), observaram aumento do tamanho da ninhada, do número de pontos de ligação de placenta e da atividade transcricional do Vegfr2 (receptor 2 do fator de crescimento endotelial) em tecido fetoplacental.

<!-- This site is optimized with the Yoast SEO plugin v22.9 - https://yoast.com/wordpress/plugins/seo/ -->
<title>Suplementação com arginina para fêmeas suínas em gestação: parte II</title>
<meta name="description" content="A suplementação com arginina em fêmeas suínas gestantes pode melhorar a eficiência placentária e a capacidade uterina." />
<meta name="robots" content="index, follow, max-snippet:-1, max-image-preview:large, max-video-preview:-1" />
<link rel="canonical" href="https://socialagri.com/agriFM/pt-br/podcast/suplementacao-com-arginina-para-femeas-suinas-em-gestacao-parte-ii/" />
<meta property="og:locale" content="pt_BR" />
<meta property="og:type" content="article" />
<meta property="og:title" content="Suplementação com arginina para fêmeas suínas em gestação: parte II" />
<meta property="og:description" content="A suplementação com arginina em fêmeas suínas gestantes pode melhorar a eficiência placentária e a capacidade uterina." />
<meta property="og:url" content="https://socialagri.com/agriFM/pt-br/podcast/suplementacao-com-arginina-para-femeas-suinas-em-gestacao-parte-ii/" />
<meta property="og:site_name" content="agriFM" />
<meta property="article:modified_time" content="2022-05-03T14:44:13+00:00" />
<meta name="twitter:card" content="summary_large_image" />
<meta name="twitter:label1" content="Est. tempo de leitura" />
	<meta name="twitter:data1" content="2 minutos" />
<script type="application/ld+json" class="yoast-schema-graph">{"@context":"https://schema.org","@graph":[{"@type":"WebPage","@id":"https://socialagri.com/agriFM/pt-br/podcast/suplementacao-com-arginina-para-femeas-suinas-em-gestacao-parte-ii/","url":"https://socialagri.com/agriFM/pt-br/podcast/suplementacao-com-arginina-para-femeas-suinas-em-gestacao-parte-ii/","name":"Suplementação com arginina para fêmeas suínas em gestação: parte II","isPartOf":{"@id":"https://socialagri.com/agriFM/#website"},"datePublished":"2022-05-03T09:33:51+00:00","dateModified":"2022-05-03T14:44:13+00:00","description":"A suplementação com arginina em fêmeas suínas gestantes pode melhorar a eficiência placentária e a capacidade uterina.","breadcrumb":{"@id":"https://socialagri.com/agriFM/pt-br/podcast/suplementacao-com-arginina-para-femeas-suinas-em-gestacao-parte-ii/#breadcrumb"},"inLanguage":"pt-BR","potentialAction":[{"@type":"ReadAction","target":["https://socialagri.com/agriFM/pt-br/podcast/suplementacao-com-arginina-para-femeas-suinas-em-gestacao-parte-ii/"]}]},{"@type":"BreadcrumbList","@id":"https://socialagri.com/agriFM/pt-br/podcast/suplementacao-com-arginina-para-femeas-suinas-em-gestacao-parte-ii/#breadcrumb","itemListElement":[{"@type":"ListItem","position":1,"name":"Portada","item":"https://socialagri.com/agriFM/pt-br/"},{"@type":"ListItem","position":2,"name":"Podcast","item":"https://socialagri.com/agriFM/es/podcast/"},{"@type":"ListItem","position":3,"name":"Suplementação com arginina para fêmeas suínas em gestação: parte II"}]},{"@type":"WebSite","@id":"https://socialagri.com/agriFM/#website","url":"https://socialagri.com/agriFM/","name":"agriFM","description":"Otro sitio realizado con WordPress","potentialAction":[{"@type":"SearchAction","target":{"@type":"EntryPoint","urlTemplate":"https://socialagri.com/agriFM/?s={search_term_string}"},"query-input":"required name=search_term_string"}],"inLanguage":"pt-BR"}]}</script>
<!-- / Yoast SEO plugin. -->

A suplementação com arginina em fêmeas suínas gestantes pode melhorar a eficiência placentária e a capacidade uterina.
