{"id":5950,"date":"2022-04-13T13:17:59","date_gmt":"2022-04-13T12:17:59","guid":{"rendered":"https:\/\/socialagri.com\/agriFM\/?post_type=podcast&#038;p=5950"},"modified":"2022-04-13T13:17:59","modified_gmt":"2022-04-13T12:17:59","slug":"arginina-e-seus-precursores-como-aditivos-potencias-para-matrizes-suinas-durante-a-gestacao","status":"publish","type":"podcast","link":"https:\/\/socialagri.com\/agriFM\/pt-br\/podcast\/arginina-e-seus-precursores-como-aditivos-potencias-para-matrizes-suinas-durante-a-gestacao\/","title":{"rendered":"Arginina e seus precursores como aditivos potencias para matrizes su\u00ednas durante a gesta\u00e7\u00e3o"},"content":{"rendered":"<ul>\r\n \t<li>Arginina e seus precursores como aditivos potencias para matrizes su\u00ednas durante a gesta\u00e7\u00e3o<\/li>\r\n \t<li><\/li>\r\n \t<li>Artigo de autoria do Professor Doutor C\u00e9sar Augusto Pospissil Garbossa e das mestrandas Gabriela dos Santos Madella e N\u00e1dia de Almeida Ciriaco Gomes.<\/li>\r\n \t<li><\/li>\r\n \t<li>A fase de gesta\u00e7\u00e3o requer um aporte maior de nutrientes, tanto para a matriz quanto para os fetos em desenvolvimento e, nesse sentido, a\u00a0nutri\u00e7\u00e3o aminoac\u00eddica\u00a0\u00e9 primordial, influenciando positivamente a matura\u00e7\u00e3o dos principais sistemas (muscular, cardiovascular, digest\u00f3rio, respirat\u00f3rio e esquel\u00e9tico).<\/li>\r\n \t<li><\/li>\r\n \t<li>A Arginina (ARG) \u00e9 considerada um amino\u00e1cido condicionalmente essencial na dieta para algumas categorias de animais pois est\u00e1 associada a importantes fun\u00e7\u00f5es nos processos reprodutivos, como um bom desenvolvimento da placenta e dos fetos (Wu et al., 2013).<\/li>\r\n \t<li><\/li>\r\n \t<li>As exig\u00eancias de amino\u00e1cidos aumentam progressivamente ao passar da gesta\u00e7\u00e3o,\u00a0pela maior reten\u00e7\u00e3o de nitrog\u00eanio nos fetos e estruturas relacionadas ao desenvolvimento da gl\u00e2ndula mam\u00e1ria\u00a0(WU, 1997).<\/li>\r\n \t<li><\/li>\r\n \t<li>A\u00a0transfer\u00eancia placent\u00e1ria inadequada de amino\u00e1cidos\u00a0\u00e9 um fator que contribui com\u00a0maior acometimento de crescimento intrauterino retardado (CIUR) em mam\u00edferos\u00a0(LIN et al., 2014). Essa caracter\u00edstica acarreta alta morbidade e mortalidade perinatal, maior chance de doen\u00e7as, pior desempenho produtivo, menor qualidade de carca\u00e7a e carne (ALVARENGA et al., 2013; WU et al., 2006).<\/li>\r\n \t<li><\/li>\r\n \t<li>Neste artigo voc\u00ea se atualiza sobre a a\u00e7\u00e3o da arginina e seus precursores como o N-Carbamoil Glutamato e L-Citrulina no organismo de matrizes su\u00ednas durante a gesta\u00e7\u00e3o.<\/li>\r\n \t<li><\/li>\r\n \t<li>Para ler o artigo &#8220;<em>Arginina e seus precursores como aditivos potencias para matrizes su\u00ednas durante a gesta\u00e7\u00e3o&#8221;<\/em>, clique <a href=\"https:\/\/suinobrasil.porcino.info\/arginina-e-seus-precursores-como-aditivos-potencias-para-matrizes-suinas-durante-a-gestacao\/\" target=\"_blank\" rel=\"noopener\"><strong>AQUI<\/strong><\/a><\/li>\r\n \t<li><\/li>\r\n \t<li>Ou\u00e7a tamb\u00e9m: &#8220;<a href=\"https:\/\/socialagri.com\/agriFM\/pt-br\/podcast\/restricoes-ao-uso-de-oxido-de-zinco-o-que-devemos-saber\/\">Restri\u00e7\u00f5es ao uso de \u00f3xido de zinco: o que devemos saber?<\/a>&#8220;<\/li>\r\n<\/ul>","protected":false},"author":2,"featured_media":0,"parent":0,"menu_order":0,"template":"","meta":{"_acf_changed":false,"footnotes":""},"categories":[129],"tags":[],"canales":[211],"Idioma":[13],"intereses":[324],"participantes":[],"acf":{"link_podcast1":"https:\/\/images.socialagri.com\/agriFM\/wp-content\/uploads\/2022\/04\/13131521\/PODCAST-arginina.mp3","imagen_podcast1":"https:\/\/images.socialagri.com\/agriFM\/wp-content\/uploads\/2022\/04\/08151648\/Capa-de-PODCAST.png"},"yoast_head":"<!-- This site is optimized with the Yoast SEO plugin v22.9 - https:\/\/yoast.com\/wordpress\/plugins\/seo\/ -->\n<title>Arginina e seus precursores como aditivos potencias para matrizes su\u00ednas durante a gesta\u00e7\u00e3o<\/title>\n<meta name=\"description\" content=\"A\u00a0Arginina (ARG)\u00a0\u00e9 considerada um amino\u00e1cido\u00a0condicionalmente\u00a0essencial na dieta para algumas categorias de animais\" \/>\n<meta name=\"robots\" content=\"index, follow, max-snippet:-1, max-image-preview:large, max-video-preview:-1\" \/>\n<link rel=\"canonical\" href=\"https:\/\/socialagri.com\/agriFM\/pt-br\/podcast\/arginina-e-seus-precursores-como-aditivos-potencias-para-matrizes-suinas-durante-a-gestacao\/\" \/>\n<meta property=\"og:locale\" content=\"pt_BR\" \/>\n<meta property=\"og:type\" content=\"article\" \/>\n<meta property=\"og:title\" content=\"Arginina e seus precursores como aditivos potencias para matrizes su\u00ednas durante a gesta\u00e7\u00e3o\" \/>\n<meta property=\"og:description\" content=\"A\u00a0Arginina (ARG)\u00a0\u00e9 considerada um amino\u00e1cido\u00a0condicionalmente\u00a0essencial na dieta para algumas categorias de animais\" \/>\n<meta property=\"og:url\" content=\"https:\/\/socialagri.com\/agriFM\/pt-br\/podcast\/arginina-e-seus-precursores-como-aditivos-potencias-para-matrizes-suinas-durante-a-gestacao\/\" \/>\n<meta property=\"og:site_name\" content=\"agriFM\" \/>\n<meta name=\"twitter:card\" content=\"summary_large_image\" \/>\n<meta name=\"twitter:label1\" content=\"Est. tempo de leitura\" \/>\n\t<meta name=\"twitter:data1\" content=\"2 minutos\" \/>\n<script type=\"application\/ld+json\" class=\"yoast-schema-graph\">{\"@context\":\"https:\/\/schema.org\",\"@graph\":[{\"@type\":\"WebPage\",\"@id\":\"https:\/\/socialagri.com\/agriFM\/pt-br\/podcast\/arginina-e-seus-precursores-como-aditivos-potencias-para-matrizes-suinas-durante-a-gestacao\/\",\"url\":\"https:\/\/socialagri.com\/agriFM\/pt-br\/podcast\/arginina-e-seus-precursores-como-aditivos-potencias-para-matrizes-suinas-durante-a-gestacao\/\",\"name\":\"Arginina e seus precursores como aditivos potencias para matrizes su\u00ednas durante a gesta\u00e7\u00e3o\",\"isPartOf\":{\"@id\":\"https:\/\/socialagri.com\/agriFM\/#website\"},\"datePublished\":\"2022-04-13T12:17:59+00:00\",\"dateModified\":\"2022-04-13T12:17:59+00:00\",\"description\":\"A\u00a0Arginina (ARG)\u00a0\u00e9 considerada um amino\u00e1cido\u00a0condicionalmente\u00a0essencial na dieta para algumas categorias de animais\",\"breadcrumb\":{\"@id\":\"https:\/\/socialagri.com\/agriFM\/pt-br\/podcast\/arginina-e-seus-precursores-como-aditivos-potencias-para-matrizes-suinas-durante-a-gestacao\/#breadcrumb\"},\"inLanguage\":\"pt-BR\",\"potentialAction\":[{\"@type\":\"ReadAction\",\"target\":[\"https:\/\/socialagri.com\/agriFM\/pt-br\/podcast\/arginina-e-seus-precursores-como-aditivos-potencias-para-matrizes-suinas-durante-a-gestacao\/\"]}]},{\"@type\":\"BreadcrumbList\",\"@id\":\"https:\/\/socialagri.com\/agriFM\/pt-br\/podcast\/arginina-e-seus-precursores-como-aditivos-potencias-para-matrizes-suinas-durante-a-gestacao\/#breadcrumb\",\"itemListElement\":[{\"@type\":\"ListItem\",\"position\":1,\"name\":\"Portada\",\"item\":\"https:\/\/socialagri.com\/agriFM\/pt-br\/\"},{\"@type\":\"ListItem\",\"position\":2,\"name\":\"Podcast\",\"item\":\"https:\/\/socialagri.com\/agriFM\/es\/podcast\/\"},{\"@type\":\"ListItem\",\"position\":3,\"name\":\"Arginina e seus precursores como aditivos potencias para matrizes su\u00ednas durante a gesta\u00e7\u00e3o\"}]},{\"@type\":\"WebSite\",\"@id\":\"https:\/\/socialagri.com\/agriFM\/#website\",\"url\":\"https:\/\/socialagri.com\/agriFM\/\",\"name\":\"agriFM\",\"description\":\"Otro sitio realizado con WordPress\",\"potentialAction\":[{\"@type\":\"SearchAction\",\"target\":{\"@type\":\"EntryPoint\",\"urlTemplate\":\"https:\/\/socialagri.com\/agriFM\/?s={search_term_string}\"},\"query-input\":\"required name=search_term_string\"}],\"inLanguage\":\"pt-BR\"}]}<\/script>\n<!-- \/ Yoast SEO plugin. -->","yoast_head_json":{"title":"Arginina e seus precursores como aditivos potencias para matrizes su\u00ednas durante a gesta\u00e7\u00e3o","description":"A\u00a0Arginina (ARG)\u00a0\u00e9 considerada um amino\u00e1cido\u00a0condicionalmente\u00a0essencial na dieta para algumas categorias de animais","robots":{"index":"index","follow":"follow","max-snippet":"max-snippet:-1","max-image-preview":"max-image-preview:large","max-video-preview":"max-video-preview:-1"},"canonical":"https:\/\/socialagri.com\/agriFM\/pt-br\/podcast\/arginina-e-seus-precursores-como-aditivos-potencias-para-matrizes-suinas-durante-a-gestacao\/","og_locale":"pt_BR","og_type":"article","og_title":"Arginina e seus precursores como aditivos potencias para matrizes su\u00ednas durante a gesta\u00e7\u00e3o","og_description":"A\u00a0Arginina (ARG)\u00a0\u00e9 considerada um amino\u00e1cido\u00a0condicionalmente\u00a0essencial na dieta para algumas categorias de animais","og_url":"https:\/\/socialagri.com\/agriFM\/pt-br\/podcast\/arginina-e-seus-precursores-como-aditivos-potencias-para-matrizes-suinas-durante-a-gestacao\/","og_site_name":"agriFM","twitter_card":"summary_large_image","twitter_misc":{"Est. tempo de leitura":"2 minutos"},"schema":{"@context":"https:\/\/schema.org","@graph":[{"@type":"WebPage","@id":"https:\/\/socialagri.com\/agriFM\/pt-br\/podcast\/arginina-e-seus-precursores-como-aditivos-potencias-para-matrizes-suinas-durante-a-gestacao\/","url":"https:\/\/socialagri.com\/agriFM\/pt-br\/podcast\/arginina-e-seus-precursores-como-aditivos-potencias-para-matrizes-suinas-durante-a-gestacao\/","name":"Arginina e seus precursores como aditivos potencias para matrizes su\u00ednas durante a gesta\u00e7\u00e3o","isPartOf":{"@id":"https:\/\/socialagri.com\/agriFM\/#website"},"datePublished":"2022-04-13T12:17:59+00:00","dateModified":"2022-04-13T12:17:59+00:00","description":"A\u00a0Arginina (ARG)\u00a0\u00e9 considerada um amino\u00e1cido\u00a0condicionalmente\u00a0essencial na dieta para algumas categorias de animais","breadcrumb":{"@id":"https:\/\/socialagri.com\/agriFM\/pt-br\/podcast\/arginina-e-seus-precursores-como-aditivos-potencias-para-matrizes-suinas-durante-a-gestacao\/#breadcrumb"},"inLanguage":"pt-BR","potentialAction":[{"@type":"ReadAction","target":["https:\/\/socialagri.com\/agriFM\/pt-br\/podcast\/arginina-e-seus-precursores-como-aditivos-potencias-para-matrizes-suinas-durante-a-gestacao\/"]}]},{"@type":"BreadcrumbList","@id":"https:\/\/socialagri.com\/agriFM\/pt-br\/podcast\/arginina-e-seus-precursores-como-aditivos-potencias-para-matrizes-suinas-durante-a-gestacao\/#breadcrumb","itemListElement":[{"@type":"ListItem","position":1,"name":"Portada","item":"https:\/\/socialagri.com\/agriFM\/pt-br\/"},{"@type":"ListItem","position":2,"name":"Podcast","item":"https:\/\/socialagri.com\/agriFM\/es\/podcast\/"},{"@type":"ListItem","position":3,"name":"Arginina e seus precursores como aditivos potencias para matrizes su\u00ednas durante a gesta\u00e7\u00e3o"}]},{"@type":"WebSite","@id":"https:\/\/socialagri.com\/agriFM\/#website","url":"https:\/\/socialagri.com\/agriFM\/","name":"agriFM","description":"Otro sitio realizado con WordPress","potentialAction":[{"@type":"SearchAction","target":{"@type":"EntryPoint","urlTemplate":"https:\/\/socialagri.com\/agriFM\/?s={search_term_string}"},"query-input":"required name=search_term_string"}],"inLanguage":"pt-BR"}]}},"canal_name":"SuinoBrasil","_links":{"self":[{"href":"https:\/\/socialagri.com\/agriFM\/pt-br\/wp-json\/wp\/v2\/podcast\/5950"}],"collection":[{"href":"https:\/\/socialagri.com\/agriFM\/pt-br\/wp-json\/wp\/v2\/podcast"}],"about":[{"href":"https:\/\/socialagri.com\/agriFM\/pt-br\/wp-json\/wp\/v2\/types\/podcast"}],"author":[{"embeddable":true,"href":"https:\/\/socialagri.com\/agriFM\/pt-br\/wp-json\/wp\/v2\/users\/2"}],"version-history":[{"count":4,"href":"https:\/\/socialagri.com\/agriFM\/pt-br\/wp-json\/wp\/v2\/podcast\/5950\/revisions"}],"predecessor-version":[{"id":6047,"href":"https:\/\/socialagri.com\/agriFM\/pt-br\/wp-json\/wp\/v2\/podcast\/5950\/revisions\/6047"}],"wp:attachment":[{"href":"https:\/\/socialagri.com\/agriFM\/pt-br\/wp-json\/wp\/v2\/media?parent=5950"}],"wp:term":[{"taxonomy":"category","embeddable":true,"href":"https:\/\/socialagri.com\/agriFM\/pt-br\/wp-json\/wp\/v2\/categories?post=5950"},{"taxonomy":"post_tag","embeddable":true,"href":"https:\/\/socialagri.com\/agriFM\/pt-br\/wp-json\/wp\/v2\/tags?post=5950"},{"taxonomy":"canales","embeddable":true,"href":"https:\/\/socialagri.com\/agriFM\/pt-br\/wp-json\/wp\/v2\/canales?post=5950"},{"taxonomy":"Idioma","embeddable":true,"href":"https:\/\/socialagri.com\/agriFM\/pt-br\/wp-json\/wp\/v2\/Idioma?post=5950"},{"taxonomy":"intereses","embeddable":true,"href":"https:\/\/socialagri.com\/agriFM\/pt-br\/wp-json\/wp\/v2\/intereses?post=5950"},{"taxonomy":"participantes","embeddable":true,"href":"https:\/\/socialagri.com\/agriFM\/pt-br\/wp-json\/wp\/v2\/participantes?post=5950"}],"curies":[{"name":"wp","href":"https:\/\/api.w.org\/{rel}","templated":true}]}}

Arginina e seus precursores como aditivos potencias para matrizes suínas durante a gestação

<ul>
 	<li>Arginina e seus precursores como aditivos potencias para matrizes suínas durante a gestação</li>
 	<li></li>
 	<li>Artigo de autoria do Professor Doutor César Augusto Pospissil Garbossa e das mestrandas Gabriela dos Santos Madella e Nádia de Almeida Ciriaco Gomes.</li>
 	<li></li>
 	<li>A fase de gestação requer um aporte maior de nutrientes, tanto para a matriz quanto para os fetos em desenvolvimento e, nesse sentido, a nutrição aminoacídica é primordial, influenciando positivamente a maturação dos principais sistemas (muscular, cardiovascular, digestório, respiratório e esquelético).</li>
 	<li></li>
 	<li>A Arginina (ARG) é considerada um aminoácido condicionalmente essencial na dieta para algumas categorias de animais pois está associada a importantes funções nos processos reprodutivos, como um bom desenvolvimento da placenta e dos fetos (Wu et al., 2013).</li>
 	<li></li>
 	<li>As exigências de aminoácidos aumentam progressivamente ao passar da gestação, pela maior retenção de nitrogênio nos fetos e estruturas relacionadas ao desenvolvimento da glândula mamária (WU, 1997).</li>
 	<li></li>
 	<li>A transferência placentária inadequada de aminoácidos é um fator que contribui com maior acometimento de crescimento intrauterino retardado (CIUR) em mamíferos (LIN et al., 2014). Essa característica acarreta alta morbidade e mortalidade perinatal, maior chance de doenças, pior desempenho produtivo, menor qualidade de carcaça e carne (ALVARENGA et al., 2013; WU et al., 2006).</li>
 	<li></li>
 	<li>Neste artigo você se atualiza sobre a ação da arginina e seus precursores como o N-Carbamoil Glutamato e L-Citrulina no organismo de matrizes suínas durante a gestação.</li>
 	<li></li>
 	<li>Para ler o artigo &#8220;<em>Arginina e seus precursores como aditivos potencias para matrizes suínas durante a gestação&#8221;</em>, clique <a href="https://suinobrasil.porcino.info/arginina-e-seus-precursores-como-aditivos-potencias-para-matrizes-suinas-durante-a-gestacao/" target="_blank" rel="noopener"><strong>AQUI</strong></a></li>
 	<li></li>
 	<li>Ouça também: &#8220;<a href="https://socialagri.com/agriFM/pt-br/podcast/restricoes-ao-uso-de-oxido-de-zinco-o-que-devemos-saber/">Restrições ao uso de óxido de zinco: o que devemos saber?</a>&#8220;</li>
</ul>

<!-- This site is optimized with the Yoast SEO plugin v22.9 - https://yoast.com/wordpress/plugins/seo/ -->
<title>Arginina e seus precursores como aditivos potencias para matrizes suínas durante a gestação</title>
<meta name="description" content="A Arginina (ARG) é considerada um aminoácido condicionalmente essencial na dieta para algumas categorias de animais" />
<meta name="robots" content="index, follow, max-snippet:-1, max-image-preview:large, max-video-preview:-1" />
<link rel="canonical" href="https://socialagri.com/agriFM/pt-br/podcast/arginina-e-seus-precursores-como-aditivos-potencias-para-matrizes-suinas-durante-a-gestacao/" />
<meta property="og:locale" content="pt_BR" />
<meta property="og:type" content="article" />
<meta property="og:title" content="Arginina e seus precursores como aditivos potencias para matrizes suínas durante a gestação" />
<meta property="og:description" content="A Arginina (ARG) é considerada um aminoácido condicionalmente essencial na dieta para algumas categorias de animais" />
<meta property="og:url" content="https://socialagri.com/agriFM/pt-br/podcast/arginina-e-seus-precursores-como-aditivos-potencias-para-matrizes-suinas-durante-a-gestacao/" />
<meta property="og:site_name" content="agriFM" />
<meta name="twitter:card" content="summary_large_image" />
<meta name="twitter:label1" content="Est. tempo de leitura" />
	<meta name="twitter:data1" content="2 minutos" />
<script type="application/ld+json" class="yoast-schema-graph">{"@context":"https://schema.org","@graph":[{"@type":"WebPage","@id":"https://socialagri.com/agriFM/pt-br/podcast/arginina-e-seus-precursores-como-aditivos-potencias-para-matrizes-suinas-durante-a-gestacao/","url":"https://socialagri.com/agriFM/pt-br/podcast/arginina-e-seus-precursores-como-aditivos-potencias-para-matrizes-suinas-durante-a-gestacao/","name":"Arginina e seus precursores como aditivos potencias para matrizes suínas durante a gestação","isPartOf":{"@id":"https://socialagri.com/agriFM/#website"},"datePublished":"2022-04-13T12:17:59+00:00","dateModified":"2022-04-13T12:17:59+00:00","description":"A Arginina (ARG) é considerada um aminoácido condicionalmente essencial na dieta para algumas categorias de animais","breadcrumb":{"@id":"https://socialagri.com/agriFM/pt-br/podcast/arginina-e-seus-precursores-como-aditivos-potencias-para-matrizes-suinas-durante-a-gestacao/#breadcrumb"},"inLanguage":"pt-BR","potentialAction":[{"@type":"ReadAction","target":["https://socialagri.com/agriFM/pt-br/podcast/arginina-e-seus-precursores-como-aditivos-potencias-para-matrizes-suinas-durante-a-gestacao/"]}]},{"@type":"BreadcrumbList","@id":"https://socialagri.com/agriFM/pt-br/podcast/arginina-e-seus-precursores-como-aditivos-potencias-para-matrizes-suinas-durante-a-gestacao/#breadcrumb","itemListElement":[{"@type":"ListItem","position":1,"name":"Portada","item":"https://socialagri.com/agriFM/pt-br/"},{"@type":"ListItem","position":2,"name":"Podcast","item":"https://socialagri.com/agriFM/es/podcast/"},{"@type":"ListItem","position":3,"name":"Arginina e seus precursores como aditivos potencias para matrizes suínas durante a gestação"}]},{"@type":"WebSite","@id":"https://socialagri.com/agriFM/#website","url":"https://socialagri.com/agriFM/","name":"agriFM","description":"Otro sitio realizado con WordPress","potentialAction":[{"@type":"SearchAction","target":{"@type":"EntryPoint","urlTemplate":"https://socialagri.com/agriFM/?s={search_term_string}"},"query-input":"required name=search_term_string"}],"inLanguage":"pt-BR"}]}</script>
<!-- / Yoast SEO plugin. -->

A Arginina (ARG) é considerada um aminoácido condicionalmente essencial na dieta para algumas categorias de animais
