{"id":5834,"date":"2022-04-07T12:54:30","date_gmt":"2022-04-07T11:54:30","guid":{"rendered":"https:\/\/socialagri.com\/agriFM\/?post_type=podcast&#038;p=5834"},"modified":"2022-04-07T12:54:30","modified_gmt":"2022-04-07T11:54:30","slug":"restricoes-ao-uso-de-oxido-de-zinco-o-que-devemos-saber","status":"publish","type":"podcast","link":"https:\/\/socialagri.com\/agriFM\/pt-br\/podcast\/restricoes-ao-uso-de-oxido-de-zinco-o-que-devemos-saber\/","title":{"rendered":"Restri\u00e7\u00f5es ao uso de \u00f3xido de zinco: o que devemos saber?"},"content":{"rendered":"<ul>\r\n \t<li>Restri\u00e7\u00f5es ao uso de \u00f3xido de zinco: o que devemos saber?<\/li>\r\n \t<li><\/li>\r\n \t<li>Dentro da cadeia de produ\u00e7\u00e3o su\u00edna, o per\u00edodo do desmame \u00e9 uma das fases mais cr\u00edticas e determinantes para o desenvolvimento animal.<\/li>\r\n \t<li><\/li>\r\n \t<li>Dentre alguns dos desafios enfrentados no per\u00edodo p\u00f3s-desmame, podemos citar mudan\u00e7as nutricionais, ambientais, hier\u00e1rquicas e fisiol\u00f3gicas.<\/li>\r\n \t<li><\/li>\r\n \t<li>Al\u00e9m disso tamb\u00e9m est\u00e3o interligadas com aparecimento e progress\u00e3o da diarreia p\u00f3s-desmame, que por sua vez \u00e9 um dos principais problemas para a suinocultura, podendo levar \u00e0 desidrata\u00e7\u00e3o severa e retardo no crescimento dos animais.<\/li>\r\n \t<li><\/li>\r\n \t<li>Dentre as solu\u00e7\u00f5es para esse problema, uma alternativa vi\u00e1vel foi o in\u00edcio da suplementa\u00e7\u00e3o de \u00f3xido de zinco (ZnO), que \u00e9 um composto mineral inorg\u00e2nico que passou a ser utilizado na produ\u00e7\u00e3o su\u00edna desde o in\u00edcio da d\u00e9cada de 90, mostrando excelentes resultados na preven\u00e7\u00e3o da diarreia p\u00f3s-desmame, al\u00e9m de aumentar as taxas de crescimento dos animais.<\/li>\r\n \t<li><\/li>\r\n \t<li>Na produ\u00e7\u00e3o su\u00edna, principalmente nas dietas de creche, o uso de ZnO tem sido amplamente utilizado de forma preventiva, por\u00e9m, em doses terap\u00eauticas, em torno de 1500 a 3000 ppm.<\/li>\r\n \t<li><\/li>\r\n \t<li><strong>Seu uso foi intensificado ap\u00f3s as primeiras ocorr\u00eancias de infec\u00e7\u00e3o pelo PCV-2 no Brasil no in\u00edcio dos anos 2000, bem como tamb\u00e9m ap\u00f3s as restri\u00e7\u00f5es mais severas na utiliza\u00e7\u00e3o de antimicrobianos promotores de crescimento.<\/strong><\/li>\r\n \t<li><\/li>\r\n \t<li>Para ler o artigo &#8220;<em>Restri\u00e7\u00f5es ao uso de \u00f3xido de zinco: o que devemos saber?&#8221;<\/em>, clique <a href=\"https:\/\/suinobrasil.porcino.info\/restricoes-ao-uso-de-oxido-de-zinco-o-que-devemos-saber\/\" target=\"_blank\" rel=\"noopener\"><strong>AQUI<\/strong><\/a><\/li>\r\n \t<li><\/li>\r\n \t<li>Ou\u00e7a tamb\u00e9m: &#8220;<a href=\"https:\/\/socialagri.com\/agriFM\/pt-br\/podcast\/nutricao-e-ambiencia-no-verao-quais-estrategias-utilizar\/\">Nutri\u00e7\u00e3o e Ambi\u00eancia no ver\u00e3o: quais estrat\u00e9gias utilizar?<\/a>&#8220;<\/li>\r\n \t<li><\/li>\r\n<\/ul>\r\n&nbsp;","protected":false},"author":2,"featured_media":0,"parent":0,"menu_order":0,"template":"","meta":{"_acf_changed":false,"footnotes":""},"categories":[129],"tags":[],"canales":[211],"Idioma":[13],"intereses":[324],"participantes":[],"acf":{"link_podcast1":"https:\/\/images.socialagri.com\/agriFM\/wp-content\/uploads\/2022\/04\/07125225\/PODCAST-Zinco.mp3","imagen_podcast1":"https:\/\/images.socialagri.com\/agriFM\/wp-content\/uploads\/2022\/04\/04203816\/capa-zinco.png"},"yoast_head":"<!-- This site is optimized with the Yoast SEO plugin v22.9 - https:\/\/yoast.com\/wordpress\/plugins\/seo\/ -->\n<title>Restri\u00e7\u00f5es ao uso de \u00f3xido de zinco: o que devemos saber? - agriFM<\/title>\n<meta name=\"description\" content=\"A suplementa\u00e7\u00e3o de \u00f3xido de zinco (ZnO), composto mineral inorg\u00e2nico, \u00e9 utilizada desde a d\u00e9cada de 90, por\u00e9m \u00e9 preciso aten\u00e7\u00e3o com seu uso!\" \/>\n<meta name=\"robots\" content=\"index, follow, max-snippet:-1, max-image-preview:large, max-video-preview:-1\" \/>\n<link rel=\"canonical\" href=\"https:\/\/socialagri.com\/agriFM\/pt-br\/podcast\/restricoes-ao-uso-de-oxido-de-zinco-o-que-devemos-saber\/\" \/>\n<meta property=\"og:locale\" content=\"pt_BR\" \/>\n<meta property=\"og:type\" content=\"article\" \/>\n<meta property=\"og:title\" content=\"Restri\u00e7\u00f5es ao uso de \u00f3xido de zinco: o que devemos saber? - agriFM\" \/>\n<meta property=\"og:description\" content=\"A suplementa\u00e7\u00e3o de \u00f3xido de zinco (ZnO), composto mineral inorg\u00e2nico, \u00e9 utilizada desde a d\u00e9cada de 90, por\u00e9m \u00e9 preciso aten\u00e7\u00e3o com seu uso!\" \/>\n<meta property=\"og:url\" content=\"https:\/\/socialagri.com\/agriFM\/pt-br\/podcast\/restricoes-ao-uso-de-oxido-de-zinco-o-que-devemos-saber\/\" \/>\n<meta property=\"og:site_name\" content=\"agriFM\" \/>\n<meta name=\"twitter:card\" content=\"summary_large_image\" \/>\n<meta name=\"twitter:label1\" content=\"Est. tempo de leitura\" \/>\n\t<meta name=\"twitter:data1\" content=\"2 minutos\" \/>\n<script type=\"application\/ld+json\" class=\"yoast-schema-graph\">{\"@context\":\"https:\/\/schema.org\",\"@graph\":[{\"@type\":\"WebPage\",\"@id\":\"https:\/\/socialagri.com\/agriFM\/pt-br\/podcast\/restricoes-ao-uso-de-oxido-de-zinco-o-que-devemos-saber\/\",\"url\":\"https:\/\/socialagri.com\/agriFM\/pt-br\/podcast\/restricoes-ao-uso-de-oxido-de-zinco-o-que-devemos-saber\/\",\"name\":\"Restri\u00e7\u00f5es ao uso de \u00f3xido de zinco: o que devemos saber? - agriFM\",\"isPartOf\":{\"@id\":\"https:\/\/socialagri.com\/agriFM\/#website\"},\"datePublished\":\"2022-04-07T11:54:30+00:00\",\"dateModified\":\"2022-04-07T11:54:30+00:00\",\"description\":\"A suplementa\u00e7\u00e3o de \u00f3xido de zinco (ZnO), composto mineral inorg\u00e2nico, \u00e9 utilizada desde a d\u00e9cada de 90, por\u00e9m \u00e9 preciso aten\u00e7\u00e3o com seu uso!\",\"breadcrumb\":{\"@id\":\"https:\/\/socialagri.com\/agriFM\/pt-br\/podcast\/restricoes-ao-uso-de-oxido-de-zinco-o-que-devemos-saber\/#breadcrumb\"},\"inLanguage\":\"pt-BR\",\"potentialAction\":[{\"@type\":\"ReadAction\",\"target\":[\"https:\/\/socialagri.com\/agriFM\/pt-br\/podcast\/restricoes-ao-uso-de-oxido-de-zinco-o-que-devemos-saber\/\"]}]},{\"@type\":\"BreadcrumbList\",\"@id\":\"https:\/\/socialagri.com\/agriFM\/pt-br\/podcast\/restricoes-ao-uso-de-oxido-de-zinco-o-que-devemos-saber\/#breadcrumb\",\"itemListElement\":[{\"@type\":\"ListItem\",\"position\":1,\"name\":\"Portada\",\"item\":\"https:\/\/socialagri.com\/agriFM\/pt-br\/\"},{\"@type\":\"ListItem\",\"position\":2,\"name\":\"Podcast\",\"item\":\"https:\/\/socialagri.com\/agriFM\/es\/podcast\/\"},{\"@type\":\"ListItem\",\"position\":3,\"name\":\"Restri\u00e7\u00f5es ao uso de \u00f3xido de zinco: o que devemos saber?\"}]},{\"@type\":\"WebSite\",\"@id\":\"https:\/\/socialagri.com\/agriFM\/#website\",\"url\":\"https:\/\/socialagri.com\/agriFM\/\",\"name\":\"agriFM\",\"description\":\"Otro sitio realizado con WordPress\",\"potentialAction\":[{\"@type\":\"SearchAction\",\"target\":{\"@type\":\"EntryPoint\",\"urlTemplate\":\"https:\/\/socialagri.com\/agriFM\/?s={search_term_string}\"},\"query-input\":\"required name=search_term_string\"}],\"inLanguage\":\"pt-BR\"}]}<\/script>\n<!-- \/ Yoast SEO plugin. -->","yoast_head_json":{"title":"Restri\u00e7\u00f5es ao uso de \u00f3xido de zinco: o que devemos saber? - agriFM","description":"A suplementa\u00e7\u00e3o de \u00f3xido de zinco (ZnO), composto mineral inorg\u00e2nico, \u00e9 utilizada desde a d\u00e9cada de 90, por\u00e9m \u00e9 preciso aten\u00e7\u00e3o com seu uso!","robots":{"index":"index","follow":"follow","max-snippet":"max-snippet:-1","max-image-preview":"max-image-preview:large","max-video-preview":"max-video-preview:-1"},"canonical":"https:\/\/socialagri.com\/agriFM\/pt-br\/podcast\/restricoes-ao-uso-de-oxido-de-zinco-o-que-devemos-saber\/","og_locale":"pt_BR","og_type":"article","og_title":"Restri\u00e7\u00f5es ao uso de \u00f3xido de zinco: o que devemos saber? - agriFM","og_description":"A suplementa\u00e7\u00e3o de \u00f3xido de zinco (ZnO), composto mineral inorg\u00e2nico, \u00e9 utilizada desde a d\u00e9cada de 90, por\u00e9m \u00e9 preciso aten\u00e7\u00e3o com seu uso!","og_url":"https:\/\/socialagri.com\/agriFM\/pt-br\/podcast\/restricoes-ao-uso-de-oxido-de-zinco-o-que-devemos-saber\/","og_site_name":"agriFM","twitter_card":"summary_large_image","twitter_misc":{"Est. tempo de leitura":"2 minutos"},"schema":{"@context":"https:\/\/schema.org","@graph":[{"@type":"WebPage","@id":"https:\/\/socialagri.com\/agriFM\/pt-br\/podcast\/restricoes-ao-uso-de-oxido-de-zinco-o-que-devemos-saber\/","url":"https:\/\/socialagri.com\/agriFM\/pt-br\/podcast\/restricoes-ao-uso-de-oxido-de-zinco-o-que-devemos-saber\/","name":"Restri\u00e7\u00f5es ao uso de \u00f3xido de zinco: o que devemos saber? - agriFM","isPartOf":{"@id":"https:\/\/socialagri.com\/agriFM\/#website"},"datePublished":"2022-04-07T11:54:30+00:00","dateModified":"2022-04-07T11:54:30+00:00","description":"A suplementa\u00e7\u00e3o de \u00f3xido de zinco (ZnO), composto mineral inorg\u00e2nico, \u00e9 utilizada desde a d\u00e9cada de 90, por\u00e9m \u00e9 preciso aten\u00e7\u00e3o com seu uso!","breadcrumb":{"@id":"https:\/\/socialagri.com\/agriFM\/pt-br\/podcast\/restricoes-ao-uso-de-oxido-de-zinco-o-que-devemos-saber\/#breadcrumb"},"inLanguage":"pt-BR","potentialAction":[{"@type":"ReadAction","target":["https:\/\/socialagri.com\/agriFM\/pt-br\/podcast\/restricoes-ao-uso-de-oxido-de-zinco-o-que-devemos-saber\/"]}]},{"@type":"BreadcrumbList","@id":"https:\/\/socialagri.com\/agriFM\/pt-br\/podcast\/restricoes-ao-uso-de-oxido-de-zinco-o-que-devemos-saber\/#breadcrumb","itemListElement":[{"@type":"ListItem","position":1,"name":"Portada","item":"https:\/\/socialagri.com\/agriFM\/pt-br\/"},{"@type":"ListItem","position":2,"name":"Podcast","item":"https:\/\/socialagri.com\/agriFM\/es\/podcast\/"},{"@type":"ListItem","position":3,"name":"Restri\u00e7\u00f5es ao uso de \u00f3xido de zinco: o que devemos saber?"}]},{"@type":"WebSite","@id":"https:\/\/socialagri.com\/agriFM\/#website","url":"https:\/\/socialagri.com\/agriFM\/","name":"agriFM","description":"Otro sitio realizado con WordPress","potentialAction":[{"@type":"SearchAction","target":{"@type":"EntryPoint","urlTemplate":"https:\/\/socialagri.com\/agriFM\/?s={search_term_string}"},"query-input":"required name=search_term_string"}],"inLanguage":"pt-BR"}]}},"canal_name":"SuinoBrasil","_links":{"self":[{"href":"https:\/\/socialagri.com\/agriFM\/pt-br\/wp-json\/wp\/v2\/podcast\/5834"}],"collection":[{"href":"https:\/\/socialagri.com\/agriFM\/pt-br\/wp-json\/wp\/v2\/podcast"}],"about":[{"href":"https:\/\/socialagri.com\/agriFM\/pt-br\/wp-json\/wp\/v2\/types\/podcast"}],"author":[{"embeddable":true,"href":"https:\/\/socialagri.com\/agriFM\/pt-br\/wp-json\/wp\/v2\/users\/2"}],"version-history":[{"count":5,"href":"https:\/\/socialagri.com\/agriFM\/pt-br\/wp-json\/wp\/v2\/podcast\/5834\/revisions"}],"predecessor-version":[{"id":5954,"href":"https:\/\/socialagri.com\/agriFM\/pt-br\/wp-json\/wp\/v2\/podcast\/5834\/revisions\/5954"}],"wp:attachment":[{"href":"https:\/\/socialagri.com\/agriFM\/pt-br\/wp-json\/wp\/v2\/media?parent=5834"}],"wp:term":[{"taxonomy":"category","embeddable":true,"href":"https:\/\/socialagri.com\/agriFM\/pt-br\/wp-json\/wp\/v2\/categories?post=5834"},{"taxonomy":"post_tag","embeddable":true,"href":"https:\/\/socialagri.com\/agriFM\/pt-br\/wp-json\/wp\/v2\/tags?post=5834"},{"taxonomy":"canales","embeddable":true,"href":"https:\/\/socialagri.com\/agriFM\/pt-br\/wp-json\/wp\/v2\/canales?post=5834"},{"taxonomy":"Idioma","embeddable":true,"href":"https:\/\/socialagri.com\/agriFM\/pt-br\/wp-json\/wp\/v2\/Idioma?post=5834"},{"taxonomy":"intereses","embeddable":true,"href":"https:\/\/socialagri.com\/agriFM\/pt-br\/wp-json\/wp\/v2\/intereses?post=5834"},{"taxonomy":"participantes","embeddable":true,"href":"https:\/\/socialagri.com\/agriFM\/pt-br\/wp-json\/wp\/v2\/participantes?post=5834"}],"curies":[{"name":"wp","href":"https:\/\/api.w.org\/{rel}","templated":true}]}}

Restrições ao uso de óxido de zinco: o que devemos saber?

<ul>
 	<li>Restrições ao uso de óxido de zinco: o que devemos saber?</li>
 	<li></li>
 	<li>Dentro da cadeia de produção suína, o período do desmame é uma das fases mais críticas e determinantes para o desenvolvimento animal.</li>
 	<li></li>
 	<li>Dentre alguns dos desafios enfrentados no período pós-desmame, podemos citar mudanças nutricionais, ambientais, hierárquicas e fisiológicas.</li>
 	<li></li>
 	<li>Além disso também estão interligadas com aparecimento e progressão da diarreia pós-desmame, que por sua vez é um dos principais problemas para a suinocultura, podendo levar à desidratação severa e retardo no crescimento dos animais.</li>
 	<li></li>
 	<li>Dentre as soluções para esse problema, uma alternativa viável foi o início da suplementação de óxido de zinco (ZnO), que é um composto mineral inorgânico que passou a ser utilizado na produção suína desde o início da década de 90, mostrando excelentes resultados na prevenção da diarreia pós-desmame, além de aumentar as taxas de crescimento dos animais.</li>
 	<li></li>
 	<li>Na produção suína, principalmente nas dietas de creche, o uso de ZnO tem sido amplamente utilizado de forma preventiva, porém, em doses terapêuticas, em torno de 1500 a 3000 ppm.</li>
 	<li></li>
 	<li><strong>Seu uso foi intensificado após as primeiras ocorrências de infecção pelo PCV-2 no Brasil no início dos anos 2000, bem como também após as restrições mais severas na utilização de antimicrobianos promotores de crescimento.</strong></li>
 	<li></li>
 	<li>Para ler o artigo &#8220;<em>Restrições ao uso de óxido de zinco: o que devemos saber?&#8221;</em>, clique <a href="https://suinobrasil.porcino.info/restricoes-ao-uso-de-oxido-de-zinco-o-que-devemos-saber/" target="_blank" rel="noopener"><strong>AQUI</strong></a></li>
 	<li></li>
 	<li>Ouça também: &#8220;<a href="https://socialagri.com/agriFM/pt-br/podcast/nutricao-e-ambiencia-no-verao-quais-estrategias-utilizar/">Nutrição e Ambiência no verão: quais estratégias utilizar?</a>&#8220;</li>
 	<li></li>
</ul>
&nbsp;

<!-- This site is optimized with the Yoast SEO plugin v22.9 - https://yoast.com/wordpress/plugins/seo/ -->
<title>Restrições ao uso de óxido de zinco: o que devemos saber? - agriFM</title>
<meta name="description" content="A suplementação de óxido de zinco (ZnO), composto mineral inorgânico, é utilizada desde a década de 90, porém é preciso atenção com seu uso!" />
<meta name="robots" content="index, follow, max-snippet:-1, max-image-preview:large, max-video-preview:-1" />
<link rel="canonical" href="https://socialagri.com/agriFM/pt-br/podcast/restricoes-ao-uso-de-oxido-de-zinco-o-que-devemos-saber/" />
<meta property="og:locale" content="pt_BR" />
<meta property="og:type" content="article" />
<meta property="og:title" content="Restrições ao uso de óxido de zinco: o que devemos saber? - agriFM" />
<meta property="og:description" content="A suplementação de óxido de zinco (ZnO), composto mineral inorgânico, é utilizada desde a década de 90, porém é preciso atenção com seu uso!" />
<meta property="og:url" content="https://socialagri.com/agriFM/pt-br/podcast/restricoes-ao-uso-de-oxido-de-zinco-o-que-devemos-saber/" />
<meta property="og:site_name" content="agriFM" />
<meta name="twitter:card" content="summary_large_image" />
<meta name="twitter:label1" content="Est. tempo de leitura" />
	<meta name="twitter:data1" content="2 minutos" />
<script type="application/ld+json" class="yoast-schema-graph">{"@context":"https://schema.org","@graph":[{"@type":"WebPage","@id":"https://socialagri.com/agriFM/pt-br/podcast/restricoes-ao-uso-de-oxido-de-zinco-o-que-devemos-saber/","url":"https://socialagri.com/agriFM/pt-br/podcast/restricoes-ao-uso-de-oxido-de-zinco-o-que-devemos-saber/","name":"Restrições ao uso de óxido de zinco: o que devemos saber? - agriFM","isPartOf":{"@id":"https://socialagri.com/agriFM/#website"},"datePublished":"2022-04-07T11:54:30+00:00","dateModified":"2022-04-07T11:54:30+00:00","description":"A suplementação de óxido de zinco (ZnO), composto mineral inorgânico, é utilizada desde a década de 90, porém é preciso atenção com seu uso!","breadcrumb":{"@id":"https://socialagri.com/agriFM/pt-br/podcast/restricoes-ao-uso-de-oxido-de-zinco-o-que-devemos-saber/#breadcrumb"},"inLanguage":"pt-BR","potentialAction":[{"@type":"ReadAction","target":["https://socialagri.com/agriFM/pt-br/podcast/restricoes-ao-uso-de-oxido-de-zinco-o-que-devemos-saber/"]}]},{"@type":"BreadcrumbList","@id":"https://socialagri.com/agriFM/pt-br/podcast/restricoes-ao-uso-de-oxido-de-zinco-o-que-devemos-saber/#breadcrumb","itemListElement":[{"@type":"ListItem","position":1,"name":"Portada","item":"https://socialagri.com/agriFM/pt-br/"},{"@type":"ListItem","position":2,"name":"Podcast","item":"https://socialagri.com/agriFM/es/podcast/"},{"@type":"ListItem","position":3,"name":"Restrições ao uso de óxido de zinco: o que devemos saber?"}]},{"@type":"WebSite","@id":"https://socialagri.com/agriFM/#website","url":"https://socialagri.com/agriFM/","name":"agriFM","description":"Otro sitio realizado con WordPress","potentialAction":[{"@type":"SearchAction","target":{"@type":"EntryPoint","urlTemplate":"https://socialagri.com/agriFM/?s={search_term_string}"},"query-input":"required name=search_term_string"}],"inLanguage":"pt-BR"}]}</script>
<!-- / Yoast SEO plugin. -->

Restrições ao uso de óxido de zinco: o que devemos saber? - agriFM

A suplementação de óxido de zinco (ZnO), composto mineral inorgânico, é utilizada desde a década de 90, porém é preciso atenção com seu uso!
