{"id":5435,"date":"2022-03-09T08:00:13","date_gmt":"2022-03-09T07:00:13","guid":{"rendered":"https:\/\/socialagri.com\/agriFM\/?post_type=podcast&#038;p=5435"},"modified":"2022-05-02T22:00:52","modified_gmt":"2022-05-02T21:00:52","slug":"aminoacidos-funcionais-e-a-sua-correlacao-com-o-sistema-imune","status":"publish","type":"podcast","link":"https:\/\/socialagri.com\/agriFM\/pt-br\/podcast\/aminoacidos-funcionais-e-a-sua-correlacao-com-o-sistema-imune\/","title":{"rendered":"Amino\u00e1cidos funcionais e a sua correla\u00e7\u00e3o com o sistema imune"},"content":{"rendered":"<ul>\r\n \t<li><em>Amino\u00e1cidos funcionais e a sua correla\u00e7\u00e3o com o sistema imune<\/em><\/li>\r\n \t<li><\/li>\r\n \t<li>A demanda por produtos de origem animal \u00e9 impulsionada pelo crescimento demogr\u00e1fico e melhoria da renda da popula\u00e7\u00e3o. Estima-se que at\u00e9 2030 a popula\u00e7\u00e3o e o consumo mundial de carne su\u00edna per capita ir\u00e3o aumentar em torno de 1,2% (FAO, 2020; OECD, 2021). Nesse cen\u00e1rio de expans\u00e3o, a intensifica\u00e7\u00e3o da produ\u00e7\u00e3o animal, associada \u00e0s condi\u00e7\u00f5es clim\u00e1ticas (Fraga et al., 2019), densidade de alojamento (Almeida et al., 2020) e o grau de higiene das instala\u00e7\u00f5es (Chatelet et al., 2018), constantemente exp\u00f5e os animais a diferentes condi\u00e7\u00f5es de desafio sanit\u00e1rio.<\/li>\r\n \t<li><\/li>\r\n<\/ul>\r\n<div class=\"destacado\">\r\n<ul>\r\n \t<li>As altas temperaturas e umidade relativa geralmente observadas em regi\u00f5es tropicais e subtropicais, favorecem a prolifera\u00e7\u00e3o e dissemina\u00e7\u00e3o de vetores e\/ou pat\u00f3genos, resultando em maior press\u00e3o patog\u00eanica no ambiente (Campos et al., 2017).<\/li>\r\n \t<li><\/li>\r\n \t<li>Adicionalmente, existe uma crescente demanda para reduzir a utiliza\u00e7\u00e3o de medicamentos de forma a permitir o desenvolvimento de sistemas sustent\u00e1veis de produ\u00e7\u00e3o animal.<\/li>\r\n \t<li><\/li>\r\n \t<li>O uso de antibi\u00f3ticos, por exemplo, foi associado a uma maior press\u00e3o de sele\u00e7\u00e3o de bact\u00e9rias resistentes com s\u00e9rios riscos para a sa\u00fade humana e animal (Pakpour et al., 2012) levando alguns pa\u00edses a proibirem seu uso como promotores de crescimento na ra\u00e7\u00e3o.<\/li>\r\n \t<li><\/li>\r\n \t<li>Neste contexto, pressup\u00f5e-se que os animais de produ\u00e7\u00e3o estar\u00e3o cada vez mais expostos aos desafio sanit\u00e1rios.<\/li>\r\n \t<li><\/li>\r\n \t<li>Este artigo abordar\u00e1 os seguintes temas:\r\n<ul>\r\n \t<li>Respostas metab\u00f3licas e fisiol\u00f3gicas de su\u00ednos em condi\u00e7\u00f5es de desafio sanit\u00e1rio<\/li>\r\n<\/ul>\r\n<ul>\r\n \t<li>Potencial uso de estrat\u00e9gias nutricionais para su\u00ednos em diferentes condi\u00e7\u00f5es de desafio<\/li>\r\n<\/ul>\r\n<ul>\r\n \t<li>Perspectivas futuras<\/li>\r\n<\/ul>\r\n<\/li>\r\n \t<li><\/li>\r\n \t<li>Para ler o artigo &#8220;<em>Amino\u00e1cidos funcionais e a sua correla\u00e7\u00e3o com o sistema imune&#8221;<\/em>, clique <a href=\"https:\/\/suinobrasil.porcino.info\/aminoacidos-funcionais-e-a-sua-correlacao-com-o-sistema-imune\/\" target=\"_blank\" rel=\"noopener\"><strong>AQUI<\/strong><\/a><\/li>\r\n \t<li><\/li>\r\n \t<li>Ou\u00e7a tamb\u00e9m: &#8220;<a href=\"https:\/\/socialagri.com\/agriFM\/pt-br\/podcast\/qualidade-da-agua-na-suinocultura\/\" target=\"_blank\" rel=\"noopener\">Qualidade da \u00e1gua na suinocultura<\/a>&#8220;<\/li>\r\n \t<li><\/li>\r\n<\/ul>\r\n<\/div>","protected":false},"author":2,"featured_media":0,"parent":0,"menu_order":0,"template":"","meta":{"_acf_changed":false,"footnotes":""},"categories":[129],"tags":[],"canales":[211],"Idioma":[13],"intereses":[324],"participantes":[],"acf":{"link_podcast1":"https:\/\/images.socialagri.com\/agriFM\/wp-content\/uploads\/2022\/02\/28141044\/PODCAST-Aminoacidos.mp3","imagen_podcast1":"https:\/\/images.socialagri.com\/agriFM\/wp-content\/uploads\/2022\/02\/28141034\/Capa-de-PODCAST.png"},"yoast_head":"<!-- This site is optimized with the Yoast SEO plugin v22.9 - https:\/\/yoast.com\/wordpress\/plugins\/seo\/ -->\n<title>Amino\u00e1cidos funcionais e a sua correla\u00e7\u00e3o com o sistema imune - agriFM<\/title>\n<meta name=\"description\" content=\"Neste epis\u00f3dio do su\u00ednoBrasil, voc\u00ea tem acesso ao artigo: &quot;Amino\u00e1cidos funcionais e a sua correla\u00e7\u00e3o com o sistema imune&quot;.\" \/>\n<meta name=\"robots\" content=\"index, follow, max-snippet:-1, max-image-preview:large, max-video-preview:-1\" \/>\n<link rel=\"canonical\" href=\"https:\/\/socialagri.com\/agriFM\/pt-br\/podcast\/aminoacidos-funcionais-e-a-sua-correlacao-com-o-sistema-imune\/\" \/>\n<meta property=\"og:locale\" content=\"pt_BR\" \/>\n<meta property=\"og:type\" content=\"article\" \/>\n<meta property=\"og:title\" content=\"Amino\u00e1cidos funcionais e a sua correla\u00e7\u00e3o com o sistema imune - agriFM\" \/>\n<meta property=\"og:description\" content=\"Neste epis\u00f3dio do su\u00ednoBrasil, voc\u00ea tem acesso ao artigo: &quot;Amino\u00e1cidos funcionais e a sua correla\u00e7\u00e3o com o sistema imune&quot;.\" \/>\n<meta property=\"og:url\" content=\"https:\/\/socialagri.com\/agriFM\/pt-br\/podcast\/aminoacidos-funcionais-e-a-sua-correlacao-com-o-sistema-imune\/\" \/>\n<meta property=\"og:site_name\" content=\"agriFM\" \/>\n<meta property=\"article:modified_time\" content=\"2022-05-02T21:00:52+00:00\" \/>\n<meta name=\"twitter:card\" content=\"summary_large_image\" \/>\n<meta name=\"twitter:label1\" content=\"Est. tempo de leitura\" \/>\n\t<meta name=\"twitter:data1\" content=\"2 minutos\" \/>\n<script type=\"application\/ld+json\" class=\"yoast-schema-graph\">{\"@context\":\"https:\/\/schema.org\",\"@graph\":[{\"@type\":\"WebPage\",\"@id\":\"https:\/\/socialagri.com\/agriFM\/pt-br\/podcast\/aminoacidos-funcionais-e-a-sua-correlacao-com-o-sistema-imune\/\",\"url\":\"https:\/\/socialagri.com\/agriFM\/pt-br\/podcast\/aminoacidos-funcionais-e-a-sua-correlacao-com-o-sistema-imune\/\",\"name\":\"Amino\u00e1cidos funcionais e a sua correla\u00e7\u00e3o com o sistema imune - agriFM\",\"isPartOf\":{\"@id\":\"https:\/\/socialagri.com\/agriFM\/#website\"},\"datePublished\":\"2022-03-09T07:00:13+00:00\",\"dateModified\":\"2022-05-02T21:00:52+00:00\",\"description\":\"Neste epis\u00f3dio do su\u00ednoBrasil, voc\u00ea tem acesso ao artigo: \\\"Amino\u00e1cidos funcionais e a sua correla\u00e7\u00e3o com o sistema imune\\\".\",\"breadcrumb\":{\"@id\":\"https:\/\/socialagri.com\/agriFM\/pt-br\/podcast\/aminoacidos-funcionais-e-a-sua-correlacao-com-o-sistema-imune\/#breadcrumb\"},\"inLanguage\":\"pt-BR\",\"potentialAction\":[{\"@type\":\"ReadAction\",\"target\":[\"https:\/\/socialagri.com\/agriFM\/pt-br\/podcast\/aminoacidos-funcionais-e-a-sua-correlacao-com-o-sistema-imune\/\"]}]},{\"@type\":\"BreadcrumbList\",\"@id\":\"https:\/\/socialagri.com\/agriFM\/pt-br\/podcast\/aminoacidos-funcionais-e-a-sua-correlacao-com-o-sistema-imune\/#breadcrumb\",\"itemListElement\":[{\"@type\":\"ListItem\",\"position\":1,\"name\":\"Portada\",\"item\":\"https:\/\/socialagri.com\/agriFM\/pt-br\/\"},{\"@type\":\"ListItem\",\"position\":2,\"name\":\"Podcast\",\"item\":\"https:\/\/socialagri.com\/agriFM\/es\/podcast\/\"},{\"@type\":\"ListItem\",\"position\":3,\"name\":\"Amino\u00e1cidos funcionais e a sua correla\u00e7\u00e3o com o sistema imune\"}]},{\"@type\":\"WebSite\",\"@id\":\"https:\/\/socialagri.com\/agriFM\/#website\",\"url\":\"https:\/\/socialagri.com\/agriFM\/\",\"name\":\"agriFM\",\"description\":\"Otro sitio realizado con WordPress\",\"potentialAction\":[{\"@type\":\"SearchAction\",\"target\":{\"@type\":\"EntryPoint\",\"urlTemplate\":\"https:\/\/socialagri.com\/agriFM\/?s={search_term_string}\"},\"query-input\":\"required name=search_term_string\"}],\"inLanguage\":\"pt-BR\"}]}<\/script>\n<!-- \/ Yoast SEO plugin. -->","yoast_head_json":{"title":"Amino\u00e1cidos funcionais e a sua correla\u00e7\u00e3o com o sistema imune - agriFM","description":"Neste epis\u00f3dio do su\u00ednoBrasil, voc\u00ea tem acesso ao artigo: \"Amino\u00e1cidos funcionais e a sua correla\u00e7\u00e3o com o sistema imune\".","robots":{"index":"index","follow":"follow","max-snippet":"max-snippet:-1","max-image-preview":"max-image-preview:large","max-video-preview":"max-video-preview:-1"},"canonical":"https:\/\/socialagri.com\/agriFM\/pt-br\/podcast\/aminoacidos-funcionais-e-a-sua-correlacao-com-o-sistema-imune\/","og_locale":"pt_BR","og_type":"article","og_title":"Amino\u00e1cidos funcionais e a sua correla\u00e7\u00e3o com o sistema imune - agriFM","og_description":"Neste epis\u00f3dio do su\u00ednoBrasil, voc\u00ea tem acesso ao artigo: \"Amino\u00e1cidos funcionais e a sua correla\u00e7\u00e3o com o sistema imune\".","og_url":"https:\/\/socialagri.com\/agriFM\/pt-br\/podcast\/aminoacidos-funcionais-e-a-sua-correlacao-com-o-sistema-imune\/","og_site_name":"agriFM","article_modified_time":"2022-05-02T21:00:52+00:00","twitter_card":"summary_large_image","twitter_misc":{"Est. tempo de leitura":"2 minutos"},"schema":{"@context":"https:\/\/schema.org","@graph":[{"@type":"WebPage","@id":"https:\/\/socialagri.com\/agriFM\/pt-br\/podcast\/aminoacidos-funcionais-e-a-sua-correlacao-com-o-sistema-imune\/","url":"https:\/\/socialagri.com\/agriFM\/pt-br\/podcast\/aminoacidos-funcionais-e-a-sua-correlacao-com-o-sistema-imune\/","name":"Amino\u00e1cidos funcionais e a sua correla\u00e7\u00e3o com o sistema imune - agriFM","isPartOf":{"@id":"https:\/\/socialagri.com\/agriFM\/#website"},"datePublished":"2022-03-09T07:00:13+00:00","dateModified":"2022-05-02T21:00:52+00:00","description":"Neste epis\u00f3dio do su\u00ednoBrasil, voc\u00ea tem acesso ao artigo: \"Amino\u00e1cidos funcionais e a sua correla\u00e7\u00e3o com o sistema imune\".","breadcrumb":{"@id":"https:\/\/socialagri.com\/agriFM\/pt-br\/podcast\/aminoacidos-funcionais-e-a-sua-correlacao-com-o-sistema-imune\/#breadcrumb"},"inLanguage":"pt-BR","potentialAction":[{"@type":"ReadAction","target":["https:\/\/socialagri.com\/agriFM\/pt-br\/podcast\/aminoacidos-funcionais-e-a-sua-correlacao-com-o-sistema-imune\/"]}]},{"@type":"BreadcrumbList","@id":"https:\/\/socialagri.com\/agriFM\/pt-br\/podcast\/aminoacidos-funcionais-e-a-sua-correlacao-com-o-sistema-imune\/#breadcrumb","itemListElement":[{"@type":"ListItem","position":1,"name":"Portada","item":"https:\/\/socialagri.com\/agriFM\/pt-br\/"},{"@type":"ListItem","position":2,"name":"Podcast","item":"https:\/\/socialagri.com\/agriFM\/es\/podcast\/"},{"@type":"ListItem","position":3,"name":"Amino\u00e1cidos funcionais e a sua correla\u00e7\u00e3o com o sistema imune"}]},{"@type":"WebSite","@id":"https:\/\/socialagri.com\/agriFM\/#website","url":"https:\/\/socialagri.com\/agriFM\/","name":"agriFM","description":"Otro sitio realizado con WordPress","potentialAction":[{"@type":"SearchAction","target":{"@type":"EntryPoint","urlTemplate":"https:\/\/socialagri.com\/agriFM\/?s={search_term_string}"},"query-input":"required name=search_term_string"}],"inLanguage":"pt-BR"}]}},"canal_name":"SuinoBrasil","_links":{"self":[{"href":"https:\/\/socialagri.com\/agriFM\/pt-br\/wp-json\/wp\/v2\/podcast\/5435"}],"collection":[{"href":"https:\/\/socialagri.com\/agriFM\/pt-br\/wp-json\/wp\/v2\/podcast"}],"about":[{"href":"https:\/\/socialagri.com\/agriFM\/pt-br\/wp-json\/wp\/v2\/types\/podcast"}],"author":[{"embeddable":true,"href":"https:\/\/socialagri.com\/agriFM\/pt-br\/wp-json\/wp\/v2\/users\/2"}],"version-history":[{"count":7,"href":"https:\/\/socialagri.com\/agriFM\/pt-br\/wp-json\/wp\/v2\/podcast\/5435\/revisions"}],"predecessor-version":[{"id":6507,"href":"https:\/\/socialagri.com\/agriFM\/pt-br\/wp-json\/wp\/v2\/podcast\/5435\/revisions\/6507"}],"wp:attachment":[{"href":"https:\/\/socialagri.com\/agriFM\/pt-br\/wp-json\/wp\/v2\/media?parent=5435"}],"wp:term":[{"taxonomy":"category","embeddable":true,"href":"https:\/\/socialagri.com\/agriFM\/pt-br\/wp-json\/wp\/v2\/categories?post=5435"},{"taxonomy":"post_tag","embeddable":true,"href":"https:\/\/socialagri.com\/agriFM\/pt-br\/wp-json\/wp\/v2\/tags?post=5435"},{"taxonomy":"canales","embeddable":true,"href":"https:\/\/socialagri.com\/agriFM\/pt-br\/wp-json\/wp\/v2\/canales?post=5435"},{"taxonomy":"Idioma","embeddable":true,"href":"https:\/\/socialagri.com\/agriFM\/pt-br\/wp-json\/wp\/v2\/Idioma?post=5435"},{"taxonomy":"intereses","embeddable":true,"href":"https:\/\/socialagri.com\/agriFM\/pt-br\/wp-json\/wp\/v2\/intereses?post=5435"},{"taxonomy":"participantes","embeddable":true,"href":"https:\/\/socialagri.com\/agriFM\/pt-br\/wp-json\/wp\/v2\/participantes?post=5435"}],"curies":[{"name":"wp","href":"https:\/\/api.w.org\/{rel}","templated":true}]}}

Aminoácidos funcionais e a sua correlação com o sistema imune

<ul>
 	<li><em>Aminoácidos funcionais e a sua correlação com o sistema imune</em></li>
 	<li></li>
 	<li>A demanda por produtos de origem animal é impulsionada pelo crescimento demográfico e melhoria da renda da população. Estima-se que até 2030 a população e o consumo mundial de carne suína per capita irão aumentar em torno de 1,2% (FAO, 2020; OECD, 2021). Nesse cenário de expansão, a intensificação da produção animal, associada às condições climáticas (Fraga et al., 2019), densidade de alojamento (Almeida et al., 2020) e o grau de higiene das instalações (Chatelet et al., 2018), constantemente expõe os animais a diferentes condições de desafio sanitário.</li>
 	<li></li>
</ul>
<div class="destacado">
<ul>
 	<li>As altas temperaturas e umidade relativa geralmente observadas em regiões tropicais e subtropicais, favorecem a proliferação e disseminação de vetores e/ou patógenos, resultando em maior pressão patogênica no ambiente (Campos et al., 2017).</li>
 	<li></li>
 	<li>Adicionalmente, existe uma crescente demanda para reduzir a utilização de medicamentos de forma a permitir o desenvolvimento de sistemas sustentáveis de produção animal.</li>
 	<li></li>
 	<li>O uso de antibióticos, por exemplo, foi associado a uma maior pressão de seleção de bactérias resistentes com sérios riscos para a saúde humana e animal (Pakpour et al., 2012) levando alguns países a proibirem seu uso como promotores de crescimento na ração.</li>
 	<li></li>
 	<li>Neste contexto, pressupõe-se que os animais de produção estarão cada vez mais expostos aos desafio sanitários.</li>
 	<li></li>
 	<li>Este artigo abordará os seguintes temas:
<ul>
 	<li>Respostas metabólicas e fisiológicas de suínos em condições de desafio sanitário</li>
</ul>
<ul>
 	<li>Potencial uso de estratégias nutricionais para suínos em diferentes condições de desafio</li>
</ul>
<ul>
 	<li>Perspectivas futuras</li>
</ul>
</li>
 	<li></li>
 	<li>Para ler o artigo &#8220;<em>Aminoácidos funcionais e a sua correlação com o sistema imune&#8221;</em>, clique <a href="https://suinobrasil.porcino.info/aminoacidos-funcionais-e-a-sua-correlacao-com-o-sistema-imune/" target="_blank" rel="noopener"><strong>AQUI</strong></a></li>
 	<li></li>
 	<li>Ouça também: &#8220;<a href="https://socialagri.com/agriFM/pt-br/podcast/qualidade-da-agua-na-suinocultura/" target="_blank" rel="noopener">Qualidade da água na suinocultura</a>&#8220;</li>
 	<li></li>
</ul>
</div>

<!-- This site is optimized with the Yoast SEO plugin v22.9 - https://yoast.com/wordpress/plugins/seo/ -->
<title>Aminoácidos funcionais e a sua correlação com o sistema imune - agriFM</title>
<meta name="description" content="Neste episódio do suínoBrasil, você tem acesso ao artigo: &quot;Aminoácidos funcionais e a sua correlação com o sistema imune&quot;." />
<meta name="robots" content="index, follow, max-snippet:-1, max-image-preview:large, max-video-preview:-1" />
<link rel="canonical" href="https://socialagri.com/agriFM/pt-br/podcast/aminoacidos-funcionais-e-a-sua-correlacao-com-o-sistema-imune/" />
<meta property="og:locale" content="pt_BR" />
<meta property="og:type" content="article" />
<meta property="og:title" content="Aminoácidos funcionais e a sua correlação com o sistema imune - agriFM" />
<meta property="og:description" content="Neste episódio do suínoBrasil, você tem acesso ao artigo: &quot;Aminoácidos funcionais e a sua correlação com o sistema imune&quot;." />
<meta property="og:url" content="https://socialagri.com/agriFM/pt-br/podcast/aminoacidos-funcionais-e-a-sua-correlacao-com-o-sistema-imune/" />
<meta property="og:site_name" content="agriFM" />
<meta property="article:modified_time" content="2022-05-02T21:00:52+00:00" />
<meta name="twitter:card" content="summary_large_image" />
<meta name="twitter:label1" content="Est. tempo de leitura" />
	<meta name="twitter:data1" content="2 minutos" />
<script type="application/ld+json" class="yoast-schema-graph">{"@context":"https://schema.org","@graph":[{"@type":"WebPage","@id":"https://socialagri.com/agriFM/pt-br/podcast/aminoacidos-funcionais-e-a-sua-correlacao-com-o-sistema-imune/","url":"https://socialagri.com/agriFM/pt-br/podcast/aminoacidos-funcionais-e-a-sua-correlacao-com-o-sistema-imune/","name":"Aminoácidos funcionais e a sua correlação com o sistema imune - agriFM","isPartOf":{"@id":"https://socialagri.com/agriFM/#website"},"datePublished":"2022-03-09T07:00:13+00:00","dateModified":"2022-05-02T21:00:52+00:00","description":"Neste episódio do suínoBrasil, você tem acesso ao artigo: \"Aminoácidos funcionais e a sua correlação com o sistema imune\".","breadcrumb":{"@id":"https://socialagri.com/agriFM/pt-br/podcast/aminoacidos-funcionais-e-a-sua-correlacao-com-o-sistema-imune/#breadcrumb"},"inLanguage":"pt-BR","potentialAction":[{"@type":"ReadAction","target":["https://socialagri.com/agriFM/pt-br/podcast/aminoacidos-funcionais-e-a-sua-correlacao-com-o-sistema-imune/"]}]},{"@type":"BreadcrumbList","@id":"https://socialagri.com/agriFM/pt-br/podcast/aminoacidos-funcionais-e-a-sua-correlacao-com-o-sistema-imune/#breadcrumb","itemListElement":[{"@type":"ListItem","position":1,"name":"Portada","item":"https://socialagri.com/agriFM/pt-br/"},{"@type":"ListItem","position":2,"name":"Podcast","item":"https://socialagri.com/agriFM/es/podcast/"},{"@type":"ListItem","position":3,"name":"Aminoácidos funcionais e a sua correlação com o sistema imune"}]},{"@type":"WebSite","@id":"https://socialagri.com/agriFM/#website","url":"https://socialagri.com/agriFM/","name":"agriFM","description":"Otro sitio realizado con WordPress","potentialAction":[{"@type":"SearchAction","target":{"@type":"EntryPoint","urlTemplate":"https://socialagri.com/agriFM/?s={search_term_string}"},"query-input":"required name=search_term_string"}],"inLanguage":"pt-BR"}]}</script>
<!-- / Yoast SEO plugin. -->

Aminoácidos funcionais e a sua correlação com o sistema imune - agriFM

Neste episódio do suínoBrasil, você tem acesso ao artigo: "Aminoácidos funcionais e a sua correlação com o sistema imune".
