{"id":5347,"date":"2022-02-23T08:00:55","date_gmt":"2022-02-23T07:00:55","guid":{"rendered":"https:\/\/socialagri.com\/agriFM\/?post_type=podcast&#038;p=5347"},"modified":"2022-05-02T22:02:22","modified_gmt":"2022-05-02T21:02:22","slug":"qualidade-da-agua-na-suinocultura","status":"publish","type":"podcast","link":"https:\/\/socialagri.com\/agriFM\/pt-br\/podcast\/qualidade-da-agua-na-suinocultura\/","title":{"rendered":"Qualidade da \u00e1gua na suinocultura"},"content":{"rendered":"<ul>\r\n \t<li><strong>Qualidade da \u00e1gua na suinocultura<\/strong><\/li>\r\n \t<li><\/li>\r\n \t<li>A\u00a0<strong>\u00e1gua \u00e9 o nutriente requerido em maior quantidade pelos su\u00ednos<\/strong>\u00a0e cumpre uma s\u00e9rie de fun\u00e7\u00f5es fisiol\u00f3gicas necess\u00e1rias \u00e0 vida (Roubicek, 1969). \u00c9 um\u00a0<strong>elemento estrutural importante que d\u00e1 forma ao corpo<\/strong>\u00a0atrav\u00e9s da\u00a0<strong>turgesc\u00eancia celular<\/strong>, e tamb\u00e9m desempenha um papel crucial na\u00a0<strong>regula\u00e7\u00e3o da temperatura.<\/strong><\/li>\r\n \t<li><\/li>\r\n \t<li>A \u00e1gua \u00e9 importante para a movimenta\u00e7\u00e3o de nutrientes para as c\u00e9lulas dos tecidos do corpo e para a remo\u00e7\u00e3o de produtos residuais dessas c\u00e9lulas. Al\u00e9m disso, a \u00e1gua desempenha um papel em praticamente todas as rea\u00e7\u00f5es qu\u00edmicas que ocorrem no corpo,<strong>\u00a0hidrata\u00e7\u00e3o e hidr\u00f3lise.<\/strong><\/li>\r\n \t<li><\/li>\r\n \t<li>Finalmente, a \u00e1gua \u00e9 importante na<strong>\u00a0lubrifica\u00e7\u00e3o das articula\u00e7\u00f5es<\/strong>\u00a0(fluido sinovial) e no fornecimento de\u00a0<strong>amortecimento protetor para o sistema nervoso<\/strong>\u00a0(l\u00edquido cefalorraquidiano). O conte\u00fado de \u00e1gua de um su\u00edno varia com sua idade.<\/li>\r\n \t<li>A \u00e1gua \u00e9 respons\u00e1vel por at\u00e9 82% do peso do corpo vazio (peso de corpo inteiro menos conte\u00fado do trato gastrointestinal) em su\u00ednos neonatais de 1,5 kg e diminui para 53% nos su\u00ednos de 90 kg (Shields et al., 1983).<\/li>\r\n \t<li><\/li>\r\n \t<li>Os ingredientes mais utilizados nas dietas de su\u00ednos cont\u00eam cerca de 10 a 12% de \u00e1gua (NRC, 1998), e assim a quantidade de \u00e1gua fornecida por esta fonte pode ser determinada multiplicando-se o consumo de ra\u00e7\u00e3o esperado de um su\u00edno pelo teor de umidade da ra\u00e7\u00e3o.<\/li>\r\n \t<li><\/li>\r\n<\/ul>\r\n<div class=\"destacado\">\r\n<ul>\r\n \t<li>A quantidade de \u00e1gua metab\u00f3lica produzida pode ser calculada com base em uma an\u00e1lise qu\u00edmica da dieta assumindo que a oxida\u00e7\u00e3o de 1 kg de gordura, carboidrato ou prote\u00edna produz 1190, 560 ou 450 g de \u00e1gua, respectivamente (NRC, 1981).<\/li>\r\n \t<li><\/li>\r\n \t<li>De acordo com Yang et al. (1984), cada 1 kg de ra\u00e7\u00e3o seca ao ar consumida produzir\u00e1 entre 0,38 e 0,48 l de \u00e1gua metab\u00f3lica.<\/li>\r\n \t<li><\/li>\r\n \t<li>Embora a \u00e1gua metab\u00f3lica e a \u00e1gua contida na ra\u00e7\u00e3o reduzam a quantidade de \u00e1gua que o su\u00edno deve beber para atender \u00e0s suas necessidades di\u00e1rias,\u00a0<strong>a \u00e1gua pot\u00e1vel \u00e9 de longe a fonte de \u00e1gua mais importante para os su\u00ednos.<\/strong><\/li>\r\n<\/ul>\r\n<\/div>\r\n<ul>\r\n \t<li><\/li>\r\n \t<li>Para ler o artigo &#8220;<em>Qualidade da \u00e1gua na suinocultura&#8221;<\/em>, clique <a href=\"https:\/\/bit.ly\/3If9VeZ\" target=\"_blank\" rel=\"noopener\"><strong>AQUI<\/strong><\/a><\/li>\r\n \t<li><\/li>\r\n \t<li>Ou\u00e7a tamb\u00e9m: &#8220;<a href=\"https:\/\/socialagri.com\/agriFM\/pt-br\/podcast\/uso-racional-de-antimicrobianos-na-suinocultura\/\" target=\"_blank\" rel=\"noopener\">Uso racional de antimicrobianos na suinocultura<\/a>&#8220;<\/li>\r\n<\/ul>\r\n&nbsp;","protected":false},"author":2,"featured_media":0,"parent":0,"menu_order":0,"template":"","meta":{"_acf_changed":false,"footnotes":""},"categories":[129],"tags":[],"canales":[211],"Idioma":[13],"intereses":[324],"participantes":[],"acf":{"link_podcast1":"https:\/\/images.socialagri.com\/agriFM\/wp-content\/uploads\/2022\/02\/22191040\/PODCAST-qualidade-da-agua.mp3","imagen_podcast1":"https:\/\/images.socialagri.com\/agriFM\/wp-content\/uploads\/2022\/02\/22191017\/Capa-Qualidade-da-agua.png"},"yoast_head":"<!-- This site is optimized with the Yoast SEO plugin v22.9 - https:\/\/yoast.com\/wordpress\/plugins\/seo\/ -->\n<title>Qualidade da \u00e1gua na suinocultura - agriFM<\/title>\n<meta name=\"description\" content=\"Neste epis\u00f3dio, o tema abordado \u00e9 a qualidade da \u00e1gua na suinocultura. Ou\u00e7a e saiba mais sobre importante nutriente para os su\u00ednos!\" \/>\n<meta name=\"robots\" content=\"index, follow, max-snippet:-1, max-image-preview:large, max-video-preview:-1\" \/>\n<link rel=\"canonical\" href=\"https:\/\/socialagri.com\/agriFM\/pt-br\/podcast\/qualidade-da-agua-na-suinocultura\/\" \/>\n<meta property=\"og:locale\" content=\"pt_BR\" \/>\n<meta property=\"og:type\" content=\"article\" \/>\n<meta property=\"og:title\" content=\"Qualidade da \u00e1gua na suinocultura - agriFM\" \/>\n<meta property=\"og:description\" content=\"Neste epis\u00f3dio, o tema abordado \u00e9 a qualidade da \u00e1gua na suinocultura. Ou\u00e7a e saiba mais sobre importante nutriente para os su\u00ednos!\" \/>\n<meta property=\"og:url\" content=\"https:\/\/socialagri.com\/agriFM\/pt-br\/podcast\/qualidade-da-agua-na-suinocultura\/\" \/>\n<meta property=\"og:site_name\" content=\"agriFM\" \/>\n<meta property=\"article:modified_time\" content=\"2022-05-02T21:02:22+00:00\" \/>\n<meta name=\"twitter:card\" content=\"summary_large_image\" \/>\n<meta name=\"twitter:label1\" content=\"Est. tempo de leitura\" \/>\n\t<meta name=\"twitter:data1\" content=\"2 minutos\" \/>\n<script type=\"application\/ld+json\" class=\"yoast-schema-graph\">{\"@context\":\"https:\/\/schema.org\",\"@graph\":[{\"@type\":\"WebPage\",\"@id\":\"https:\/\/socialagri.com\/agriFM\/pt-br\/podcast\/qualidade-da-agua-na-suinocultura\/\",\"url\":\"https:\/\/socialagri.com\/agriFM\/pt-br\/podcast\/qualidade-da-agua-na-suinocultura\/\",\"name\":\"Qualidade da \u00e1gua na suinocultura - agriFM\",\"isPartOf\":{\"@id\":\"https:\/\/socialagri.com\/agriFM\/#website\"},\"datePublished\":\"2022-02-23T07:00:55+00:00\",\"dateModified\":\"2022-05-02T21:02:22+00:00\",\"description\":\"Neste epis\u00f3dio, o tema abordado \u00e9 a qualidade da \u00e1gua na suinocultura. Ou\u00e7a e saiba mais sobre importante nutriente para os su\u00ednos!\",\"breadcrumb\":{\"@id\":\"https:\/\/socialagri.com\/agriFM\/pt-br\/podcast\/qualidade-da-agua-na-suinocultura\/#breadcrumb\"},\"inLanguage\":\"pt-BR\",\"potentialAction\":[{\"@type\":\"ReadAction\",\"target\":[\"https:\/\/socialagri.com\/agriFM\/pt-br\/podcast\/qualidade-da-agua-na-suinocultura\/\"]}]},{\"@type\":\"BreadcrumbList\",\"@id\":\"https:\/\/socialagri.com\/agriFM\/pt-br\/podcast\/qualidade-da-agua-na-suinocultura\/#breadcrumb\",\"itemListElement\":[{\"@type\":\"ListItem\",\"position\":1,\"name\":\"Portada\",\"item\":\"https:\/\/socialagri.com\/agriFM\/pt-br\/\"},{\"@type\":\"ListItem\",\"position\":2,\"name\":\"Podcast\",\"item\":\"https:\/\/socialagri.com\/agriFM\/es\/podcast\/\"},{\"@type\":\"ListItem\",\"position\":3,\"name\":\"Qualidade da \u00e1gua na suinocultura\"}]},{\"@type\":\"WebSite\",\"@id\":\"https:\/\/socialagri.com\/agriFM\/#website\",\"url\":\"https:\/\/socialagri.com\/agriFM\/\",\"name\":\"agriFM\",\"description\":\"Otro sitio realizado con WordPress\",\"potentialAction\":[{\"@type\":\"SearchAction\",\"target\":{\"@type\":\"EntryPoint\",\"urlTemplate\":\"https:\/\/socialagri.com\/agriFM\/?s={search_term_string}\"},\"query-input\":\"required name=search_term_string\"}],\"inLanguage\":\"pt-BR\"}]}<\/script>\n<!-- \/ Yoast SEO plugin. -->","yoast_head_json":{"title":"Qualidade da \u00e1gua na suinocultura - agriFM","description":"Neste epis\u00f3dio, o tema abordado \u00e9 a qualidade da \u00e1gua na suinocultura. Ou\u00e7a e saiba mais sobre importante nutriente para os su\u00ednos!","robots":{"index":"index","follow":"follow","max-snippet":"max-snippet:-1","max-image-preview":"max-image-preview:large","max-video-preview":"max-video-preview:-1"},"canonical":"https:\/\/socialagri.com\/agriFM\/pt-br\/podcast\/qualidade-da-agua-na-suinocultura\/","og_locale":"pt_BR","og_type":"article","og_title":"Qualidade da \u00e1gua na suinocultura - agriFM","og_description":"Neste epis\u00f3dio, o tema abordado \u00e9 a qualidade da \u00e1gua na suinocultura. Ou\u00e7a e saiba mais sobre importante nutriente para os su\u00ednos!","og_url":"https:\/\/socialagri.com\/agriFM\/pt-br\/podcast\/qualidade-da-agua-na-suinocultura\/","og_site_name":"agriFM","article_modified_time":"2022-05-02T21:02:22+00:00","twitter_card":"summary_large_image","twitter_misc":{"Est. tempo de leitura":"2 minutos"},"schema":{"@context":"https:\/\/schema.org","@graph":[{"@type":"WebPage","@id":"https:\/\/socialagri.com\/agriFM\/pt-br\/podcast\/qualidade-da-agua-na-suinocultura\/","url":"https:\/\/socialagri.com\/agriFM\/pt-br\/podcast\/qualidade-da-agua-na-suinocultura\/","name":"Qualidade da \u00e1gua na suinocultura - agriFM","isPartOf":{"@id":"https:\/\/socialagri.com\/agriFM\/#website"},"datePublished":"2022-02-23T07:00:55+00:00","dateModified":"2022-05-02T21:02:22+00:00","description":"Neste epis\u00f3dio, o tema abordado \u00e9 a qualidade da \u00e1gua na suinocultura. Ou\u00e7a e saiba mais sobre importante nutriente para os su\u00ednos!","breadcrumb":{"@id":"https:\/\/socialagri.com\/agriFM\/pt-br\/podcast\/qualidade-da-agua-na-suinocultura\/#breadcrumb"},"inLanguage":"pt-BR","potentialAction":[{"@type":"ReadAction","target":["https:\/\/socialagri.com\/agriFM\/pt-br\/podcast\/qualidade-da-agua-na-suinocultura\/"]}]},{"@type":"BreadcrumbList","@id":"https:\/\/socialagri.com\/agriFM\/pt-br\/podcast\/qualidade-da-agua-na-suinocultura\/#breadcrumb","itemListElement":[{"@type":"ListItem","position":1,"name":"Portada","item":"https:\/\/socialagri.com\/agriFM\/pt-br\/"},{"@type":"ListItem","position":2,"name":"Podcast","item":"https:\/\/socialagri.com\/agriFM\/es\/podcast\/"},{"@type":"ListItem","position":3,"name":"Qualidade da \u00e1gua na suinocultura"}]},{"@type":"WebSite","@id":"https:\/\/socialagri.com\/agriFM\/#website","url":"https:\/\/socialagri.com\/agriFM\/","name":"agriFM","description":"Otro sitio realizado con WordPress","potentialAction":[{"@type":"SearchAction","target":{"@type":"EntryPoint","urlTemplate":"https:\/\/socialagri.com\/agriFM\/?s={search_term_string}"},"query-input":"required name=search_term_string"}],"inLanguage":"pt-BR"}]}},"canal_name":"SuinoBrasil","_links":{"self":[{"href":"https:\/\/socialagri.com\/agriFM\/pt-br\/wp-json\/wp\/v2\/podcast\/5347"}],"collection":[{"href":"https:\/\/socialagri.com\/agriFM\/pt-br\/wp-json\/wp\/v2\/podcast"}],"about":[{"href":"https:\/\/socialagri.com\/agriFM\/pt-br\/wp-json\/wp\/v2\/types\/podcast"}],"author":[{"embeddable":true,"href":"https:\/\/socialagri.com\/agriFM\/pt-br\/wp-json\/wp\/v2\/users\/2"}],"version-history":[{"count":5,"href":"https:\/\/socialagri.com\/agriFM\/pt-br\/wp-json\/wp\/v2\/podcast\/5347\/revisions"}],"predecessor-version":[{"id":6508,"href":"https:\/\/socialagri.com\/agriFM\/pt-br\/wp-json\/wp\/v2\/podcast\/5347\/revisions\/6508"}],"wp:attachment":[{"href":"https:\/\/socialagri.com\/agriFM\/pt-br\/wp-json\/wp\/v2\/media?parent=5347"}],"wp:term":[{"taxonomy":"category","embeddable":true,"href":"https:\/\/socialagri.com\/agriFM\/pt-br\/wp-json\/wp\/v2\/categories?post=5347"},{"taxonomy":"post_tag","embeddable":true,"href":"https:\/\/socialagri.com\/agriFM\/pt-br\/wp-json\/wp\/v2\/tags?post=5347"},{"taxonomy":"canales","embeddable":true,"href":"https:\/\/socialagri.com\/agriFM\/pt-br\/wp-json\/wp\/v2\/canales?post=5347"},{"taxonomy":"Idioma","embeddable":true,"href":"https:\/\/socialagri.com\/agriFM\/pt-br\/wp-json\/wp\/v2\/Idioma?post=5347"},{"taxonomy":"intereses","embeddable":true,"href":"https:\/\/socialagri.com\/agriFM\/pt-br\/wp-json\/wp\/v2\/intereses?post=5347"},{"taxonomy":"participantes","embeddable":true,"href":"https:\/\/socialagri.com\/agriFM\/pt-br\/wp-json\/wp\/v2\/participantes?post=5347"}],"curies":[{"name":"wp","href":"https:\/\/api.w.org\/{rel}","templated":true}]}}

Qualidade da água na suinocultura

<ul>
 	<li><strong>Qualidade da água na suinocultura</strong></li>
 	<li></li>
 	<li>A <strong>água é o nutriente requerido em maior quantidade pelos suínos</strong> e cumpre uma série de funções fisiológicas necessárias à vida (Roubicek, 1969). É um <strong>elemento estrutural importante que dá forma ao corpo</strong> através da <strong>turgescência celular</strong>, e também desempenha um papel crucial na <strong>regulação da temperatura.</strong></li>
 	<li></li>
 	<li>A água é importante para a movimentação de nutrientes para as células dos tecidos do corpo e para a remoção de produtos residuais dessas células. Além disso, a água desempenha um papel em praticamente todas as reações químicas que ocorrem no corpo,<strong> hidratação e hidrólise.</strong></li>
 	<li></li>
 	<li>Finalmente, a água é importante na<strong> lubrificação das articulações</strong> (fluido sinovial) e no fornecimento de <strong>amortecimento protetor para o sistema nervoso</strong> (líquido cefalorraquidiano). O conteúdo de água de um suíno varia com sua idade.</li>
 	<li>A água é responsável por até 82% do peso do corpo vazio (peso de corpo inteiro menos conteúdo do trato gastrointestinal) em suínos neonatais de 1,5 kg e diminui para 53% nos suínos de 90 kg (Shields et al., 1983).</li>
 	<li></li>
 	<li>Os ingredientes mais utilizados nas dietas de suínos contêm cerca de 10 a 12% de água (NRC, 1998), e assim a quantidade de água fornecida por esta fonte pode ser determinada multiplicando-se o consumo de ração esperado de um suíno pelo teor de umidade da ração.</li>
 	<li></li>
</ul>
<div class="destacado">
<ul>
 	<li>A quantidade de água metabólica produzida pode ser calculada com base em uma análise química da dieta assumindo que a oxidação de 1 kg de gordura, carboidrato ou proteína produz 1190, 560 ou 450 g de água, respectivamente (NRC, 1981).</li>
 	<li></li>
 	<li>De acordo com Yang et al. (1984), cada 1 kg de ração seca ao ar consumida produzirá entre 0,38 e 0,48 l de água metabólica.</li>
 	<li></li>
 	<li>Embora a água metabólica e a água contida na ração reduzam a quantidade de água que o suíno deve beber para atender às suas necessidades diárias, <strong>a água potável é de longe a fonte de água mais importante para os suínos.</strong></li>
</ul>
</div>
<ul>
 	<li></li>
 	<li>Para ler o artigo &#8220;<em>Qualidade da água na suinocultura&#8221;</em>, clique <a href="https://bit.ly/3If9VeZ" target="_blank" rel="noopener"><strong>AQUI</strong></a></li>
 	<li></li>
 	<li>Ouça também: &#8220;<a href="https://socialagri.com/agriFM/pt-br/podcast/uso-racional-de-antimicrobianos-na-suinocultura/" target="_blank" rel="noopener">Uso racional de antimicrobianos na suinocultura</a>&#8220;</li>
</ul>
&nbsp;

<!-- This site is optimized with the Yoast SEO plugin v22.9 - https://yoast.com/wordpress/plugins/seo/ -->
<title>Qualidade da água na suinocultura - agriFM</title>
<meta name="description" content="Neste episódio, o tema abordado é a qualidade da água na suinocultura. Ouça e saiba mais sobre importante nutriente para os suínos!" />
<meta name="robots" content="index, follow, max-snippet:-1, max-image-preview:large, max-video-preview:-1" />
<link rel="canonical" href="https://socialagri.com/agriFM/pt-br/podcast/qualidade-da-agua-na-suinocultura/" />
<meta property="og:locale" content="pt_BR" />
<meta property="og:type" content="article" />
<meta property="og:title" content="Qualidade da água na suinocultura - agriFM" />
<meta property="og:description" content="Neste episódio, o tema abordado é a qualidade da água na suinocultura. Ouça e saiba mais sobre importante nutriente para os suínos!" />
<meta property="og:url" content="https://socialagri.com/agriFM/pt-br/podcast/qualidade-da-agua-na-suinocultura/" />
<meta property="og:site_name" content="agriFM" />
<meta property="article:modified_time" content="2022-05-02T21:02:22+00:00" />
<meta name="twitter:card" content="summary_large_image" />
<meta name="twitter:label1" content="Est. tempo de leitura" />
	<meta name="twitter:data1" content="2 minutos" />
<script type="application/ld+json" class="yoast-schema-graph">{"@context":"https://schema.org","@graph":[{"@type":"WebPage","@id":"https://socialagri.com/agriFM/pt-br/podcast/qualidade-da-agua-na-suinocultura/","url":"https://socialagri.com/agriFM/pt-br/podcast/qualidade-da-agua-na-suinocultura/","name":"Qualidade da água na suinocultura - agriFM","isPartOf":{"@id":"https://socialagri.com/agriFM/#website"},"datePublished":"2022-02-23T07:00:55+00:00","dateModified":"2022-05-02T21:02:22+00:00","description":"Neste episódio, o tema abordado é a qualidade da água na suinocultura. Ouça e saiba mais sobre importante nutriente para os suínos!","breadcrumb":{"@id":"https://socialagri.com/agriFM/pt-br/podcast/qualidade-da-agua-na-suinocultura/#breadcrumb"},"inLanguage":"pt-BR","potentialAction":[{"@type":"ReadAction","target":["https://socialagri.com/agriFM/pt-br/podcast/qualidade-da-agua-na-suinocultura/"]}]},{"@type":"BreadcrumbList","@id":"https://socialagri.com/agriFM/pt-br/podcast/qualidade-da-agua-na-suinocultura/#breadcrumb","itemListElement":[{"@type":"ListItem","position":1,"name":"Portada","item":"https://socialagri.com/agriFM/pt-br/"},{"@type":"ListItem","position":2,"name":"Podcast","item":"https://socialagri.com/agriFM/es/podcast/"},{"@type":"ListItem","position":3,"name":"Qualidade da água na suinocultura"}]},{"@type":"WebSite","@id":"https://socialagri.com/agriFM/#website","url":"https://socialagri.com/agriFM/","name":"agriFM","description":"Otro sitio realizado con WordPress","potentialAction":[{"@type":"SearchAction","target":{"@type":"EntryPoint","urlTemplate":"https://socialagri.com/agriFM/?s={search_term_string}"},"query-input":"required name=search_term_string"}],"inLanguage":"pt-BR"}]}</script>
<!-- / Yoast SEO plugin. -->

Qualidade da água na suinocultura - agriFM

Neste episódio, o tema abordado é a qualidade da água na suinocultura. Ouça e saiba mais sobre importante nutriente para os suínos!
