{"id":5231,"date":"2022-02-17T00:27:46","date_gmt":"2022-02-16T23:27:46","guid":{"rendered":"https:\/\/socialagri.com\/agriFM\/?post_type=podcast&#038;p=5231"},"modified":"2022-05-02T22:03:53","modified_gmt":"2022-05-02T21:03:53","slug":"uso-racional-de-antimicrobianos-na-suinocultura","status":"publish","type":"podcast","link":"https:\/\/socialagri.com\/agriFM\/pt-br\/podcast\/uso-racional-de-antimicrobianos-na-suinocultura\/","title":{"rendered":"Uso racional de antimicrobianos na suinocultura"},"content":{"rendered":"<ul>\r\n \t<li><span style=\"vertical-align: inherit;\"><span style=\"vertical-align: inherit;\">A descoberta dos antimicrobianos a d\u00e9cadas atr\u00e1s trouxe uma nova perspectiva no \u00e2mbito de sa\u00fade humana e animal no que diz respeito ao tratamento e controle de enfermidades (MOR\u00c9S, 2014). Na produ\u00e7\u00e3o animal, os antimicrobianos tem sido utilizados desde a d\u00e9cada de 1950 e\u00a0<\/span><\/span><strong><span style=\"vertical-align: inherit;\"><span style=\"vertical-align: inherit;\">seu uso aumentou de forma direta com a intensifica\u00e7\u00e3o da produ\u00e7\u00e3o intensiva ao longo dos anos a fim de promover sa\u00fade e melhorias na produtividade<\/span><\/span><\/strong><span style=\"vertical-align: inherit;\"><span style=\"vertical-align: inherit;\">\u00a0(GONZALEZ RONQUILLO; ANGELES HERNANDEZ, 2017).<\/span><\/span><\/li>\r\n \t<li><\/li>\r\n \t<li><span style=\"vertical-align: inherit;\"><span style=\"vertical-align: inherit;\">Embora o uso desses agentes s\u00e3o importantes na manuten\u00e7\u00e3o da sa\u00fade e bem-estar animal dentro dos sistemas, o uso em larga escala principalmente em doses subterapeuticas como promotores de crescimento levantou preocupa\u00e7\u00f5es a respeito da sele\u00e7\u00e3o de bact\u00e9rias multirresistentes a v\u00e1rias classes de antibi\u00f3ticos (MOR\u00c9S, 2014; WHO, 2018).<\/span><\/span><\/li>\r\n \t<li><\/li>\r\n \t<li><span style=\"vertical-align: inherit;\"><span style=\"vertical-align: inherit;\">Al\u00e9m disso, a descoberta de <\/span><\/span><strong><span style=\"vertical-align: inherit;\"><span style=\"vertical-align: inherit;\">genes bacterianos resistentes<\/span><\/span><\/strong><span style=\"vertical-align: inherit;\"><span style=\"vertical-align: inherit;\">\u00a0a antibi\u00f3ticos que s\u00e3o utilizados na sa\u00fade humana, como por exemplo, o gene de resist\u00eancia a colistina mediado por plasm\u00eddeo (mcr- 1) que foi encontrado em\u00a0<\/span><\/span><em><span style=\"vertical-align: inherit;\"><span style=\"vertical-align: inherit;\">Escherichia coli<\/span><\/span><\/em><span style=\"vertical-align: inherit;\"><span style=\"vertical-align: inherit;\">\u00a0de su\u00ednos e em humanos na China (LIU et al., 2016), refor\u00e7ou ainda mais o debate sobre a poss\u00edvel transmiss\u00e3o horizontal de resist\u00eancia antimicrobiana e a necessidade de a\u00e7\u00f5es para uso de forma racional desses agentes.<\/span><\/span><\/li>\r\n \t<li><\/li>\r\n \t<li><span style=\"vertical-align: inherit;\"><span style=\"vertical-align: inherit;\">Dessa forma, iniciativas globais come\u00e7aram a surgir na tentativa de minimizar o agravamento da resist\u00eancia antimicrobiana.<\/span><\/span><\/li>\r\n \t<li><\/li>\r\n \t<li><strong><span style=\"vertical-align: inherit;\"><span style=\"vertical-align: inherit;\">Em 2006, o uso de antibi\u00f3ticos como promotores de crescimento (APC) nas dietas de su\u00ednos foi banido pela Uni\u00e3o Europeia<\/span><\/span><\/strong><span style=\"vertical-align: inherit;\"><span style=\"vertical-align: inherit;\">\u00a0(GAGG\u00ccA; MATTARELLI; BIAVATI, 2010), e v\u00e1rios outros pa\u00edses tamb\u00e9m j\u00e1 implementaram ou vem implementando pol\u00edticas de restri\u00e7\u00e3o nos pr\u00f3ximos anos (MARON; SMITH; NACHMAN, 2013).<\/span><\/span><\/li>\r\n \t<li><\/li>\r\n \t<li><span style=\"vertical-align: inherit;\"><span style=\"vertical-align: inherit;\">Este artigo ainda traz:<\/span><\/span><\/li>\r\n \t<li><span style=\"vertical-align: inherit;\"><span style=\"vertical-align: inherit;\">Padr\u00e3o atual de utiliza\u00e7\u00e3o global de antimicrobianos<\/span><\/span><\/li>\r\n \t<li><span style=\"vertical-align: inherit;\"><span style=\"vertical-align: inherit;\">Fatores que influenciam a utiliza\u00e7\u00e3o de antimicrobianos<\/span><\/span><\/li>\r\n \t<li><span style=\"vertical-align: inherit;\"><span style=\"vertical-align: inherit;\">Estrat\u00e9gias nutricional<\/span><\/span><\/li>\r\n \t<li><\/li>\r\n \t<li><span style=\"vertical-align: inherit;\">\u00a0<\/span><\/li>\r\n \t<li><\/li>\r\n \t<li>Para ler o artigo &#8220;<em>Uso racional de antimicrobianos na suinocultura&#8221;<\/em>, clique <a href=\"https:\/\/suinobrasil.porcino.info\/uso-racional-de-antimicrobianos-na-suinocultura\/\" target=\"_blank\" rel=\"noopener\"><strong>AQUI<\/strong><\/a><\/li>\r\n \t<li><\/li>\r\n \t<li>Ou\u00e7a tamb\u00e9m: &#8220;<a href=\"https:\/\/socialagri.com\/agriFM\/pt-br\/podcast\/explorando-o-desenvolvimento-da-disenteria-suina\/\" target=\"_blank\" rel=\"noopener\">Explorando o desenvolvimento da disenteria su\u00edna<\/a>&#8220;<\/li>\r\n \t<li><\/li>\r\n<\/ul>\r\n&nbsp;","protected":false},"author":2,"featured_media":0,"parent":0,"menu_order":0,"template":"","meta":{"_acf_changed":false,"footnotes":""},"categories":[129],"tags":[],"canales":[211],"Idioma":[13],"intereses":[311],"acf":{"link_podcast1":"https:\/\/images.socialagri.com\/agriFM\/wp-content\/uploads\/2022\/02\/17001802\/PODCAST-Uso-racional-de-antimicrobianos-na-suinocultura.mp3","imagen_podcast1":"https:\/\/images.socialagri.com\/agriFM\/wp-content\/uploads\/2022\/02\/17002057\/Capa-de-PODCAST-2.png"},"yoast_head":"<!-- This site is optimized with the Yoast SEO plugin v22.9 - https:\/\/yoast.com\/wordpress\/plugins\/seo\/ -->\n<title>Uso racional de antimicrobianos na suinocultura - agriFM<\/title>\n<meta name=\"description\" content=\"A descoberta dos antimicrobianos trouxe uma nova perspectiva no \u00e2mbito de sa\u00fade humana e animal. Ou\u00e7a aqui sobre o uso na suinocultura\" \/>\n<meta name=\"robots\" content=\"index, follow, max-snippet:-1, max-image-preview:large, max-video-preview:-1\" \/>\n<link rel=\"canonical\" href=\"https:\/\/socialagri.com\/agriFM\/pt-br\/podcast\/uso-racional-de-antimicrobianos-na-suinocultura\/\" \/>\n<meta property=\"og:locale\" content=\"pt_BR\" \/>\n<meta property=\"og:type\" content=\"article\" \/>\n<meta property=\"og:title\" content=\"Uso racional de antimicrobianos na suinocultura - agriFM\" \/>\n<meta property=\"og:description\" content=\"A descoberta dos antimicrobianos trouxe uma nova perspectiva no \u00e2mbito de sa\u00fade humana e animal. Ou\u00e7a aqui sobre o uso na suinocultura\" \/>\n<meta property=\"og:url\" content=\"https:\/\/socialagri.com\/agriFM\/pt-br\/podcast\/uso-racional-de-antimicrobianos-na-suinocultura\/\" \/>\n<meta property=\"og:site_name\" content=\"agriFM\" \/>\n<meta property=\"article:modified_time\" content=\"2022-05-02T21:03:53+00:00\" \/>\n<meta name=\"twitter:card\" content=\"summary_large_image\" \/>\n<meta name=\"twitter:label1\" content=\"Est. tempo de leitura\" \/>\n\t<meta name=\"twitter:data1\" content=\"2 minutos\" \/>\n<script type=\"application\/ld+json\" class=\"yoast-schema-graph\">{\"@context\":\"https:\/\/schema.org\",\"@graph\":[{\"@type\":\"WebPage\",\"@id\":\"https:\/\/socialagri.com\/agriFM\/pt-br\/podcast\/uso-racional-de-antimicrobianos-na-suinocultura\/\",\"url\":\"https:\/\/socialagri.com\/agriFM\/pt-br\/podcast\/uso-racional-de-antimicrobianos-na-suinocultura\/\",\"name\":\"Uso racional de antimicrobianos na suinocultura - agriFM\",\"isPartOf\":{\"@id\":\"https:\/\/socialagri.com\/agriFM\/#website\"},\"datePublished\":\"2022-02-16T23:27:46+00:00\",\"dateModified\":\"2022-05-02T21:03:53+00:00\",\"description\":\"A descoberta dos antimicrobianos trouxe uma nova perspectiva no \u00e2mbito de sa\u00fade humana e animal. Ou\u00e7a aqui sobre o uso na suinocultura\",\"breadcrumb\":{\"@id\":\"https:\/\/socialagri.com\/agriFM\/pt-br\/podcast\/uso-racional-de-antimicrobianos-na-suinocultura\/#breadcrumb\"},\"inLanguage\":\"pt-BR\",\"potentialAction\":[{\"@type\":\"ReadAction\",\"target\":[\"https:\/\/socialagri.com\/agriFM\/pt-br\/podcast\/uso-racional-de-antimicrobianos-na-suinocultura\/\"]}]},{\"@type\":\"BreadcrumbList\",\"@id\":\"https:\/\/socialagri.com\/agriFM\/pt-br\/podcast\/uso-racional-de-antimicrobianos-na-suinocultura\/#breadcrumb\",\"itemListElement\":[{\"@type\":\"ListItem\",\"position\":1,\"name\":\"Portada\",\"item\":\"https:\/\/socialagri.com\/agriFM\/pt-br\/\"},{\"@type\":\"ListItem\",\"position\":2,\"name\":\"Podcast\",\"item\":\"https:\/\/socialagri.com\/agriFM\/es\/podcast\/\"},{\"@type\":\"ListItem\",\"position\":3,\"name\":\"Uso racional de antimicrobianos na suinocultura\"}]},{\"@type\":\"WebSite\",\"@id\":\"https:\/\/socialagri.com\/agriFM\/#website\",\"url\":\"https:\/\/socialagri.com\/agriFM\/\",\"name\":\"agriFM\",\"description\":\"Otro sitio realizado con WordPress\",\"potentialAction\":[{\"@type\":\"SearchAction\",\"target\":{\"@type\":\"EntryPoint\",\"urlTemplate\":\"https:\/\/socialagri.com\/agriFM\/?s={search_term_string}\"},\"query-input\":\"required name=search_term_string\"}],\"inLanguage\":\"pt-BR\"}]}<\/script>\n<!-- \/ Yoast SEO plugin. -->","yoast_head_json":{"title":"Uso racional de antimicrobianos na suinocultura - agriFM","description":"A descoberta dos antimicrobianos trouxe uma nova perspectiva no \u00e2mbito de sa\u00fade humana e animal. Ou\u00e7a aqui sobre o uso na suinocultura","robots":{"index":"index","follow":"follow","max-snippet":"max-snippet:-1","max-image-preview":"max-image-preview:large","max-video-preview":"max-video-preview:-1"},"canonical":"https:\/\/socialagri.com\/agriFM\/pt-br\/podcast\/uso-racional-de-antimicrobianos-na-suinocultura\/","og_locale":"pt_BR","og_type":"article","og_title":"Uso racional de antimicrobianos na suinocultura - agriFM","og_description":"A descoberta dos antimicrobianos trouxe uma nova perspectiva no \u00e2mbito de sa\u00fade humana e animal. Ou\u00e7a aqui sobre o uso na suinocultura","og_url":"https:\/\/socialagri.com\/agriFM\/pt-br\/podcast\/uso-racional-de-antimicrobianos-na-suinocultura\/","og_site_name":"agriFM","article_modified_time":"2022-05-02T21:03:53+00:00","twitter_card":"summary_large_image","twitter_misc":{"Est. tempo de leitura":"2 minutos"},"schema":{"@context":"https:\/\/schema.org","@graph":[{"@type":"WebPage","@id":"https:\/\/socialagri.com\/agriFM\/pt-br\/podcast\/uso-racional-de-antimicrobianos-na-suinocultura\/","url":"https:\/\/socialagri.com\/agriFM\/pt-br\/podcast\/uso-racional-de-antimicrobianos-na-suinocultura\/","name":"Uso racional de antimicrobianos na suinocultura - agriFM","isPartOf":{"@id":"https:\/\/socialagri.com\/agriFM\/#website"},"datePublished":"2022-02-16T23:27:46+00:00","dateModified":"2022-05-02T21:03:53+00:00","description":"A descoberta dos antimicrobianos trouxe uma nova perspectiva no \u00e2mbito de sa\u00fade humana e animal. Ou\u00e7a aqui sobre o uso na suinocultura","breadcrumb":{"@id":"https:\/\/socialagri.com\/agriFM\/pt-br\/podcast\/uso-racional-de-antimicrobianos-na-suinocultura\/#breadcrumb"},"inLanguage":"pt-BR","potentialAction":[{"@type":"ReadAction","target":["https:\/\/socialagri.com\/agriFM\/pt-br\/podcast\/uso-racional-de-antimicrobianos-na-suinocultura\/"]}]},{"@type":"BreadcrumbList","@id":"https:\/\/socialagri.com\/agriFM\/pt-br\/podcast\/uso-racional-de-antimicrobianos-na-suinocultura\/#breadcrumb","itemListElement":[{"@type":"ListItem","position":1,"name":"Portada","item":"https:\/\/socialagri.com\/agriFM\/pt-br\/"},{"@type":"ListItem","position":2,"name":"Podcast","item":"https:\/\/socialagri.com\/agriFM\/es\/podcast\/"},{"@type":"ListItem","position":3,"name":"Uso racional de antimicrobianos na suinocultura"}]},{"@type":"WebSite","@id":"https:\/\/socialagri.com\/agriFM\/#website","url":"https:\/\/socialagri.com\/agriFM\/","name":"agriFM","description":"Otro sitio realizado con WordPress","potentialAction":[{"@type":"SearchAction","target":{"@type":"EntryPoint","urlTemplate":"https:\/\/socialagri.com\/agriFM\/?s={search_term_string}"},"query-input":"required name=search_term_string"}],"inLanguage":"pt-BR"}]}},"canal_name":"SuinoBrasil","_links":{"self":[{"href":"https:\/\/socialagri.com\/agriFM\/pt-br\/wp-json\/wp\/v2\/podcast\/5231"}],"collection":[{"href":"https:\/\/socialagri.com\/agriFM\/pt-br\/wp-json\/wp\/v2\/podcast"}],"about":[{"href":"https:\/\/socialagri.com\/agriFM\/pt-br\/wp-json\/wp\/v2\/types\/podcast"}],"author":[{"embeddable":true,"href":"https:\/\/socialagri.com\/agriFM\/pt-br\/wp-json\/wp\/v2\/users\/2"}],"version-history":[{"count":7,"href":"https:\/\/socialagri.com\/agriFM\/pt-br\/wp-json\/wp\/v2\/podcast\/5231\/revisions"}],"predecessor-version":[{"id":6509,"href":"https:\/\/socialagri.com\/agriFM\/pt-br\/wp-json\/wp\/v2\/podcast\/5231\/revisions\/6509"}],"wp:attachment":[{"href":"https:\/\/socialagri.com\/agriFM\/pt-br\/wp-json\/wp\/v2\/media?parent=5231"}],"wp:term":[{"taxonomy":"category","embeddable":true,"href":"https:\/\/socialagri.com\/agriFM\/pt-br\/wp-json\/wp\/v2\/categories?post=5231"},{"taxonomy":"post_tag","embeddable":true,"href":"https:\/\/socialagri.com\/agriFM\/pt-br\/wp-json\/wp\/v2\/tags?post=5231"},{"taxonomy":"canales","embeddable":true,"href":"https:\/\/socialagri.com\/agriFM\/pt-br\/wp-json\/wp\/v2\/canales?post=5231"},{"taxonomy":"Idioma","embeddable":true,"href":"https:\/\/socialagri.com\/agriFM\/pt-br\/wp-json\/wp\/v2\/Idioma?post=5231"},{"taxonomy":"intereses","embeddable":true,"href":"https:\/\/socialagri.com\/agriFM\/pt-br\/wp-json\/wp\/v2\/intereses?post=5231"}],"curies":[{"name":"wp","href":"https:\/\/api.w.org\/{rel}","templated":true}]}}

<ul>
 	<li><span style="vertical-align: inherit;"><span style="vertical-align: inherit;">A descoberta dos antimicrobianos a décadas atrás trouxe uma nova perspectiva no âmbito de saúde humana e animal no que diz respeito ao tratamento e controle de enfermidades (MORÉS, 2014). Na produção animal, os antimicrobianos tem sido utilizados desde a década de 1950 e </span></span><strong><span style="vertical-align: inherit;"><span style="vertical-align: inherit;">seu uso aumentou de forma direta com a intensificação da produção intensiva ao longo dos anos a fim de promover saúde e melhorias na produtividade</span></span></strong><span style="vertical-align: inherit;"><span style="vertical-align: inherit;"> (GONZALEZ RONQUILLO; ANGELES HERNANDEZ, 2017).</span></span></li>
 	<li></li>
 	<li><span style="vertical-align: inherit;"><span style="vertical-align: inherit;">Embora o uso desses agentes são importantes na manutenção da saúde e bem-estar animal dentro dos sistemas, o uso em larga escala principalmente em doses subterapeuticas como promotores de crescimento levantou preocupações a respeito da seleção de bactérias multirresistentes a várias classes de antibióticos (MORÉS, 2014; WHO, 2018).</span></span></li>
 	<li></li>
 	<li><span style="vertical-align: inherit;"><span style="vertical-align: inherit;">Além disso, a descoberta de </span></span><strong><span style="vertical-align: inherit;"><span style="vertical-align: inherit;">genes bacterianos resistentes</span></span></strong><span style="vertical-align: inherit;"><span style="vertical-align: inherit;"> a antibióticos que são utilizados na saúde humana, como por exemplo, o gene de resistência a colistina mediado por plasmídeo (mcr- 1) que foi encontrado em </span></span><em><span style="vertical-align: inherit;"><span style="vertical-align: inherit;">Escherichia coli</span></span></em><span style="vertical-align: inherit;"><span style="vertical-align: inherit;"> de suínos e em humanos na China (LIU et al., 2016), reforçou ainda mais o debate sobre a possível transmissão horizontal de resistência antimicrobiana e a necessidade de ações para uso de forma racional desses agentes.</span></span></li>
 	<li></li>
 	<li><span style="vertical-align: inherit;"><span style="vertical-align: inherit;">Dessa forma, iniciativas globais começaram a surgir na tentativa de minimizar o agravamento da resistência antimicrobiana.</span></span></li>
 	<li></li>
 	<li><strong><span style="vertical-align: inherit;"><span style="vertical-align: inherit;">Em 2006, o uso de antibióticos como promotores de crescimento (APC) nas dietas de suínos foi banido pela União Europeia</span></span></strong><span style="vertical-align: inherit;"><span style="vertical-align: inherit;"> (GAGGÌA; MATTARELLI; BIAVATI, 2010), e vários outros países também já implementaram ou vem implementando políticas de restrição nos próximos anos (MARON; SMITH; NACHMAN, 2013).</span></span></li>
 	<li></li>
 	<li><span style="vertical-align: inherit;"><span style="vertical-align: inherit;">Este artigo ainda traz:</span></span></li>
 	<li><span style="vertical-align: inherit;"><span style="vertical-align: inherit;">Padrão atual de utilização global de antimicrobianos</span></span></li>
 	<li><span style="vertical-align: inherit;"><span style="vertical-align: inherit;">Fatores que influenciam a utilização de antimicrobianos</span></span></li>
 	<li><span style="vertical-align: inherit;"><span style="vertical-align: inherit;">Estratégias nutricional</span></span></li>
 	<li></li>
 	<li><span style="vertical-align: inherit;"> </span></li>
 	<li></li>
 	<li>Para ler o artigo &#8220;<em>Uso racional de antimicrobianos na suinocultura&#8221;</em>, clique <a href="https://suinobrasil.porcino.info/uso-racional-de-antimicrobianos-na-suinocultura/" target="_blank" rel="noopener"><strong>AQUI</strong></a></li>
 	<li></li>
 	<li>Ouça também: &#8220;<a href="https://socialagri.com/agriFM/pt-br/podcast/explorando-o-desenvolvimento-da-disenteria-suina/" target="_blank" rel="noopener">Explorando o desenvolvimento da disenteria suína</a>&#8220;</li>
 	<li></li>
</ul>
&nbsp;

<!-- This site is optimized with the Yoast SEO plugin v22.9 - https://yoast.com/wordpress/plugins/seo/ -->
<title>Uso racional de antimicrobianos na suinocultura - agriFM</title>
<meta name="description" content="A descoberta dos antimicrobianos trouxe uma nova perspectiva no âmbito de saúde humana e animal. Ouça aqui sobre o uso na suinocultura" />
<meta name="robots" content="index, follow, max-snippet:-1, max-image-preview:large, max-video-preview:-1" />
<link rel="canonical" href="https://socialagri.com/agriFM/pt-br/podcast/uso-racional-de-antimicrobianos-na-suinocultura/" />
<meta property="og:locale" content="pt_BR" />
<meta property="og:type" content="article" />
<meta property="og:title" content="Uso racional de antimicrobianos na suinocultura - agriFM" />
<meta property="og:description" content="A descoberta dos antimicrobianos trouxe uma nova perspectiva no âmbito de saúde humana e animal. Ouça aqui sobre o uso na suinocultura" />
<meta property="og:url" content="https://socialagri.com/agriFM/pt-br/podcast/uso-racional-de-antimicrobianos-na-suinocultura/" />
<meta property="og:site_name" content="agriFM" />
<meta property="article:modified_time" content="2022-05-02T21:03:53+00:00" />
<meta name="twitter:card" content="summary_large_image" />
<meta name="twitter:label1" content="Est. tempo de leitura" />
	<meta name="twitter:data1" content="2 minutos" />
<script type="application/ld+json" class="yoast-schema-graph">{"@context":"https://schema.org","@graph":[{"@type":"WebPage","@id":"https://socialagri.com/agriFM/pt-br/podcast/uso-racional-de-antimicrobianos-na-suinocultura/","url":"https://socialagri.com/agriFM/pt-br/podcast/uso-racional-de-antimicrobianos-na-suinocultura/","name":"Uso racional de antimicrobianos na suinocultura - agriFM","isPartOf":{"@id":"https://socialagri.com/agriFM/#website"},"datePublished":"2022-02-16T23:27:46+00:00","dateModified":"2022-05-02T21:03:53+00:00","description":"A descoberta dos antimicrobianos trouxe uma nova perspectiva no âmbito de saúde humana e animal. Ouça aqui sobre o uso na suinocultura","breadcrumb":{"@id":"https://socialagri.com/agriFM/pt-br/podcast/uso-racional-de-antimicrobianos-na-suinocultura/#breadcrumb"},"inLanguage":"pt-BR","potentialAction":[{"@type":"ReadAction","target":["https://socialagri.com/agriFM/pt-br/podcast/uso-racional-de-antimicrobianos-na-suinocultura/"]}]},{"@type":"BreadcrumbList","@id":"https://socialagri.com/agriFM/pt-br/podcast/uso-racional-de-antimicrobianos-na-suinocultura/#breadcrumb","itemListElement":[{"@type":"ListItem","position":1,"name":"Portada","item":"https://socialagri.com/agriFM/pt-br/"},{"@type":"ListItem","position":2,"name":"Podcast","item":"https://socialagri.com/agriFM/es/podcast/"},{"@type":"ListItem","position":3,"name":"Uso racional de antimicrobianos na suinocultura"}]},{"@type":"WebSite","@id":"https://socialagri.com/agriFM/#website","url":"https://socialagri.com/agriFM/","name":"agriFM","description":"Otro sitio realizado con WordPress","potentialAction":[{"@type":"SearchAction","target":{"@type":"EntryPoint","urlTemplate":"https://socialagri.com/agriFM/?s={search_term_string}"},"query-input":"required name=search_term_string"}],"inLanguage":"pt-BR"}]}</script>
<!-- / Yoast SEO plugin. -->

A descoberta dos antimicrobianos trouxe uma nova perspectiva no âmbito de saúde humana e animal. Ouça aqui sobre o uso na suinocultura
