{"id":5039,"date":"2022-02-14T19:19:21","date_gmt":"2022-02-14T18:19:21","guid":{"rendered":"https:\/\/socialagri.com\/agriFM\/?post_type=podcast&#038;p=5039"},"modified":"2022-03-03T13:02:21","modified_gmt":"2022-03-03T12:02:21","slug":"os-avancos-da-nutricao-in-ovo-na-producao-de-frangos-de-corte","status":"publish","type":"podcast","link":"https:\/\/socialagri.com\/agriFM\/pt-br\/podcast\/os-avancos-da-nutricao-in-ovo-na-producao-de-frangos-de-corte\/","title":{"rendered":"Os avan\u00e7os da nutri\u00e7\u00e3o in ovo na produ\u00e7\u00e3o de frangos de corte &#8211; parte 1"},"content":{"rendered":"A ideia de inocular subst\u00e2ncias nutritivas ou n\u00e3o nutritivas para os embri\u00f5es iniciou-se a partir da pr\u00e1tica da vacina\u00e7\u00e3o in ovo, que hoje \u00e9 amplamente utilizada em todo mundo. Para ter-se uma no\u00e7\u00e3o, cerca de 95% dos incubat\u00f3rios norte americanos e mais de 55% dos incubat\u00f3rios brasileiros utilizam a tecnologia da vacina\u00e7\u00e3o in ovo.\r\n\r\nEntretanto, a tecnologia da nutri\u00e7\u00e3o in ovo ainda n\u00e3o \u00e9 aplicada em escala industrial, por\u00e9m o potencial dos resultados obtidos nas experimenta\u00e7\u00f5es \u00e9 promissor. Apesar de j\u00e1 serem encontradas pesquisas com a nutri\u00e7\u00e3o in ovo para embri\u00f5es de poedeiras, perus, codornas, patos e pombos, aqui ser\u00e3o abordados aspectos da inocula\u00e7\u00e3o in ovo para embri\u00f5es de frangos de corte pois h\u00e1 diferen\u00e7as entre sua aplica\u00e7\u00e3o para as demais esp\u00e9cies.\r\n\r\nOs primeiros estudos relacionados a nutri\u00e7\u00e3o in ovo ou alimenta\u00e7\u00e3o in ovo para embri\u00f5es de frangos de corte s\u00e3o do final da d\u00e9cada de 90 e in\u00edcio dos anos 2000.\r\n\r\nNo ano de 2003, foi desenvolvida uma solu\u00e7\u00e3o nutritiva contendo carboidrato e \u00e1cidos org\u00e2nicos protegida por uma patente (Uni &amp; Ferket, 2003) registrada nos Estado Unidos (registro n. 6.592.878).\r\n\r\nA solu\u00e7\u00e3o foi desenvolvida por dois pesquisadores pioneiros no estudo da nutri\u00e7\u00e3o in ovo, a professora Zehava Uni da Universidade Hebraica de Jerusal\u00e9m de Israel e o professor Peter Ferket da Universidade da Carolina do Norte dos Estados Unidos. A partir desse primeiro registro houve maior n\u00famero de pesquisas relacionadas a nutri\u00e7\u00e3o in ovo.\r\n\r\nNa pr\u00e1tica a t\u00e9cnica consiste na inocula\u00e7\u00e3o de solu\u00e7\u00f5es ex\u00f3genas para auxiliar o desenvolvimento embrion\u00e1rio e a eclos\u00e3o dos pintos. Uma agulha atravessa a casca do ovo, a c\u00e2mara de ar e alcan\u00e7a o local de inocula\u00e7\u00e3o.\r\n\r\nA cavidade amni\u00f3tica tem sido apontada como melhor local para se inocular as solu\u00e7\u00f5es nutritivas, uma vez que o embri\u00e3o do frango de corte ingere o l\u00edquido amni\u00f3tico quando inicia o processo de eclos\u00e3o por volta de 15-16 dias de desenvolvimento embrion\u00e1rio.","protected":false},"author":2,"featured_media":0,"parent":0,"menu_order":0,"template":"","meta":{"_acf_changed":false,"footnotes":""},"categories":[125],"tags":[],"canales":[209],"Idioma":[13],"intereses":[324],"participantes":[],"acf":{"link_podcast1":"https:\/\/images.socialagri.com\/agriFM\/wp-content\/uploads\/2022\/02\/14191748\/Nutricao-in-ovo-frangos-de-corte.mp3","imagen_podcast1":"https:\/\/images.socialagri.com\/agriFM\/wp-content\/uploads\/2022\/02\/23003710\/nutricao-in-ovo-pt1.png"},"yoast_head":"<!-- This site is optimized with the Yoast SEO plugin v22.9 - https:\/\/yoast.com\/wordpress\/plugins\/seo\/ -->\n<title>Os avan\u00e7os da nutri\u00e7\u00e3o in ovo na produ\u00e7\u00e3o de frangos de corte<\/title>\n<meta name=\"description\" content=\"A tecnologia da nutri\u00e7\u00e3o in ovo pode ser considerada uma \u00e1rea de estudo recente na avicultura. Saiba quais avan\u00e7os j\u00e1 foram alcan\u00e7ados.\" \/>\n<meta name=\"robots\" content=\"index, follow, max-snippet:-1, max-image-preview:large, max-video-preview:-1\" \/>\n<link rel=\"canonical\" href=\"https:\/\/socialagri.com\/agriFM\/pt-br\/podcast\/os-avancos-da-nutricao-in-ovo-na-producao-de-frangos-de-corte\/\" \/>\n<meta property=\"og:locale\" content=\"pt_BR\" \/>\n<meta property=\"og:type\" content=\"article\" \/>\n<meta property=\"og:title\" content=\"Os avan\u00e7os da nutri\u00e7\u00e3o in ovo na produ\u00e7\u00e3o de frangos de corte\" \/>\n<meta property=\"og:description\" content=\"A tecnologia da nutri\u00e7\u00e3o in ovo pode ser considerada uma \u00e1rea de estudo recente na avicultura. Saiba quais avan\u00e7os j\u00e1 foram alcan\u00e7ados.\" \/>\n<meta property=\"og:url\" content=\"https:\/\/socialagri.com\/agriFM\/pt-br\/podcast\/os-avancos-da-nutricao-in-ovo-na-producao-de-frangos-de-corte\/\" \/>\n<meta property=\"og:site_name\" content=\"agriFM\" \/>\n<meta property=\"article:modified_time\" content=\"2022-03-03T12:02:21+00:00\" \/>\n<meta name=\"twitter:card\" content=\"summary_large_image\" \/>\n<meta name=\"twitter:label1\" content=\"Est. tempo de leitura\" \/>\n\t<meta name=\"twitter:data1\" content=\"2 minutos\" \/>\n<script type=\"application\/ld+json\" class=\"yoast-schema-graph\">{\"@context\":\"https:\/\/schema.org\",\"@graph\":[{\"@type\":\"WebPage\",\"@id\":\"https:\/\/socialagri.com\/agriFM\/pt-br\/podcast\/os-avancos-da-nutricao-in-ovo-na-producao-de-frangos-de-corte\/\",\"url\":\"https:\/\/socialagri.com\/agriFM\/pt-br\/podcast\/os-avancos-da-nutricao-in-ovo-na-producao-de-frangos-de-corte\/\",\"name\":\"Os avan\u00e7os da nutri\u00e7\u00e3o in ovo na produ\u00e7\u00e3o de frangos de corte\",\"isPartOf\":{\"@id\":\"https:\/\/socialagri.com\/agriFM\/#website\"},\"datePublished\":\"2022-02-14T18:19:21+00:00\",\"dateModified\":\"2022-03-03T12:02:21+00:00\",\"description\":\"A tecnologia da nutri\u00e7\u00e3o in ovo pode ser considerada uma \u00e1rea de estudo recente na avicultura. Saiba quais avan\u00e7os j\u00e1 foram alcan\u00e7ados.\",\"breadcrumb\":{\"@id\":\"https:\/\/socialagri.com\/agriFM\/pt-br\/podcast\/os-avancos-da-nutricao-in-ovo-na-producao-de-frangos-de-corte\/#breadcrumb\"},\"inLanguage\":\"pt-BR\",\"potentialAction\":[{\"@type\":\"ReadAction\",\"target\":[\"https:\/\/socialagri.com\/agriFM\/pt-br\/podcast\/os-avancos-da-nutricao-in-ovo-na-producao-de-frangos-de-corte\/\"]}]},{\"@type\":\"BreadcrumbList\",\"@id\":\"https:\/\/socialagri.com\/agriFM\/pt-br\/podcast\/os-avancos-da-nutricao-in-ovo-na-producao-de-frangos-de-corte\/#breadcrumb\",\"itemListElement\":[{\"@type\":\"ListItem\",\"position\":1,\"name\":\"Portada\",\"item\":\"https:\/\/socialagri.com\/agriFM\/pt-br\/\"},{\"@type\":\"ListItem\",\"position\":2,\"name\":\"Podcast\",\"item\":\"https:\/\/socialagri.com\/agriFM\/es\/podcast\/\"},{\"@type\":\"ListItem\",\"position\":3,\"name\":\"Os avan\u00e7os da nutri\u00e7\u00e3o in ovo na produ\u00e7\u00e3o de frangos de corte &#8211; parte 1\"}]},{\"@type\":\"WebSite\",\"@id\":\"https:\/\/socialagri.com\/agriFM\/#website\",\"url\":\"https:\/\/socialagri.com\/agriFM\/\",\"name\":\"agriFM\",\"description\":\"Otro sitio realizado con WordPress\",\"potentialAction\":[{\"@type\":\"SearchAction\",\"target\":{\"@type\":\"EntryPoint\",\"urlTemplate\":\"https:\/\/socialagri.com\/agriFM\/?s={search_term_string}\"},\"query-input\":\"required name=search_term_string\"}],\"inLanguage\":\"pt-BR\"}]}<\/script>\n<!-- \/ Yoast SEO plugin. -->","yoast_head_json":{"title":"Os avan\u00e7os da nutri\u00e7\u00e3o in ovo na produ\u00e7\u00e3o de frangos de corte","description":"A tecnologia da nutri\u00e7\u00e3o in ovo pode ser considerada uma \u00e1rea de estudo recente na avicultura. Saiba quais avan\u00e7os j\u00e1 foram alcan\u00e7ados.","robots":{"index":"index","follow":"follow","max-snippet":"max-snippet:-1","max-image-preview":"max-image-preview:large","max-video-preview":"max-video-preview:-1"},"canonical":"https:\/\/socialagri.com\/agriFM\/pt-br\/podcast\/os-avancos-da-nutricao-in-ovo-na-producao-de-frangos-de-corte\/","og_locale":"pt_BR","og_type":"article","og_title":"Os avan\u00e7os da nutri\u00e7\u00e3o in ovo na produ\u00e7\u00e3o de frangos de corte","og_description":"A tecnologia da nutri\u00e7\u00e3o in ovo pode ser considerada uma \u00e1rea de estudo recente na avicultura. Saiba quais avan\u00e7os j\u00e1 foram alcan\u00e7ados.","og_url":"https:\/\/socialagri.com\/agriFM\/pt-br\/podcast\/os-avancos-da-nutricao-in-ovo-na-producao-de-frangos-de-corte\/","og_site_name":"agriFM","article_modified_time":"2022-03-03T12:02:21+00:00","twitter_card":"summary_large_image","twitter_misc":{"Est. tempo de leitura":"2 minutos"},"schema":{"@context":"https:\/\/schema.org","@graph":[{"@type":"WebPage","@id":"https:\/\/socialagri.com\/agriFM\/pt-br\/podcast\/os-avancos-da-nutricao-in-ovo-na-producao-de-frangos-de-corte\/","url":"https:\/\/socialagri.com\/agriFM\/pt-br\/podcast\/os-avancos-da-nutricao-in-ovo-na-producao-de-frangos-de-corte\/","name":"Os avan\u00e7os da nutri\u00e7\u00e3o in ovo na produ\u00e7\u00e3o de frangos de corte","isPartOf":{"@id":"https:\/\/socialagri.com\/agriFM\/#website"},"datePublished":"2022-02-14T18:19:21+00:00","dateModified":"2022-03-03T12:02:21+00:00","description":"A tecnologia da nutri\u00e7\u00e3o in ovo pode ser considerada uma \u00e1rea de estudo recente na avicultura. Saiba quais avan\u00e7os j\u00e1 foram alcan\u00e7ados.","breadcrumb":{"@id":"https:\/\/socialagri.com\/agriFM\/pt-br\/podcast\/os-avancos-da-nutricao-in-ovo-na-producao-de-frangos-de-corte\/#breadcrumb"},"inLanguage":"pt-BR","potentialAction":[{"@type":"ReadAction","target":["https:\/\/socialagri.com\/agriFM\/pt-br\/podcast\/os-avancos-da-nutricao-in-ovo-na-producao-de-frangos-de-corte\/"]}]},{"@type":"BreadcrumbList","@id":"https:\/\/socialagri.com\/agriFM\/pt-br\/podcast\/os-avancos-da-nutricao-in-ovo-na-producao-de-frangos-de-corte\/#breadcrumb","itemListElement":[{"@type":"ListItem","position":1,"name":"Portada","item":"https:\/\/socialagri.com\/agriFM\/pt-br\/"},{"@type":"ListItem","position":2,"name":"Podcast","item":"https:\/\/socialagri.com\/agriFM\/es\/podcast\/"},{"@type":"ListItem","position":3,"name":"Os avan\u00e7os da nutri\u00e7\u00e3o in ovo na produ\u00e7\u00e3o de frangos de corte &#8211; parte 1"}]},{"@type":"WebSite","@id":"https:\/\/socialagri.com\/agriFM\/#website","url":"https:\/\/socialagri.com\/agriFM\/","name":"agriFM","description":"Otro sitio realizado con WordPress","potentialAction":[{"@type":"SearchAction","target":{"@type":"EntryPoint","urlTemplate":"https:\/\/socialagri.com\/agriFM\/?s={search_term_string}"},"query-input":"required name=search_term_string"}],"inLanguage":"pt-BR"}]}},"canal_name":"nutriNews Brasil","_links":{"self":[{"href":"https:\/\/socialagri.com\/agriFM\/pt-br\/wp-json\/wp\/v2\/podcast\/5039"}],"collection":[{"href":"https:\/\/socialagri.com\/agriFM\/pt-br\/wp-json\/wp\/v2\/podcast"}],"about":[{"href":"https:\/\/socialagri.com\/agriFM\/pt-br\/wp-json\/wp\/v2\/types\/podcast"}],"author":[{"embeddable":true,"href":"https:\/\/socialagri.com\/agriFM\/pt-br\/wp-json\/wp\/v2\/users\/2"}],"version-history":[{"count":4,"href":"https:\/\/socialagri.com\/agriFM\/pt-br\/wp-json\/wp\/v2\/podcast\/5039\/revisions"}],"predecessor-version":[{"id":5383,"href":"https:\/\/socialagri.com\/agriFM\/pt-br\/wp-json\/wp\/v2\/podcast\/5039\/revisions\/5383"}],"wp:attachment":[{"href":"https:\/\/socialagri.com\/agriFM\/pt-br\/wp-json\/wp\/v2\/media?parent=5039"}],"wp:term":[{"taxonomy":"category","embeddable":true,"href":"https:\/\/socialagri.com\/agriFM\/pt-br\/wp-json\/wp\/v2\/categories?post=5039"},{"taxonomy":"post_tag","embeddable":true,"href":"https:\/\/socialagri.com\/agriFM\/pt-br\/wp-json\/wp\/v2\/tags?post=5039"},{"taxonomy":"canales","embeddable":true,"href":"https:\/\/socialagri.com\/agriFM\/pt-br\/wp-json\/wp\/v2\/canales?post=5039"},{"taxonomy":"Idioma","embeddable":true,"href":"https:\/\/socialagri.com\/agriFM\/pt-br\/wp-json\/wp\/v2\/Idioma?post=5039"},{"taxonomy":"intereses","embeddable":true,"href":"https:\/\/socialagri.com\/agriFM\/pt-br\/wp-json\/wp\/v2\/intereses?post=5039"},{"taxonomy":"participantes","embeddable":true,"href":"https:\/\/socialagri.com\/agriFM\/pt-br\/wp-json\/wp\/v2\/participantes?post=5039"}],"curies":[{"name":"wp","href":"https:\/\/api.w.org\/{rel}","templated":true}]}}

Os avanços da nutrição in ovo na produção de frangos de corte &#8211; parte 1

A ideia de inocular substâncias nutritivas ou não nutritivas para os embriões iniciou-se a partir da prática da vacinação in ovo, que hoje é amplamente utilizada em todo mundo. Para ter-se uma noção, cerca de 95% dos incubatórios norte americanos e mais de 55% dos incubatórios brasileiros utilizam a tecnologia da vacinação in ovo.

Entretanto, a tecnologia da nutrição in ovo ainda não é aplicada em escala industrial, porém o potencial dos resultados obtidos nas experimentações é promissor. Apesar de já serem encontradas pesquisas com a nutrição in ovo para embriões de poedeiras, perus, codornas, patos e pombos, aqui serão abordados aspectos da inoculação in ovo para embriões de frangos de corte pois há diferenças entre sua aplicação para as demais espécies.

Os primeiros estudos relacionados a nutrição in ovo ou alimentação in ovo para embriões de frangos de corte são do final da década de 90 e início dos anos 2000.

No ano de 2003, foi desenvolvida uma solução nutritiva contendo carboidrato e ácidos orgânicos protegida por uma patente (Uni &amp; Ferket, 2003) registrada nos Estado Unidos (registro n. 6.592.878).

A solução foi desenvolvida por dois pesquisadores pioneiros no estudo da nutrição in ovo, a professora Zehava Uni da Universidade Hebraica de Jerusalém de Israel e o professor Peter Ferket da Universidade da Carolina do Norte dos Estados Unidos. A partir desse primeiro registro houve maior número de pesquisas relacionadas a nutrição in ovo.

Na prática a técnica consiste na inoculação de soluções exógenas para auxiliar o desenvolvimento embrionário e a eclosão dos pintos. Uma agulha atravessa a casca do ovo, a câmara de ar e alcança o local de inoculação.

A cavidade amniótica tem sido apontada como melhor local para se inocular as soluções nutritivas, uma vez que o embrião do frango de corte ingere o líquido amniótico quando inicia o processo de eclosão por volta de 15-16 dias de desenvolvimento embrionário.

<!-- This site is optimized with the Yoast SEO plugin v22.9 - https://yoast.com/wordpress/plugins/seo/ -->
<title>Os avanços da nutrição in ovo na produção de frangos de corte</title>
<meta name="description" content="A tecnologia da nutrição in ovo pode ser considerada uma área de estudo recente na avicultura. Saiba quais avanços já foram alcançados." />
<meta name="robots" content="index, follow, max-snippet:-1, max-image-preview:large, max-video-preview:-1" />
<link rel="canonical" href="https://socialagri.com/agriFM/pt-br/podcast/os-avancos-da-nutricao-in-ovo-na-producao-de-frangos-de-corte/" />
<meta property="og:locale" content="pt_BR" />
<meta property="og:type" content="article" />
<meta property="og:title" content="Os avanços da nutrição in ovo na produção de frangos de corte" />
<meta property="og:description" content="A tecnologia da nutrição in ovo pode ser considerada uma área de estudo recente na avicultura. Saiba quais avanços já foram alcançados." />
<meta property="og:url" content="https://socialagri.com/agriFM/pt-br/podcast/os-avancos-da-nutricao-in-ovo-na-producao-de-frangos-de-corte/" />
<meta property="og:site_name" content="agriFM" />
<meta property="article:modified_time" content="2022-03-03T12:02:21+00:00" />
<meta name="twitter:card" content="summary_large_image" />
<meta name="twitter:label1" content="Est. tempo de leitura" />
	<meta name="twitter:data1" content="2 minutos" />
<script type="application/ld+json" class="yoast-schema-graph">{"@context":"https://schema.org","@graph":[{"@type":"WebPage","@id":"https://socialagri.com/agriFM/pt-br/podcast/os-avancos-da-nutricao-in-ovo-na-producao-de-frangos-de-corte/","url":"https://socialagri.com/agriFM/pt-br/podcast/os-avancos-da-nutricao-in-ovo-na-producao-de-frangos-de-corte/","name":"Os avanços da nutrição in ovo na produção de frangos de corte","isPartOf":{"@id":"https://socialagri.com/agriFM/#website"},"datePublished":"2022-02-14T18:19:21+00:00","dateModified":"2022-03-03T12:02:21+00:00","description":"A tecnologia da nutrição in ovo pode ser considerada uma área de estudo recente na avicultura. Saiba quais avanços já foram alcançados.","breadcrumb":{"@id":"https://socialagri.com/agriFM/pt-br/podcast/os-avancos-da-nutricao-in-ovo-na-producao-de-frangos-de-corte/#breadcrumb"},"inLanguage":"pt-BR","potentialAction":[{"@type":"ReadAction","target":["https://socialagri.com/agriFM/pt-br/podcast/os-avancos-da-nutricao-in-ovo-na-producao-de-frangos-de-corte/"]}]},{"@type":"BreadcrumbList","@id":"https://socialagri.com/agriFM/pt-br/podcast/os-avancos-da-nutricao-in-ovo-na-producao-de-frangos-de-corte/#breadcrumb","itemListElement":[{"@type":"ListItem","position":1,"name":"Portada","item":"https://socialagri.com/agriFM/pt-br/"},{"@type":"ListItem","position":2,"name":"Podcast","item":"https://socialagri.com/agriFM/es/podcast/"},{"@type":"ListItem","position":3,"name":"Os avanços da nutrição in ovo na produção de frangos de corte &#8211; parte 1"}]},{"@type":"WebSite","@id":"https://socialagri.com/agriFM/#website","url":"https://socialagri.com/agriFM/","name":"agriFM","description":"Otro sitio realizado con WordPress","potentialAction":[{"@type":"SearchAction","target":{"@type":"EntryPoint","urlTemplate":"https://socialagri.com/agriFM/?s={search_term_string}"},"query-input":"required name=search_term_string"}],"inLanguage":"pt-BR"}]}</script>
<!-- / Yoast SEO plugin. -->

Os avanços da nutrição in ovo na produção de frangos de corte

A tecnologia da nutrição in ovo pode ser considerada uma área de estudo recente na avicultura. Saiba quais avanços já foram alcançados.
