{"id":4742,"date":"2022-01-23T01:41:42","date_gmt":"2022-01-23T00:41:42","guid":{"rendered":"https:\/\/socialagri.com\/agriFM\/?post_type=podcast&#038;p=4742"},"modified":"2022-01-23T02:02:55","modified_gmt":"2022-01-23T01:02:55","slug":"desafios-e-perspectivas-para-aplicacao-de-tecnologias-inovadoras-para-descontaminacao-de-micotoxinas-em-cereais-parte-2","status":"publish","type":"podcast","link":"https:\/\/socialagri.com\/agriFM\/pt-br\/podcast\/desafios-e-perspectivas-para-aplicacao-de-tecnologias-inovadoras-para-descontaminacao-de-micotoxinas-em-cereais-parte-2\/","title":{"rendered":"Desafios e perspectivas para aplica\u00e7\u00e3o de tecnologias inovadoras para descontamina\u00e7\u00e3o de micotoxinas em cereais &#8211; parte 2"},"content":{"rendered":"As micotoxinas presentes no material alimentar s\u00e3o degradadas por esp\u00e9cies reativas como O, O3, OH, NO e NO\u2082 geradas pelo plasma a frio. As esp\u00e9cies reativas geradas pelo plasma a frio atacam as liga\u00e7\u00f5es qu\u00edmicas das mol\u00e9culas de micotoxinas, resultando em sua degrada\u00e7\u00e3o ou convers\u00e3o para outros produtos (Misra et al., 2019).\r\nEsta t\u00e9cnica oferece alta inativa\u00e7\u00e3o de micotoxinas entre 5 a 30\u00b0C sem afetar atributos de qualidade em rela\u00e7\u00e3o \u00e0s t\u00e9cnicas convencionais\/tradicionais. Esta tecnologia se mostrou promissora ao manter as propriedades nutricionais e sensoriais, mantendo assim a qualidade dos gr\u00e3os de cereais.\r\n\r\nNo entanto, a efici\u00eancia do plasma a frio depende da, estrutura das micotoxinas, caracter\u00edsticas dos gr\u00e3os e superf\u00edcie.\r\n\r\nSelcuk et al. (2008) usaram o plasma a frio sobre esporos de A. flavus e A. parasiticus em superf\u00edcies de gr\u00e3os. Esta t\u00e9cnica n\u00e3o t\u00e9rmica reduziu a infec\u00e7\u00e3o f\u00fangica para menos de 1% sem afetar a qualidade das sementes. Ap\u00f3s o tratamento com plasma observou-se uma redu\u00e7\u00e3o significativa dos esporos f\u00fangicos.\r\n\r\nWielogorska et al. (2019) exploraram o uso de plasma a frio para inativar micotoxinas no milho.\r\nO tempo de tratamento de 10 minutos removeu cerca de 66% de AB\u2081 e FB\u2081 em gr\u00e3os de milho.\r\n\r\nNo tratamento com plasma, a degrada\u00e7\u00e3o depende da estrutura molecular da micotoxina, da natureza da qu\u00edmica plasm\u00e1tica e da intera\u00e7\u00e3o de esp\u00e9cies reativas com toxinas.\r\n\r\n<strong>Luz Pulsada<\/strong>\r\n\r\nA luz pulsada \u00e9 uma das tecnologias promissoras utilizadas para a descontamina\u00e7\u00e3o de gr\u00e3os. \u00c9 uma alternativa potencial \u00e0s tecnologias tradicionais sem afetar significativamente a qualidade dos gr\u00e3os.\r\n\r\nPor\u00e9m, a luz pulsada tem baixa capacidade de penetrar no gr\u00e3o e diminui a porcentagem de germina\u00e7\u00e3o das sementes usadas para brota\u00e7\u00e3o. A efici\u00eancia de descontamina\u00e7\u00e3o da luz pulsada deve-se ao amplo espectro de luz ultra-violeta (UV), flashes curtos e pot\u00eancia m\u00e1xima (John e Ramaswamy, 2018).\r\n\r\nA efici\u00eancia de descontamina\u00e7\u00e3o da luz pulsada deve-se ao amplo espectro de luz ultra-violeta (UV), flashes curtos e pot\u00eancia m\u00e1xima (John e Ramaswamy, 2018).\r\n\r\nA luz pulsada \u00e9 uma t\u00e9cnica econ\u00f4mica e n\u00e3o t\u00e9rmica que n\u00e3o deixa res\u00edduos no material alimentar.\r\n\r\nNo entanto, muitos fatores como matriz e espessura do material alimentar, composi\u00e7\u00e3o e tipo de micotoxina podem influenciar o tratamento da luz pulsada. Al\u00e9m disso, as condi\u00e7\u00f5es de processamento da luz pulsada, tais como o n\u00famero de pulsos utilizados para o tratamento, pot\u00eancia dos pulsos e dist\u00e2ncia entre a l\u00e2mpada e a amostra durante o tratamento, tamb\u00e9m afetam fortemente a efici\u00eancia do <a href=\"https:\/\/socialagri.com\/agriFM\/pt-br\/podcast\/os-impactos-das-micotoxinas-na-producao-de-suinos\/\">tratamento <\/a>(Abuagela et al., 2019).","protected":false},"author":2,"featured_media":0,"parent":0,"menu_order":0,"template":"","meta":{"_acf_changed":false,"footnotes":""},"categories":[127],"tags":[],"canales":[209],"Idioma":[13],"intereses":[324],"participantes":[],"acf":{"link_podcast1":"https:\/\/nutrinewsbrasil.com\/wp-content\/uploads\/2022\/01\/pt2-desafios-e-perspectivas-micotoxinas.mp3","imagen_podcast1":"https:\/\/nutrinewsbrasil.com\/wp-content\/uploads\/2022\/01\/desafios-e-perspectivas-micotoxinas-pt2.png"},"yoast_head":"<!-- This site is optimized with the Yoast SEO plugin v22.9 - https:\/\/yoast.com\/wordpress\/plugins\/seo\/ -->\n<title>Tecnologias para descontamina\u00e7\u00e3o de micotoxinas em cereais<\/title>\n<meta name=\"description\" content=\"Desafios e perspectivas para aplica\u00e7\u00e3o de tecnologias inovadoras para descontamina\u00e7\u00e3o de micotoxinas em cereais.\" \/>\n<meta name=\"robots\" content=\"index, follow, max-snippet:-1, max-image-preview:large, max-video-preview:-1\" \/>\n<link rel=\"canonical\" href=\"https:\/\/socialagri.com\/agriFM\/pt-br\/podcast\/desafios-e-perspectivas-para-aplicacao-de-tecnologias-inovadoras-para-descontaminacao-de-micotoxinas-em-cereais-parte-2\/\" \/>\n<meta property=\"og:locale\" content=\"pt_BR\" \/>\n<meta property=\"og:type\" content=\"article\" \/>\n<meta property=\"og:title\" content=\"Tecnologias para descontamina\u00e7\u00e3o de micotoxinas em cereais\" \/>\n<meta property=\"og:description\" content=\"Desafios e perspectivas para aplica\u00e7\u00e3o de tecnologias inovadoras para descontamina\u00e7\u00e3o de micotoxinas em cereais.\" \/>\n<meta property=\"og:url\" content=\"https:\/\/socialagri.com\/agriFM\/pt-br\/podcast\/desafios-e-perspectivas-para-aplicacao-de-tecnologias-inovadoras-para-descontaminacao-de-micotoxinas-em-cereais-parte-2\/\" \/>\n<meta property=\"og:site_name\" content=\"agriFM\" \/>\n<meta property=\"article:modified_time\" content=\"2022-01-23T01:02:55+00:00\" \/>\n<meta name=\"twitter:card\" content=\"summary_large_image\" \/>\n<meta name=\"twitter:label1\" content=\"Est. tempo de leitura\" \/>\n\t<meta name=\"twitter:data1\" content=\"2 minutos\" \/>\n<script type=\"application\/ld+json\" class=\"yoast-schema-graph\">{\"@context\":\"https:\/\/schema.org\",\"@graph\":[{\"@type\":\"WebPage\",\"@id\":\"https:\/\/socialagri.com\/agriFM\/pt-br\/podcast\/desafios-e-perspectivas-para-aplicacao-de-tecnologias-inovadoras-para-descontaminacao-de-micotoxinas-em-cereais-parte-2\/\",\"url\":\"https:\/\/socialagri.com\/agriFM\/pt-br\/podcast\/desafios-e-perspectivas-para-aplicacao-de-tecnologias-inovadoras-para-descontaminacao-de-micotoxinas-em-cereais-parte-2\/\",\"name\":\"Tecnologias para descontamina\u00e7\u00e3o de micotoxinas em cereais\",\"isPartOf\":{\"@id\":\"https:\/\/socialagri.com\/agriFM\/#website\"},\"datePublished\":\"2022-01-23T00:41:42+00:00\",\"dateModified\":\"2022-01-23T01:02:55+00:00\",\"description\":\"Desafios e perspectivas para aplica\u00e7\u00e3o de tecnologias inovadoras para descontamina\u00e7\u00e3o de micotoxinas em cereais.\",\"breadcrumb\":{\"@id\":\"https:\/\/socialagri.com\/agriFM\/pt-br\/podcast\/desafios-e-perspectivas-para-aplicacao-de-tecnologias-inovadoras-para-descontaminacao-de-micotoxinas-em-cereais-parte-2\/#breadcrumb\"},\"inLanguage\":\"pt-BR\",\"potentialAction\":[{\"@type\":\"ReadAction\",\"target\":[\"https:\/\/socialagri.com\/agriFM\/pt-br\/podcast\/desafios-e-perspectivas-para-aplicacao-de-tecnologias-inovadoras-para-descontaminacao-de-micotoxinas-em-cereais-parte-2\/\"]}]},{\"@type\":\"BreadcrumbList\",\"@id\":\"https:\/\/socialagri.com\/agriFM\/pt-br\/podcast\/desafios-e-perspectivas-para-aplicacao-de-tecnologias-inovadoras-para-descontaminacao-de-micotoxinas-em-cereais-parte-2\/#breadcrumb\",\"itemListElement\":[{\"@type\":\"ListItem\",\"position\":1,\"name\":\"Portada\",\"item\":\"https:\/\/socialagri.com\/agriFM\/pt-br\/\"},{\"@type\":\"ListItem\",\"position\":2,\"name\":\"Podcast\",\"item\":\"https:\/\/socialagri.com\/agriFM\/es\/podcast\/\"},{\"@type\":\"ListItem\",\"position\":3,\"name\":\"Desafios e perspectivas para aplica\u00e7\u00e3o de tecnologias inovadoras para descontamina\u00e7\u00e3o de micotoxinas em cereais &#8211; parte 2\"}]},{\"@type\":\"WebSite\",\"@id\":\"https:\/\/socialagri.com\/agriFM\/#website\",\"url\":\"https:\/\/socialagri.com\/agriFM\/\",\"name\":\"agriFM\",\"description\":\"Otro sitio realizado con WordPress\",\"potentialAction\":[{\"@type\":\"SearchAction\",\"target\":{\"@type\":\"EntryPoint\",\"urlTemplate\":\"https:\/\/socialagri.com\/agriFM\/?s={search_term_string}\"},\"query-input\":\"required name=search_term_string\"}],\"inLanguage\":\"pt-BR\"}]}<\/script>\n<!-- \/ Yoast SEO plugin. -->","yoast_head_json":{"title":"Tecnologias para descontamina\u00e7\u00e3o de micotoxinas em cereais","description":"Desafios e perspectivas para aplica\u00e7\u00e3o de tecnologias inovadoras para descontamina\u00e7\u00e3o de micotoxinas em cereais.","robots":{"index":"index","follow":"follow","max-snippet":"max-snippet:-1","max-image-preview":"max-image-preview:large","max-video-preview":"max-video-preview:-1"},"canonical":"https:\/\/socialagri.com\/agriFM\/pt-br\/podcast\/desafios-e-perspectivas-para-aplicacao-de-tecnologias-inovadoras-para-descontaminacao-de-micotoxinas-em-cereais-parte-2\/","og_locale":"pt_BR","og_type":"article","og_title":"Tecnologias para descontamina\u00e7\u00e3o de micotoxinas em cereais","og_description":"Desafios e perspectivas para aplica\u00e7\u00e3o de tecnologias inovadoras para descontamina\u00e7\u00e3o de micotoxinas em cereais.","og_url":"https:\/\/socialagri.com\/agriFM\/pt-br\/podcast\/desafios-e-perspectivas-para-aplicacao-de-tecnologias-inovadoras-para-descontaminacao-de-micotoxinas-em-cereais-parte-2\/","og_site_name":"agriFM","article_modified_time":"2022-01-23T01:02:55+00:00","twitter_card":"summary_large_image","twitter_misc":{"Est. tempo de leitura":"2 minutos"},"schema":{"@context":"https:\/\/schema.org","@graph":[{"@type":"WebPage","@id":"https:\/\/socialagri.com\/agriFM\/pt-br\/podcast\/desafios-e-perspectivas-para-aplicacao-de-tecnologias-inovadoras-para-descontaminacao-de-micotoxinas-em-cereais-parte-2\/","url":"https:\/\/socialagri.com\/agriFM\/pt-br\/podcast\/desafios-e-perspectivas-para-aplicacao-de-tecnologias-inovadoras-para-descontaminacao-de-micotoxinas-em-cereais-parte-2\/","name":"Tecnologias para descontamina\u00e7\u00e3o de micotoxinas em cereais","isPartOf":{"@id":"https:\/\/socialagri.com\/agriFM\/#website"},"datePublished":"2022-01-23T00:41:42+00:00","dateModified":"2022-01-23T01:02:55+00:00","description":"Desafios e perspectivas para aplica\u00e7\u00e3o de tecnologias inovadoras para descontamina\u00e7\u00e3o de micotoxinas em cereais.","breadcrumb":{"@id":"https:\/\/socialagri.com\/agriFM\/pt-br\/podcast\/desafios-e-perspectivas-para-aplicacao-de-tecnologias-inovadoras-para-descontaminacao-de-micotoxinas-em-cereais-parte-2\/#breadcrumb"},"inLanguage":"pt-BR","potentialAction":[{"@type":"ReadAction","target":["https:\/\/socialagri.com\/agriFM\/pt-br\/podcast\/desafios-e-perspectivas-para-aplicacao-de-tecnologias-inovadoras-para-descontaminacao-de-micotoxinas-em-cereais-parte-2\/"]}]},{"@type":"BreadcrumbList","@id":"https:\/\/socialagri.com\/agriFM\/pt-br\/podcast\/desafios-e-perspectivas-para-aplicacao-de-tecnologias-inovadoras-para-descontaminacao-de-micotoxinas-em-cereais-parte-2\/#breadcrumb","itemListElement":[{"@type":"ListItem","position":1,"name":"Portada","item":"https:\/\/socialagri.com\/agriFM\/pt-br\/"},{"@type":"ListItem","position":2,"name":"Podcast","item":"https:\/\/socialagri.com\/agriFM\/es\/podcast\/"},{"@type":"ListItem","position":3,"name":"Desafios e perspectivas para aplica\u00e7\u00e3o de tecnologias inovadoras para descontamina\u00e7\u00e3o de micotoxinas em cereais &#8211; parte 2"}]},{"@type":"WebSite","@id":"https:\/\/socialagri.com\/agriFM\/#website","url":"https:\/\/socialagri.com\/agriFM\/","name":"agriFM","description":"Otro sitio realizado con WordPress","potentialAction":[{"@type":"SearchAction","target":{"@type":"EntryPoint","urlTemplate":"https:\/\/socialagri.com\/agriFM\/?s={search_term_string}"},"query-input":"required name=search_term_string"}],"inLanguage":"pt-BR"}]}},"canal_name":"nutriNews Brasil","_links":{"self":[{"href":"https:\/\/socialagri.com\/agriFM\/pt-br\/wp-json\/wp\/v2\/podcast\/4742"}],"collection":[{"href":"https:\/\/socialagri.com\/agriFM\/pt-br\/wp-json\/wp\/v2\/podcast"}],"about":[{"href":"https:\/\/socialagri.com\/agriFM\/pt-br\/wp-json\/wp\/v2\/types\/podcast"}],"author":[{"embeddable":true,"href":"https:\/\/socialagri.com\/agriFM\/pt-br\/wp-json\/wp\/v2\/users\/2"}],"version-history":[{"count":2,"href":"https:\/\/socialagri.com\/agriFM\/pt-br\/wp-json\/wp\/v2\/podcast\/4742\/revisions"}],"predecessor-version":[{"id":4744,"href":"https:\/\/socialagri.com\/agriFM\/pt-br\/wp-json\/wp\/v2\/podcast\/4742\/revisions\/4744"}],"wp:attachment":[{"href":"https:\/\/socialagri.com\/agriFM\/pt-br\/wp-json\/wp\/v2\/media?parent=4742"}],"wp:term":[{"taxonomy":"category","embeddable":true,"href":"https:\/\/socialagri.com\/agriFM\/pt-br\/wp-json\/wp\/v2\/categories?post=4742"},{"taxonomy":"post_tag","embeddable":true,"href":"https:\/\/socialagri.com\/agriFM\/pt-br\/wp-json\/wp\/v2\/tags?post=4742"},{"taxonomy":"canales","embeddable":true,"href":"https:\/\/socialagri.com\/agriFM\/pt-br\/wp-json\/wp\/v2\/canales?post=4742"},{"taxonomy":"Idioma","embeddable":true,"href":"https:\/\/socialagri.com\/agriFM\/pt-br\/wp-json\/wp\/v2\/Idioma?post=4742"},{"taxonomy":"intereses","embeddable":true,"href":"https:\/\/socialagri.com\/agriFM\/pt-br\/wp-json\/wp\/v2\/intereses?post=4742"},{"taxonomy":"participantes","embeddable":true,"href":"https:\/\/socialagri.com\/agriFM\/pt-br\/wp-json\/wp\/v2\/participantes?post=4742"}],"curies":[{"name":"wp","href":"https:\/\/api.w.org\/{rel}","templated":true}]}}

Desafios e perspectivas para aplicação de tecnologias inovadoras para descontaminação de micotoxinas em cereais &#8211; parte 2

As micotoxinas presentes no material alimentar são degradadas por espécies reativas como O, O3, OH, NO e NO₂ geradas pelo plasma a frio. As espécies reativas geradas pelo plasma a frio atacam as ligações químicas das moléculas de micotoxinas, resultando em sua degradação ou conversão para outros produtos (Misra et al., 2019).
Esta técnica oferece alta inativação de micotoxinas entre 5 a 30°C sem afetar atributos de qualidade em relação às técnicas convencionais/tradicionais. Esta tecnologia se mostrou promissora ao manter as propriedades nutricionais e sensoriais, mantendo assim a qualidade dos grãos de cereais.

No entanto, a eficiência do plasma a frio depende da, estrutura das micotoxinas, características dos grãos e superfície.

Selcuk et al. (2008) usaram o plasma a frio sobre esporos de A. flavus e A. parasiticus em superfícies de grãos. Esta técnica não térmica reduziu a infecção fúngica para menos de 1% sem afetar a qualidade das sementes. Após o tratamento com plasma observou-se uma redução significativa dos esporos fúngicos.

Wielogorska et al. (2019) exploraram o uso de plasma a frio para inativar micotoxinas no milho.
O tempo de tratamento de 10 minutos removeu cerca de 66% de AB₁ e FB₁ em grãos de milho.

No tratamento com plasma, a degradação depende da estrutura molecular da micotoxina, da natureza da química plasmática e da interação de espécies reativas com toxinas.

<strong>Luz Pulsada</strong>

A luz pulsada é uma das tecnologias promissoras utilizadas para a descontaminação de grãos. É uma alternativa potencial às tecnologias tradicionais sem afetar significativamente a qualidade dos grãos.

Porém, a luz pulsada tem baixa capacidade de penetrar no grão e diminui a porcentagem de germinação das sementes usadas para brotação. A eficiência de descontaminação da luz pulsada deve-se ao amplo espectro de luz ultra-violeta (UV), flashes curtos e potência máxima (John e Ramaswamy, 2018).

A eficiência de descontaminação da luz pulsada deve-se ao amplo espectro de luz ultra-violeta (UV), flashes curtos e potência máxima (John e Ramaswamy, 2018).

A luz pulsada é uma técnica econômica e não térmica que não deixa resíduos no material alimentar.

No entanto, muitos fatores como matriz e espessura do material alimentar, composição e tipo de micotoxina podem influenciar o tratamento da luz pulsada. Além disso, as condições de processamento da luz pulsada, tais como o número de pulsos utilizados para o tratamento, potência dos pulsos e distância entre a lâmpada e a amostra durante o tratamento, também afetam fortemente a eficiência do <a href="https://socialagri.com/agriFM/pt-br/podcast/os-impactos-das-micotoxinas-na-producao-de-suinos/">tratamento </a>(Abuagela et al., 2019).

<!-- This site is optimized with the Yoast SEO plugin v22.9 - https://yoast.com/wordpress/plugins/seo/ -->
<title>Tecnologias para descontaminação de micotoxinas em cereais</title>
<meta name="description" content="Desafios e perspectivas para aplicação de tecnologias inovadoras para descontaminação de micotoxinas em cereais." />
<meta name="robots" content="index, follow, max-snippet:-1, max-image-preview:large, max-video-preview:-1" />
<link rel="canonical" href="https://socialagri.com/agriFM/pt-br/podcast/desafios-e-perspectivas-para-aplicacao-de-tecnologias-inovadoras-para-descontaminacao-de-micotoxinas-em-cereais-parte-2/" />
<meta property="og:locale" content="pt_BR" />
<meta property="og:type" content="article" />
<meta property="og:title" content="Tecnologias para descontaminação de micotoxinas em cereais" />
<meta property="og:description" content="Desafios e perspectivas para aplicação de tecnologias inovadoras para descontaminação de micotoxinas em cereais." />
<meta property="og:url" content="https://socialagri.com/agriFM/pt-br/podcast/desafios-e-perspectivas-para-aplicacao-de-tecnologias-inovadoras-para-descontaminacao-de-micotoxinas-em-cereais-parte-2/" />
<meta property="og:site_name" content="agriFM" />
<meta property="article:modified_time" content="2022-01-23T01:02:55+00:00" />
<meta name="twitter:card" content="summary_large_image" />
<meta name="twitter:label1" content="Est. tempo de leitura" />
	<meta name="twitter:data1" content="2 minutos" />
<script type="application/ld+json" class="yoast-schema-graph">{"@context":"https://schema.org","@graph":[{"@type":"WebPage","@id":"https://socialagri.com/agriFM/pt-br/podcast/desafios-e-perspectivas-para-aplicacao-de-tecnologias-inovadoras-para-descontaminacao-de-micotoxinas-em-cereais-parte-2/","url":"https://socialagri.com/agriFM/pt-br/podcast/desafios-e-perspectivas-para-aplicacao-de-tecnologias-inovadoras-para-descontaminacao-de-micotoxinas-em-cereais-parte-2/","name":"Tecnologias para descontaminação de micotoxinas em cereais","isPartOf":{"@id":"https://socialagri.com/agriFM/#website"},"datePublished":"2022-01-23T00:41:42+00:00","dateModified":"2022-01-23T01:02:55+00:00","description":"Desafios e perspectivas para aplicação de tecnologias inovadoras para descontaminação de micotoxinas em cereais.","breadcrumb":{"@id":"https://socialagri.com/agriFM/pt-br/podcast/desafios-e-perspectivas-para-aplicacao-de-tecnologias-inovadoras-para-descontaminacao-de-micotoxinas-em-cereais-parte-2/#breadcrumb"},"inLanguage":"pt-BR","potentialAction":[{"@type":"ReadAction","target":["https://socialagri.com/agriFM/pt-br/podcast/desafios-e-perspectivas-para-aplicacao-de-tecnologias-inovadoras-para-descontaminacao-de-micotoxinas-em-cereais-parte-2/"]}]},{"@type":"BreadcrumbList","@id":"https://socialagri.com/agriFM/pt-br/podcast/desafios-e-perspectivas-para-aplicacao-de-tecnologias-inovadoras-para-descontaminacao-de-micotoxinas-em-cereais-parte-2/#breadcrumb","itemListElement":[{"@type":"ListItem","position":1,"name":"Portada","item":"https://socialagri.com/agriFM/pt-br/"},{"@type":"ListItem","position":2,"name":"Podcast","item":"https://socialagri.com/agriFM/es/podcast/"},{"@type":"ListItem","position":3,"name":"Desafios e perspectivas para aplicação de tecnologias inovadoras para descontaminação de micotoxinas em cereais &#8211; parte 2"}]},{"@type":"WebSite","@id":"https://socialagri.com/agriFM/#website","url":"https://socialagri.com/agriFM/","name":"agriFM","description":"Otro sitio realizado con WordPress","potentialAction":[{"@type":"SearchAction","target":{"@type":"EntryPoint","urlTemplate":"https://socialagri.com/agriFM/?s={search_term_string}"},"query-input":"required name=search_term_string"}],"inLanguage":"pt-BR"}]}</script>
<!-- / Yoast SEO plugin. -->

Tecnologias para descontaminação de micotoxinas em cereais

Desafios e perspectivas para aplicação de tecnologias inovadoras para descontaminação de micotoxinas em cereais.
