{"id":4434,"date":"2021-12-17T14:32:09","date_gmt":"2021-12-17T13:32:09","guid":{"rendered":"https:\/\/socialagri.com\/agriFM\/?post_type=podcast&#038;p=4434"},"modified":"2022-01-27T20:21:20","modified_gmt":"2022-01-27T19:21:20","slug":"a-producao-de-ovos-no-seculo-xxi","status":"publish","type":"podcast","link":"https:\/\/socialagri.com\/agriFM\/pt-br\/podcast\/a-producao-de-ovos-no-seculo-xxi\/","title":{"rendered":"A produ\u00e7\u00e3o de ovos no s\u00e9culo XXI"},"content":{"rendered":"Nessa entrevista conversamos com a Zootecnista Camila Cuencas, Gestora de Opera\u00e7\u00f5es Industriais da <a href=\"https:\/\/katayamaalimentos.com.br\/\" target=\"_blank\" rel=\"noopener\">Katayama Alimentos<\/a>, a ind\u00fastria foi fundada h\u00e1 80 anos em Guararapes (SP) e entre 2016 e 202 cresceu 78%, chegando a produzir 1 bilh\u00e3o de ovos em 2020.\r\n\r\nCamila nos contou sobre a Katayama, h\u00e1 quanto tempo a ind\u00fastria existe, qual o tamanho da empresa, quais produtos s\u00e3o produzidos, quais as diretrizes que a empresa segue, entre outras coisas. Lembrando que a\u00a0Katayama Alimentos faz parte do Grupo Katayama, que tamb\u00e9m atua nos segmentos de pecu\u00e1ria e fertilizantes org\u00e2nicos.\r\n\r\nAl\u00e9m de comentar, de modo geral, da empresa, Camila tamb\u00e9m contou o que faz uma Gestora de Opera\u00e7\u00f5es Industriais, explicando um pouquinho mais sobre o seu trabalho dentro da empresa. Foi comentado que no primeiro bimestre de 2021, o Brasil exportou 3,177 mil toneladas de ovos. Est\u00e1 certo que o ano de 2020 foi o pior dos \u00faltimos dez anos em volume de exporta\u00e7\u00e3o, mas os resultados do 1\u00ba bimestre de 2021 corresponderam a quase 60% de todo o volume que foi exportado durante o ano de 2020. Numa conta bem grosseira, se o ritmo de exporta\u00e7\u00e3o continuasse at\u00e9 o final do ano, na metade da velocidade desses dois primeiros meses de 2021, poder\u00edamos chegar a cerca de 9,5 mil toneladas de ovos exportados (quase o dobro de 2020 e perto dos patamares exportados em 2016). Perguntou-se ent\u00e3o como a equipe Katayama Alimentos, que \u00e9 uma das exportadoras de ovos do Brasil, estaria avaliando essas exporta\u00e7\u00f5es no ano de 2021.\r\n\r\nCamila tamb\u00e9m definiu o que seria produzir ovos no s\u00e9culo XXI, pensando sempre no consumidor atual, que est\u00e1 mais preocupado com a sa\u00fade e exige uma transpar\u00eancia das informa\u00e7\u00f5es, sobre como \u00e9 a produ\u00e7\u00e3o, se os animais s\u00e3o bem tratados e sobre os cuidados com o meio ambiente.\r\n\r\nSe voc\u00ea quiser acompanhar entrevistas como essa ao vivo, siga-nos em nosso perfil no Instagram:\u00a0<a href=\"https:\/\/www.instagram.com\/avinewsbrasil\/\" target=\"_blank\" rel=\"noopener\">@avinewsbrasil<\/a>\r\n\r\nE se quiser acompanhar a live em v\u00eddeo \u00e9 s\u00f3 clicar\u00a0<a href=\"https:\/\/www.youtube.com\/watch?v=ODpiF49_gLw&amp;t=5s\" target=\"_blank\" rel=\"noopener\">aqui<\/a>!","protected":false},"author":2,"featured_media":0,"parent":0,"menu_order":0,"template":"","meta":{"_acf_changed":false,"footnotes":""},"categories":[125],"tags":[],"canales":[208],"Idioma":[13],"intereses":[322],"participantes":[],"acf":{"link_podcast1":"https:\/\/images.socialagri.com\/agriFM\/wp-content\/uploads\/2022\/01\/27202109\/Live-producao-ovos-camila-cuenca.mp3","imagen_podcast1":"https:\/\/images.socialagri.com\/agriFM\/wp-content\/uploads\/2021\/12\/17141936\/live-producao-ovos-seculo-xxi-Camila-Cuencas.png"},"yoast_head":"<!-- This site is optimized with the Yoast SEO plugin v22.9 - https:\/\/yoast.com\/wordpress\/plugins\/seo\/ -->\n<title>A produ\u00e7\u00e3o de ovos no s\u00e9culo XXI - agriFM<\/title>\n<meta name=\"description\" content=\"A Katayama Alimentos foi fundada h\u00e1 80 anos, em 2020 produziu 1 bilh\u00e3o de ovos, conversamos com a Camila Cuencas sobre esse crescimento!\" \/>\n<meta name=\"robots\" content=\"index, follow, max-snippet:-1, max-image-preview:large, max-video-preview:-1\" \/>\n<link rel=\"canonical\" href=\"https:\/\/socialagri.com\/agriFM\/pt-br\/podcast\/a-producao-de-ovos-no-seculo-xxi\/\" \/>\n<meta property=\"og:locale\" content=\"pt_BR\" \/>\n<meta property=\"og:type\" content=\"article\" \/>\n<meta property=\"og:title\" content=\"A produ\u00e7\u00e3o de ovos no s\u00e9culo XXI - agriFM\" \/>\n<meta property=\"og:description\" content=\"A Katayama Alimentos foi fundada h\u00e1 80 anos, em 2020 produziu 1 bilh\u00e3o de ovos, conversamos com a Camila Cuencas sobre esse crescimento!\" \/>\n<meta property=\"og:url\" content=\"https:\/\/socialagri.com\/agriFM\/pt-br\/podcast\/a-producao-de-ovos-no-seculo-xxi\/\" \/>\n<meta property=\"og:site_name\" content=\"agriFM\" \/>\n<meta property=\"article:modified_time\" content=\"2022-01-27T19:21:20+00:00\" \/>\n<meta name=\"twitter:card\" content=\"summary_large_image\" \/>\n<meta name=\"twitter:label1\" content=\"Est. tempo de leitura\" \/>\n\t<meta name=\"twitter:data1\" content=\"2 minutos\" \/>\n<script type=\"application\/ld+json\" class=\"yoast-schema-graph\">{\"@context\":\"https:\/\/schema.org\",\"@graph\":[{\"@type\":\"WebPage\",\"@id\":\"https:\/\/socialagri.com\/agriFM\/pt-br\/podcast\/a-producao-de-ovos-no-seculo-xxi\/\",\"url\":\"https:\/\/socialagri.com\/agriFM\/pt-br\/podcast\/a-producao-de-ovos-no-seculo-xxi\/\",\"name\":\"A produ\u00e7\u00e3o de ovos no s\u00e9culo XXI - agriFM\",\"isPartOf\":{\"@id\":\"https:\/\/socialagri.com\/agriFM\/#website\"},\"datePublished\":\"2021-12-17T13:32:09+00:00\",\"dateModified\":\"2022-01-27T19:21:20+00:00\",\"description\":\"A Katayama Alimentos foi fundada h\u00e1 80 anos, em 2020 produziu 1 bilh\u00e3o de ovos, conversamos com a Camila Cuencas sobre esse crescimento!\",\"breadcrumb\":{\"@id\":\"https:\/\/socialagri.com\/agriFM\/pt-br\/podcast\/a-producao-de-ovos-no-seculo-xxi\/#breadcrumb\"},\"inLanguage\":\"pt-BR\",\"potentialAction\":[{\"@type\":\"ReadAction\",\"target\":[\"https:\/\/socialagri.com\/agriFM\/pt-br\/podcast\/a-producao-de-ovos-no-seculo-xxi\/\"]}]},{\"@type\":\"BreadcrumbList\",\"@id\":\"https:\/\/socialagri.com\/agriFM\/pt-br\/podcast\/a-producao-de-ovos-no-seculo-xxi\/#breadcrumb\",\"itemListElement\":[{\"@type\":\"ListItem\",\"position\":1,\"name\":\"Portada\",\"item\":\"https:\/\/socialagri.com\/agriFM\/pt-br\/\"},{\"@type\":\"ListItem\",\"position\":2,\"name\":\"Podcast\",\"item\":\"https:\/\/socialagri.com\/agriFM\/es\/podcast\/\"},{\"@type\":\"ListItem\",\"position\":3,\"name\":\"A produ\u00e7\u00e3o de ovos no s\u00e9culo XXI\"}]},{\"@type\":\"WebSite\",\"@id\":\"https:\/\/socialagri.com\/agriFM\/#website\",\"url\":\"https:\/\/socialagri.com\/agriFM\/\",\"name\":\"agriFM\",\"description\":\"Otro sitio realizado con WordPress\",\"potentialAction\":[{\"@type\":\"SearchAction\",\"target\":{\"@type\":\"EntryPoint\",\"urlTemplate\":\"https:\/\/socialagri.com\/agriFM\/?s={search_term_string}\"},\"query-input\":\"required name=search_term_string\"}],\"inLanguage\":\"pt-BR\"}]}<\/script>\n<!-- \/ Yoast SEO plugin. -->","yoast_head_json":{"title":"A produ\u00e7\u00e3o de ovos no s\u00e9culo XXI - agriFM","description":"A Katayama Alimentos foi fundada h\u00e1 80 anos, em 2020 produziu 1 bilh\u00e3o de ovos, conversamos com a Camila Cuencas sobre esse crescimento!","robots":{"index":"index","follow":"follow","max-snippet":"max-snippet:-1","max-image-preview":"max-image-preview:large","max-video-preview":"max-video-preview:-1"},"canonical":"https:\/\/socialagri.com\/agriFM\/pt-br\/podcast\/a-producao-de-ovos-no-seculo-xxi\/","og_locale":"pt_BR","og_type":"article","og_title":"A produ\u00e7\u00e3o de ovos no s\u00e9culo XXI - agriFM","og_description":"A Katayama Alimentos foi fundada h\u00e1 80 anos, em 2020 produziu 1 bilh\u00e3o de ovos, conversamos com a Camila Cuencas sobre esse crescimento!","og_url":"https:\/\/socialagri.com\/agriFM\/pt-br\/podcast\/a-producao-de-ovos-no-seculo-xxi\/","og_site_name":"agriFM","article_modified_time":"2022-01-27T19:21:20+00:00","twitter_card":"summary_large_image","twitter_misc":{"Est. tempo de leitura":"2 minutos"},"schema":{"@context":"https:\/\/schema.org","@graph":[{"@type":"WebPage","@id":"https:\/\/socialagri.com\/agriFM\/pt-br\/podcast\/a-producao-de-ovos-no-seculo-xxi\/","url":"https:\/\/socialagri.com\/agriFM\/pt-br\/podcast\/a-producao-de-ovos-no-seculo-xxi\/","name":"A produ\u00e7\u00e3o de ovos no s\u00e9culo XXI - agriFM","isPartOf":{"@id":"https:\/\/socialagri.com\/agriFM\/#website"},"datePublished":"2021-12-17T13:32:09+00:00","dateModified":"2022-01-27T19:21:20+00:00","description":"A Katayama Alimentos foi fundada h\u00e1 80 anos, em 2020 produziu 1 bilh\u00e3o de ovos, conversamos com a Camila Cuencas sobre esse crescimento!","breadcrumb":{"@id":"https:\/\/socialagri.com\/agriFM\/pt-br\/podcast\/a-producao-de-ovos-no-seculo-xxi\/#breadcrumb"},"inLanguage":"pt-BR","potentialAction":[{"@type":"ReadAction","target":["https:\/\/socialagri.com\/agriFM\/pt-br\/podcast\/a-producao-de-ovos-no-seculo-xxi\/"]}]},{"@type":"BreadcrumbList","@id":"https:\/\/socialagri.com\/agriFM\/pt-br\/podcast\/a-producao-de-ovos-no-seculo-xxi\/#breadcrumb","itemListElement":[{"@type":"ListItem","position":1,"name":"Portada","item":"https:\/\/socialagri.com\/agriFM\/pt-br\/"},{"@type":"ListItem","position":2,"name":"Podcast","item":"https:\/\/socialagri.com\/agriFM\/es\/podcast\/"},{"@type":"ListItem","position":3,"name":"A produ\u00e7\u00e3o de ovos no s\u00e9culo XXI"}]},{"@type":"WebSite","@id":"https:\/\/socialagri.com\/agriFM\/#website","url":"https:\/\/socialagri.com\/agriFM\/","name":"agriFM","description":"Otro sitio realizado con WordPress","potentialAction":[{"@type":"SearchAction","target":{"@type":"EntryPoint","urlTemplate":"https:\/\/socialagri.com\/agriFM\/?s={search_term_string}"},"query-input":"required name=search_term_string"}],"inLanguage":"pt-BR"}]}},"canal_name":"aviNews Brasil in Live","_links":{"self":[{"href":"https:\/\/socialagri.com\/agriFM\/pt-br\/wp-json\/wp\/v2\/podcast\/4434"}],"collection":[{"href":"https:\/\/socialagri.com\/agriFM\/pt-br\/wp-json\/wp\/v2\/podcast"}],"about":[{"href":"https:\/\/socialagri.com\/agriFM\/pt-br\/wp-json\/wp\/v2\/types\/podcast"}],"author":[{"embeddable":true,"href":"https:\/\/socialagri.com\/agriFM\/pt-br\/wp-json\/wp\/v2\/users\/2"}],"version-history":[{"count":3,"href":"https:\/\/socialagri.com\/agriFM\/pt-br\/wp-json\/wp\/v2\/podcast\/4434\/revisions"}],"predecessor-version":[{"id":4847,"href":"https:\/\/socialagri.com\/agriFM\/pt-br\/wp-json\/wp\/v2\/podcast\/4434\/revisions\/4847"}],"wp:attachment":[{"href":"https:\/\/socialagri.com\/agriFM\/pt-br\/wp-json\/wp\/v2\/media?parent=4434"}],"wp:term":[{"taxonomy":"category","embeddable":true,"href":"https:\/\/socialagri.com\/agriFM\/pt-br\/wp-json\/wp\/v2\/categories?post=4434"},{"taxonomy":"post_tag","embeddable":true,"href":"https:\/\/socialagri.com\/agriFM\/pt-br\/wp-json\/wp\/v2\/tags?post=4434"},{"taxonomy":"canales","embeddable":true,"href":"https:\/\/socialagri.com\/agriFM\/pt-br\/wp-json\/wp\/v2\/canales?post=4434"},{"taxonomy":"Idioma","embeddable":true,"href":"https:\/\/socialagri.com\/agriFM\/pt-br\/wp-json\/wp\/v2\/Idioma?post=4434"},{"taxonomy":"intereses","embeddable":true,"href":"https:\/\/socialagri.com\/agriFM\/pt-br\/wp-json\/wp\/v2\/intereses?post=4434"},{"taxonomy":"participantes","embeddable":true,"href":"https:\/\/socialagri.com\/agriFM\/pt-br\/wp-json\/wp\/v2\/participantes?post=4434"}],"curies":[{"name":"wp","href":"https:\/\/api.w.org\/{rel}","templated":true}]}}

A produção de ovos no século XXI

Nessa entrevista conversamos com a Zootecnista Camila Cuencas, Gestora de Operações Industriais da <a href="https://katayamaalimentos.com.br/" target="_blank" rel="noopener">Katayama Alimentos</a>, a indústria foi fundada há 80 anos em Guararapes (SP) e entre 2016 e 202 cresceu 78%, chegando a produzir 1 bilhão de ovos em 2020.

Camila nos contou sobre a Katayama, há quanto tempo a indústria existe, qual o tamanho da empresa, quais produtos são produzidos, quais as diretrizes que a empresa segue, entre outras coisas. Lembrando que a Katayama Alimentos faz parte do Grupo Katayama, que também atua nos segmentos de pecuária e fertilizantes orgânicos.

Além de comentar, de modo geral, da empresa, Camila também contou o que faz uma Gestora de Operações Industriais, explicando um pouquinho mais sobre o seu trabalho dentro da empresa. Foi comentado que no primeiro bimestre de 2021, o Brasil exportou 3,177 mil toneladas de ovos. Está certo que o ano de 2020 foi o pior dos últimos dez anos em volume de exportação, mas os resultados do 1º bimestre de 2021 corresponderam a quase 60% de todo o volume que foi exportado durante o ano de 2020. Numa conta bem grosseira, se o ritmo de exportação continuasse até o final do ano, na metade da velocidade desses dois primeiros meses de 2021, poderíamos chegar a cerca de 9,5 mil toneladas de ovos exportados (quase o dobro de 2020 e perto dos patamares exportados em 2016). Perguntou-se então como a equipe Katayama Alimentos, que é uma das exportadoras de ovos do Brasil, estaria avaliando essas exportações no ano de 2021.

Camila também definiu o que seria produzir ovos no século XXI, pensando sempre no consumidor atual, que está mais preocupado com a saúde e exige uma transparência das informações, sobre como é a produção, se os animais são bem tratados e sobre os cuidados com o meio ambiente.

Se você quiser acompanhar entrevistas como essa ao vivo, siga-nos em nosso perfil no Instagram: <a href="https://www.instagram.com/avinewsbrasil/" target="_blank" rel="noopener">@avinewsbrasil</a>

E se quiser acompanhar a live em vídeo é só clicar <a href="https://www.youtube.com/watch?v=ODpiF49_gLw&amp;t=5s" target="_blank" rel="noopener">aqui</a>!

<!-- This site is optimized with the Yoast SEO plugin v22.9 - https://yoast.com/wordpress/plugins/seo/ -->
<title>A produção de ovos no século XXI - agriFM</title>
<meta name="description" content="A Katayama Alimentos foi fundada há 80 anos, em 2020 produziu 1 bilhão de ovos, conversamos com a Camila Cuencas sobre esse crescimento!" />
<meta name="robots" content="index, follow, max-snippet:-1, max-image-preview:large, max-video-preview:-1" />
<link rel="canonical" href="https://socialagri.com/agriFM/pt-br/podcast/a-producao-de-ovos-no-seculo-xxi/" />
<meta property="og:locale" content="pt_BR" />
<meta property="og:type" content="article" />
<meta property="og:title" content="A produção de ovos no século XXI - agriFM" />
<meta property="og:description" content="A Katayama Alimentos foi fundada há 80 anos, em 2020 produziu 1 bilhão de ovos, conversamos com a Camila Cuencas sobre esse crescimento!" />
<meta property="og:url" content="https://socialagri.com/agriFM/pt-br/podcast/a-producao-de-ovos-no-seculo-xxi/" />
<meta property="og:site_name" content="agriFM" />
<meta property="article:modified_time" content="2022-01-27T19:21:20+00:00" />
<meta name="twitter:card" content="summary_large_image" />
<meta name="twitter:label1" content="Est. tempo de leitura" />
	<meta name="twitter:data1" content="2 minutos" />
<script type="application/ld+json" class="yoast-schema-graph">{"@context":"https://schema.org","@graph":[{"@type":"WebPage","@id":"https://socialagri.com/agriFM/pt-br/podcast/a-producao-de-ovos-no-seculo-xxi/","url":"https://socialagri.com/agriFM/pt-br/podcast/a-producao-de-ovos-no-seculo-xxi/","name":"A produção de ovos no século XXI - agriFM","isPartOf":{"@id":"https://socialagri.com/agriFM/#website"},"datePublished":"2021-12-17T13:32:09+00:00","dateModified":"2022-01-27T19:21:20+00:00","description":"A Katayama Alimentos foi fundada há 80 anos, em 2020 produziu 1 bilhão de ovos, conversamos com a Camila Cuencas sobre esse crescimento!","breadcrumb":{"@id":"https://socialagri.com/agriFM/pt-br/podcast/a-producao-de-ovos-no-seculo-xxi/#breadcrumb"},"inLanguage":"pt-BR","potentialAction":[{"@type":"ReadAction","target":["https://socialagri.com/agriFM/pt-br/podcast/a-producao-de-ovos-no-seculo-xxi/"]}]},{"@type":"BreadcrumbList","@id":"https://socialagri.com/agriFM/pt-br/podcast/a-producao-de-ovos-no-seculo-xxi/#breadcrumb","itemListElement":[{"@type":"ListItem","position":1,"name":"Portada","item":"https://socialagri.com/agriFM/pt-br/"},{"@type":"ListItem","position":2,"name":"Podcast","item":"https://socialagri.com/agriFM/es/podcast/"},{"@type":"ListItem","position":3,"name":"A produção de ovos no século XXI"}]},{"@type":"WebSite","@id":"https://socialagri.com/agriFM/#website","url":"https://socialagri.com/agriFM/","name":"agriFM","description":"Otro sitio realizado con WordPress","potentialAction":[{"@type":"SearchAction","target":{"@type":"EntryPoint","urlTemplate":"https://socialagri.com/agriFM/?s={search_term_string}"},"query-input":"required name=search_term_string"}],"inLanguage":"pt-BR"}]}</script>
<!-- / Yoast SEO plugin. -->

A produção de ovos no século XXI - agriFM

A Katayama Alimentos foi fundada há 80 anos, em 2020 produziu 1 bilhão de ovos, conversamos com a Camila Cuencas sobre esse crescimento!
