{"id":20321,"date":"2025-12-11T00:54:10","date_gmt":"2025-12-10T23:54:10","guid":{"rendered":"https:\/\/socialagri.com\/agriFM\/?post_type=podcast&#038;p=20321"},"modified":"2025-12-11T00:54:10","modified_gmt":"2025-12-10T23:54:10","slug":"avinatus-e-o-comeco-tecnologia-brasileira-para-um-futuro-sem-antibioticos","status":"publish","type":"podcast","link":"https:\/\/socialagri.com\/agriFM\/pt-br\/podcast\/avinatus-e-o-comeco-tecnologia-brasileira-para-um-futuro-sem-antibioticos\/","title":{"rendered":"Avinatus \u00e9 o come\u00e7o: tecnologia brasileira para um futuro sem antibi\u00f3ticos"},"content":{"rendered":"Uma nova gera\u00e7\u00e3o de aditivos para a avicultura est\u00e1 ganhando espa\u00e7o no mercado \u2014 e tem tecnologia 100% nacional por tr\u00e1s disso!\r\n\r\nDireto do 11\u00ba Encontro da Unifrango, em Maring\u00e1 (PR), conversamos com Ricardo Castilho, da Safeeds, sobre o lan\u00e7amento oficial do Avinatus, um aditivo natural com entrega dirigida no intestino, desenvolvido ao longo de 10 anos e j\u00e1 presente em diversos pa\u00edses da Am\u00e9rica Latina, \u00c1sia e Am\u00e9rica Central.","protected":false},"author":0,"featured_media":0,"parent":0,"menu_order":0,"template":"","meta":{"_acf_changed":false,"footnotes":""},"categories":[125],"tags":[],"canales":[208],"Idioma":[],"intereses":[314],"participantes":[],"acf":{"link_podcast1":"https:\/\/images.socialagri.com\/agriFM\/wp-content\/uploads\/2025\/12\/11005410\/uni1.mp3","imagen_podcast1":"https:\/\/images.socialagri.com\/agriFM\/wp-content\/uploads\/2025\/12\/11005410\/uni1.png","url_youtube":"https:\/\/agrifm.org\/videos\/1765410842688.mp4"},"yoast_head":"<!-- This site is optimized with the Yoast SEO plugin v22.9 - https:\/\/yoast.com\/wordpress\/plugins\/seo\/ -->\n<title>Avinatus \u00e9 o come\u00e7o: tecnologia brasileira para um futuro sem antibi\u00f3ticos - agriFM<\/title>\n<meta name=\"robots\" content=\"index, follow, max-snippet:-1, max-image-preview:large, max-video-preview:-1\" \/>\n<link rel=\"canonical\" href=\"https:\/\/socialagri.com\/agriFM\/pt-br\/podcast\/avinatus-e-o-comeco-tecnologia-brasileira-para-um-futuro-sem-antibioticos\/\" \/>\n<meta property=\"og:locale\" content=\"pt_BR\" \/>\n<meta property=\"og:type\" content=\"article\" \/>\n<meta property=\"og:title\" content=\"Avinatus \u00e9 o come\u00e7o: tecnologia brasileira para um futuro sem antibi\u00f3ticos - agriFM\" \/>\n<meta property=\"og:description\" content=\"Uma nova gera\u00e7\u00e3o de aditivos para a avicultura est\u00e1 ganhando espa\u00e7o no mercado \u2014 e tem tecnologia 100% nacional por tr\u00e1s disso! Direto do 11\u00ba Encontro da Unifrango, em Maring\u00e1 (PR), conversamos com Ricardo Castilho, da Safeeds, sobre o lan\u00e7amento oficial do Avinatus, um aditivo natural com entrega dirigida no intestino, desenvolvido ao longo de [&hellip;]\" \/>\n<meta property=\"og:url\" content=\"https:\/\/socialagri.com\/agriFM\/pt-br\/podcast\/avinatus-e-o-comeco-tecnologia-brasileira-para-um-futuro-sem-antibioticos\/\" \/>\n<meta property=\"og:site_name\" content=\"agriFM\" \/>\n<meta name=\"twitter:card\" content=\"summary_large_image\" \/>\n<script type=\"application\/ld+json\" class=\"yoast-schema-graph\">{\"@context\":\"https:\/\/schema.org\",\"@graph\":[{\"@type\":\"WebPage\",\"@id\":\"https:\/\/socialagri.com\/agriFM\/pt-br\/podcast\/avinatus-e-o-comeco-tecnologia-brasileira-para-um-futuro-sem-antibioticos\/\",\"url\":\"https:\/\/socialagri.com\/agriFM\/pt-br\/podcast\/avinatus-e-o-comeco-tecnologia-brasileira-para-um-futuro-sem-antibioticos\/\",\"name\":\"Avinatus \u00e9 o come\u00e7o: tecnologia brasileira para um futuro sem antibi\u00f3ticos - agriFM\",\"isPartOf\":{\"@id\":\"https:\/\/socialagri.com\/agriFM\/#website\"},\"datePublished\":\"2025-12-10T23:54:10+00:00\",\"dateModified\":\"2025-12-10T23:54:10+00:00\",\"breadcrumb\":{\"@id\":\"https:\/\/socialagri.com\/agriFM\/pt-br\/podcast\/avinatus-e-o-comeco-tecnologia-brasileira-para-um-futuro-sem-antibioticos\/#breadcrumb\"},\"inLanguage\":\"pt-BR\",\"potentialAction\":[{\"@type\":\"ReadAction\",\"target\":[\"https:\/\/socialagri.com\/agriFM\/pt-br\/podcast\/avinatus-e-o-comeco-tecnologia-brasileira-para-um-futuro-sem-antibioticos\/\"]}]},{\"@type\":\"BreadcrumbList\",\"@id\":\"https:\/\/socialagri.com\/agriFM\/pt-br\/podcast\/avinatus-e-o-comeco-tecnologia-brasileira-para-um-futuro-sem-antibioticos\/#breadcrumb\",\"itemListElement\":[{\"@type\":\"ListItem\",\"position\":1,\"name\":\"Portada\",\"item\":\"https:\/\/socialagri.com\/agriFM\/pt-br\/\"},{\"@type\":\"ListItem\",\"position\":2,\"name\":\"Podcast\",\"item\":\"https:\/\/socialagri.com\/agriFM\/es\/podcast\/\"},{\"@type\":\"ListItem\",\"position\":3,\"name\":\"Avinatus \u00e9 o come\u00e7o: tecnologia brasileira para um futuro sem antibi\u00f3ticos\"}]},{\"@type\":\"WebSite\",\"@id\":\"https:\/\/socialagri.com\/agriFM\/#website\",\"url\":\"https:\/\/socialagri.com\/agriFM\/\",\"name\":\"agriFM\",\"description\":\"Otro sitio realizado con WordPress\",\"potentialAction\":[{\"@type\":\"SearchAction\",\"target\":{\"@type\":\"EntryPoint\",\"urlTemplate\":\"https:\/\/socialagri.com\/agriFM\/?s={search_term_string}\"},\"query-input\":\"required name=search_term_string\"}],\"inLanguage\":\"pt-BR\"}]}<\/script>\n<!-- \/ Yoast SEO plugin. -->","yoast_head_json":{"title":"Avinatus \u00e9 o come\u00e7o: tecnologia brasileira para um futuro sem antibi\u00f3ticos - agriFM","robots":{"index":"index","follow":"follow","max-snippet":"max-snippet:-1","max-image-preview":"max-image-preview:large","max-video-preview":"max-video-preview:-1"},"canonical":"https:\/\/socialagri.com\/agriFM\/pt-br\/podcast\/avinatus-e-o-comeco-tecnologia-brasileira-para-um-futuro-sem-antibioticos\/","og_locale":"pt_BR","og_type":"article","og_title":"Avinatus \u00e9 o come\u00e7o: tecnologia brasileira para um futuro sem antibi\u00f3ticos - agriFM","og_description":"Uma nova gera\u00e7\u00e3o de aditivos para a avicultura est\u00e1 ganhando espa\u00e7o no mercado \u2014 e tem tecnologia 100% nacional por tr\u00e1s disso! Direto do 11\u00ba Encontro da Unifrango, em Maring\u00e1 (PR), conversamos com Ricardo Castilho, da Safeeds, sobre o lan\u00e7amento oficial do Avinatus, um aditivo natural com entrega dirigida no intestino, desenvolvido ao longo de [&hellip;]","og_url":"https:\/\/socialagri.com\/agriFM\/pt-br\/podcast\/avinatus-e-o-comeco-tecnologia-brasileira-para-um-futuro-sem-antibioticos\/","og_site_name":"agriFM","twitter_card":"summary_large_image","schema":{"@context":"https:\/\/schema.org","@graph":[{"@type":"WebPage","@id":"https:\/\/socialagri.com\/agriFM\/pt-br\/podcast\/avinatus-e-o-comeco-tecnologia-brasileira-para-um-futuro-sem-antibioticos\/","url":"https:\/\/socialagri.com\/agriFM\/pt-br\/podcast\/avinatus-e-o-comeco-tecnologia-brasileira-para-um-futuro-sem-antibioticos\/","name":"Avinatus \u00e9 o come\u00e7o: tecnologia brasileira para um futuro sem antibi\u00f3ticos - agriFM","isPartOf":{"@id":"https:\/\/socialagri.com\/agriFM\/#website"},"datePublished":"2025-12-10T23:54:10+00:00","dateModified":"2025-12-10T23:54:10+00:00","breadcrumb":{"@id":"https:\/\/socialagri.com\/agriFM\/pt-br\/podcast\/avinatus-e-o-comeco-tecnologia-brasileira-para-um-futuro-sem-antibioticos\/#breadcrumb"},"inLanguage":"pt-BR","potentialAction":[{"@type":"ReadAction","target":["https:\/\/socialagri.com\/agriFM\/pt-br\/podcast\/avinatus-e-o-comeco-tecnologia-brasileira-para-um-futuro-sem-antibioticos\/"]}]},{"@type":"BreadcrumbList","@id":"https:\/\/socialagri.com\/agriFM\/pt-br\/podcast\/avinatus-e-o-comeco-tecnologia-brasileira-para-um-futuro-sem-antibioticos\/#breadcrumb","itemListElement":[{"@type":"ListItem","position":1,"name":"Portada","item":"https:\/\/socialagri.com\/agriFM\/pt-br\/"},{"@type":"ListItem","position":2,"name":"Podcast","item":"https:\/\/socialagri.com\/agriFM\/es\/podcast\/"},{"@type":"ListItem","position":3,"name":"Avinatus \u00e9 o come\u00e7o: tecnologia brasileira para um futuro sem antibi\u00f3ticos"}]},{"@type":"WebSite","@id":"https:\/\/socialagri.com\/agriFM\/#website","url":"https:\/\/socialagri.com\/agriFM\/","name":"agriFM","description":"Otro sitio realizado con WordPress","potentialAction":[{"@type":"SearchAction","target":{"@type":"EntryPoint","urlTemplate":"https:\/\/socialagri.com\/agriFM\/?s={search_term_string}"},"query-input":"required name=search_term_string"}],"inLanguage":"pt-BR"}]}},"canal_name":"aviNews Brasil in Live","_links":{"self":[{"href":"https:\/\/socialagri.com\/agriFM\/pt-br\/wp-json\/wp\/v2\/podcast\/20321"}],"collection":[{"href":"https:\/\/socialagri.com\/agriFM\/pt-br\/wp-json\/wp\/v2\/podcast"}],"about":[{"href":"https:\/\/socialagri.com\/agriFM\/pt-br\/wp-json\/wp\/v2\/types\/podcast"}],"version-history":[{"count":1,"href":"https:\/\/socialagri.com\/agriFM\/pt-br\/wp-json\/wp\/v2\/podcast\/20321\/revisions"}],"predecessor-version":[{"id":20328,"href":"https:\/\/socialagri.com\/agriFM\/pt-br\/wp-json\/wp\/v2\/podcast\/20321\/revisions\/20328"}],"wp:attachment":[{"href":"https:\/\/socialagri.com\/agriFM\/pt-br\/wp-json\/wp\/v2\/media?parent=20321"}],"wp:term":[{"taxonomy":"category","embeddable":true,"href":"https:\/\/socialagri.com\/agriFM\/pt-br\/wp-json\/wp\/v2\/categories?post=20321"},{"taxonomy":"post_tag","embeddable":true,"href":"https:\/\/socialagri.com\/agriFM\/pt-br\/wp-json\/wp\/v2\/tags?post=20321"},{"taxonomy":"canales","embeddable":true,"href":"https:\/\/socialagri.com\/agriFM\/pt-br\/wp-json\/wp\/v2\/canales?post=20321"},{"taxonomy":"Idioma","embeddable":true,"href":"https:\/\/socialagri.com\/agriFM\/pt-br\/wp-json\/wp\/v2\/Idioma?post=20321"},{"taxonomy":"intereses","embeddable":true,"href":"https:\/\/socialagri.com\/agriFM\/pt-br\/wp-json\/wp\/v2\/intereses?post=20321"},{"taxonomy":"participantes","embeddable":true,"href":"https:\/\/socialagri.com\/agriFM\/pt-br\/wp-json\/wp\/v2\/participantes?post=20321"}],"curies":[{"name":"wp","href":"https:\/\/api.w.org\/{rel}","templated":true}]}}

Avinatus é o começo: tecnologia brasileira para um futuro sem antibióticos

Uma nova geração de aditivos para a avicultura está ganhando espaço no mercado — e tem tecnologia 100% nacional por trás disso!

Direto do 11º Encontro da Unifrango, em Maringá (PR), conversamos com Ricardo Castilho, da Safeeds, sobre o lançamento oficial do Avinatus, um aditivo natural com entrega dirigida no intestino, desenvolvido ao longo de 10 anos e já presente em diversos países da América Latina, Ásia e América Central.

<!-- This site is optimized with the Yoast SEO plugin v22.9 - https://yoast.com/wordpress/plugins/seo/ -->
<title>Avinatus é o começo: tecnologia brasileira para um futuro sem antibióticos - agriFM</title>
<meta name="robots" content="index, follow, max-snippet:-1, max-image-preview:large, max-video-preview:-1" />
<link rel="canonical" href="https://socialagri.com/agriFM/pt-br/podcast/avinatus-e-o-comeco-tecnologia-brasileira-para-um-futuro-sem-antibioticos/" />
<meta property="og:locale" content="pt_BR" />
<meta property="og:type" content="article" />
<meta property="og:title" content="Avinatus é o começo: tecnologia brasileira para um futuro sem antibióticos - agriFM" />
<meta property="og:description" content="Uma nova geração de aditivos para a avicultura está ganhando espaço no mercado — e tem tecnologia 100% nacional por trás disso! Direto do 11º Encontro da Unifrango, em Maringá (PR), conversamos com Ricardo Castilho, da Safeeds, sobre o lançamento oficial do Avinatus, um aditivo natural com entrega dirigida no intestino, desenvolvido ao longo de [&hellip;]" />
<meta property="og:url" content="https://socialagri.com/agriFM/pt-br/podcast/avinatus-e-o-comeco-tecnologia-brasileira-para-um-futuro-sem-antibioticos/" />
<meta property="og:site_name" content="agriFM" />
<meta name="twitter:card" content="summary_large_image" />
<script type="application/ld+json" class="yoast-schema-graph">{"@context":"https://schema.org","@graph":[{"@type":"WebPage","@id":"https://socialagri.com/agriFM/pt-br/podcast/avinatus-e-o-comeco-tecnologia-brasileira-para-um-futuro-sem-antibioticos/","url":"https://socialagri.com/agriFM/pt-br/podcast/avinatus-e-o-comeco-tecnologia-brasileira-para-um-futuro-sem-antibioticos/","name":"Avinatus é o começo: tecnologia brasileira para um futuro sem antibióticos - agriFM","isPartOf":{"@id":"https://socialagri.com/agriFM/#website"},"datePublished":"2025-12-10T23:54:10+00:00","dateModified":"2025-12-10T23:54:10+00:00","breadcrumb":{"@id":"https://socialagri.com/agriFM/pt-br/podcast/avinatus-e-o-comeco-tecnologia-brasileira-para-um-futuro-sem-antibioticos/#breadcrumb"},"inLanguage":"pt-BR","potentialAction":[{"@type":"ReadAction","target":["https://socialagri.com/agriFM/pt-br/podcast/avinatus-e-o-comeco-tecnologia-brasileira-para-um-futuro-sem-antibioticos/"]}]},{"@type":"BreadcrumbList","@id":"https://socialagri.com/agriFM/pt-br/podcast/avinatus-e-o-comeco-tecnologia-brasileira-para-um-futuro-sem-antibioticos/#breadcrumb","itemListElement":[{"@type":"ListItem","position":1,"name":"Portada","item":"https://socialagri.com/agriFM/pt-br/"},{"@type":"ListItem","position":2,"name":"Podcast","item":"https://socialagri.com/agriFM/es/podcast/"},{"@type":"ListItem","position":3,"name":"Avinatus é o começo: tecnologia brasileira para um futuro sem antibióticos"}]},{"@type":"WebSite","@id":"https://socialagri.com/agriFM/#website","url":"https://socialagri.com/agriFM/","name":"agriFM","description":"Otro sitio realizado con WordPress","potentialAction":[{"@type":"SearchAction","target":{"@type":"EntryPoint","urlTemplate":"https://socialagri.com/agriFM/?s={search_term_string}"},"query-input":"required name=search_term_string"}],"inLanguage":"pt-BR"}]}</script>
<!-- / Yoast SEO plugin. -->

Avinatus é o começo: tecnologia brasileira para um futuro sem antibióticos - agriFM

Uma nova geração de aditivos para a avicultura está ganhando espaço no mercado — e tem tecnologia 100% nacional por trás disso! Direto do 11º Encontro da Unifrango, em Maringá (PR), conversamos com Ricardo Castilho, da Safeeds, sobre o lançamento oficial do Avinatus, um aditivo natural com entrega dirigida no intestino, desenvolvido ao longo de [&hellip;]
