{"id":14249,"date":"2024-02-07T12:38:54","date_gmt":"2024-02-07T11:38:54","guid":{"rendered":"https:\/\/socialagri.com\/agriFM\/?post_type=podcast&#038;p=14249"},"modified":"2024-02-07T12:44:08","modified_gmt":"2024-02-07T11:44:08","slug":"manejo-pre-parto-na-suinocultura","status":"publish","type":"podcast","link":"https:\/\/socialagri.com\/agriFM\/pt-br\/podcast\/manejo-pre-parto-na-suinocultura\/","title":{"rendered":"Manejo pr\u00e9-parto na suinocultura"},"content":{"rendered":"<ul>\r\n \t<li style=\"text-align: right\"><em>Manejo pr\u00e9-parto na suinocultura<\/em><\/li>\r\n \t<li><\/li>\r\n \t<li>A <strong>maternidade na suinocultura<\/strong> pode ser considerada uma etapa fundamental para o sistema produtivo, uma vez que o <strong>desempenho dos leit\u00f5es e das f\u00eameas neste per\u00edodo determinar\u00e1 o sucesso dos \u00edndices zoot\u00e9cnicos da granja.<\/strong><\/li>\r\n \t<li><\/li>\r\n \t<li><strong>Leit\u00f5es mais pesados ao desmame <\/strong>tendem a atingir o peso de abate mais precoce (KING et al., 2006),<strong> e matrizes que apresentam menor perda de peso na maternidade<\/strong> tendem a ter um melhor desempenho reprodutivo nas fases subsequentes. No entanto, para que os resultados sejam satisfat\u00f3rios, <strong>\u00e9 necess\u00e1rio ter m\u00e3o de obra capacitada.<\/strong><\/li>\r\n \t<li class=\"mceTemp\"><img loading=\"lazy\" decoding=\"async\" class=\"wp-image-215448 \" src=\"https:\/\/porcinews.com\/wp-content\/uploads\/2023\/06\/nulipara-horizontal-leitao-2.png\" alt=\"Manejo pr\u00e9-parto na suinocultura\" width=\"4\" height=\"1\" \/><\/li>\r\n \t<li>A dura\u00e7\u00e3o da gesta\u00e7\u00e3o na f\u00eamea su\u00edna \u00e9 de 114 dias, podendo variar entre 112-115 dias (SANTOS et al., 2012). A prepara\u00e7\u00e3o para o parto inicia-se de 10 a 14 dias antes da data prevista, quando elas s\u00e3o transferidas para a maternidade.<\/li>\r\n \t<li><\/li>\r\n \t<li style=\"text-align: left\">O pr\u00e9-parto \u00e9 um per\u00edodo que requer v\u00e1rios cuidados, como o ambiente adequado para as f\u00eameas, sua alimenta\u00e7\u00e3o e observa\u00e7\u00e3o de seu comportamento.<\/li>\r\n \t<li><\/li>\r\n \t<li><strong>PREPARA\u00c7\u00c3O DA SALA DE MATERNIDADE\u00a0<\/strong><\/li>\r\n \t<li><\/li>\r\n \t<li>Os equipamentos e as instala\u00e7\u00f5es onde as matrizes ser\u00e3o alojadas devem passar por um <strong>processo de limpeza<\/strong> e desinfec\u00e7\u00e3o rigoroso, seguindo procedimentos criteriosos.<\/li>\r\n \t<li><\/li>\r\n \t<li>Isso inclui a escolha dos produtos desinfetantes a serem utilizados, bem como a realiza\u00e7\u00e3o de lavagens seca e \u00famida, visando a redu\u00e7\u00e3o da press\u00e3o de infec\u00e7\u00e3o. <strong>Esse processo deve ser executado imediatamente ap\u00f3s a sa\u00edda do lote anterior de matrizes e leit\u00f5es.\u00a0<\/strong><\/li>\r\n \t<li><\/li>\r\n \t<li><strong>Al\u00e9m disso, nesta etapa, se necess\u00e1rio, deve-se realizar o controle de pragas e reparos nas gaiolas e equipamentos. \u00c9 recomend\u00e1vel na maternidade a ado\u00e7\u00e3o do sistema \u201ctodos dentro \u2013 todos fora\u201d e realiza\u00e7\u00e3o do vazio sanit\u00e1rio por um per\u00edodo de 3 a 5 dias ap\u00f3s a limpeza e desinfec\u00e7\u00e3o.\u00a0<\/strong><\/li>\r\n \t<li><\/li>\r\n \t<li>Caso queira, leia o artigo completo clicando <a href=\"https:\/\/porcinews.com\/pt-br\/manejo-pre-parto-na-suinocultura\/\" target=\"_blank\" rel=\"noopener\">AQUI<\/a><\/li>\r\n \t<li><\/li>\r\n \t<li>Ou\u00e7a tamb\u00e9m: &#8220;<a href=\"https:\/\/socialagri.com\/agriFM\/pt-br\/podcast\/prevencao-e-tratamento-de-diarreia-na-lactacao\/\" target=\"_blank\" rel=\"noopener\">Preven\u00e7\u00e3o e tratamento de diarreia na lacta\u00e7\u00e3o<\/a>&#8220;<\/li>\r\n \t<li><\/li>\r\n \t<li>Manejo pr\u00e9-parto na suinocultura<\/li>\r\n<\/ul>","protected":false},"author":20,"featured_media":0,"parent":0,"menu_order":0,"template":"","meta":{"_acf_changed":false,"footnotes":""},"categories":[129],"tags":[],"canales":[211],"Idioma":[13],"intereses":[],"participantes":[],"acf":{"link_podcast1":"https:\/\/images.socialagri.com\/agriFM\/wp-content\/uploads\/2024\/02\/07123434\/PODCAST-MANEJO-PRE-PARTO.mp3","imagen_podcast1":"https:\/\/images.socialagri.com\/agriFM\/wp-content\/uploads\/2024\/02\/07123421\/capa-manejo-pre-parto.png","tiempo":""},"yoast_head":"<!-- This site is optimized with the Yoast SEO plugin v22.9 - https:\/\/yoast.com\/wordpress\/plugins\/seo\/ -->\n<title>Manejo pr\u00e9-parto na suinocultura - agriFM<\/title>\n<meta name=\"description\" content=\"Manejo pr\u00e9-parto. A maternidade na suinocultura pode ser considerada uma etapa fundamental para o sistema produtivo,...\" \/>\n<meta name=\"robots\" content=\"index, follow, max-snippet:-1, max-image-preview:large, max-video-preview:-1\" \/>\n<link rel=\"canonical\" href=\"https:\/\/socialagri.com\/agriFM\/pt-br\/podcast\/manejo-pre-parto-na-suinocultura\/\" \/>\n<meta property=\"og:locale\" content=\"pt_BR\" \/>\n<meta property=\"og:type\" content=\"article\" \/>\n<meta property=\"og:title\" content=\"Manejo pr\u00e9-parto na suinocultura - agriFM\" \/>\n<meta property=\"og:description\" content=\"Manejo pr\u00e9-parto. A maternidade na suinocultura pode ser considerada uma etapa fundamental para o sistema produtivo,...\" \/>\n<meta property=\"og:url\" content=\"https:\/\/socialagri.com\/agriFM\/pt-br\/podcast\/manejo-pre-parto-na-suinocultura\/\" \/>\n<meta property=\"og:site_name\" content=\"agriFM\" \/>\n<meta property=\"article:modified_time\" content=\"2024-02-07T11:44:08+00:00\" \/>\n<meta property=\"og:image\" content=\"https:\/\/porcinews.com\/wp-content\/uploads\/2023\/06\/nulipara-horizontal-leitao-2.png\" \/>\n<meta name=\"twitter:card\" content=\"summary_large_image\" \/>\n<meta name=\"twitter:label1\" content=\"Est. tempo de leitura\" \/>\n\t<meta name=\"twitter:data1\" content=\"2 minutos\" \/>\n<script type=\"application\/ld+json\" class=\"yoast-schema-graph\">{\"@context\":\"https:\/\/schema.org\",\"@graph\":[{\"@type\":\"WebPage\",\"@id\":\"https:\/\/socialagri.com\/agriFM\/pt-br\/podcast\/manejo-pre-parto-na-suinocultura\/\",\"url\":\"https:\/\/socialagri.com\/agriFM\/pt-br\/podcast\/manejo-pre-parto-na-suinocultura\/\",\"name\":\"Manejo pr\u00e9-parto na suinocultura - agriFM\",\"isPartOf\":{\"@id\":\"https:\/\/socialagri.com\/agriFM\/#website\"},\"primaryImageOfPage\":{\"@id\":\"https:\/\/socialagri.com\/agriFM\/pt-br\/podcast\/manejo-pre-parto-na-suinocultura\/#primaryimage\"},\"image\":{\"@id\":\"https:\/\/socialagri.com\/agriFM\/pt-br\/podcast\/manejo-pre-parto-na-suinocultura\/#primaryimage\"},\"thumbnailUrl\":\"https:\/\/porcinews.com\/wp-content\/uploads\/2023\/06\/nulipara-horizontal-leitao-2.png\",\"datePublished\":\"2024-02-07T11:38:54+00:00\",\"dateModified\":\"2024-02-07T11:44:08+00:00\",\"description\":\"Manejo pr\u00e9-parto. A maternidade na suinocultura pode ser considerada uma etapa fundamental para o sistema produtivo,...\",\"breadcrumb\":{\"@id\":\"https:\/\/socialagri.com\/agriFM\/pt-br\/podcast\/manejo-pre-parto-na-suinocultura\/#breadcrumb\"},\"inLanguage\":\"pt-BR\",\"potentialAction\":[{\"@type\":\"ReadAction\",\"target\":[\"https:\/\/socialagri.com\/agriFM\/pt-br\/podcast\/manejo-pre-parto-na-suinocultura\/\"]}]},{\"@type\":\"ImageObject\",\"inLanguage\":\"pt-BR\",\"@id\":\"https:\/\/socialagri.com\/agriFM\/pt-br\/podcast\/manejo-pre-parto-na-suinocultura\/#primaryimage\",\"url\":\"https:\/\/porcinews.com\/wp-content\/uploads\/2023\/06\/nulipara-horizontal-leitao-2.png\",\"contentUrl\":\"https:\/\/porcinews.com\/wp-content\/uploads\/2023\/06\/nulipara-horizontal-leitao-2.png\"},{\"@type\":\"BreadcrumbList\",\"@id\":\"https:\/\/socialagri.com\/agriFM\/pt-br\/podcast\/manejo-pre-parto-na-suinocultura\/#breadcrumb\",\"itemListElement\":[{\"@type\":\"ListItem\",\"position\":1,\"name\":\"Portada\",\"item\":\"https:\/\/socialagri.com\/agriFM\/pt-br\/\"},{\"@type\":\"ListItem\",\"position\":2,\"name\":\"Podcast\",\"item\":\"https:\/\/socialagri.com\/agriFM\/es\/podcast\/\"},{\"@type\":\"ListItem\",\"position\":3,\"name\":\"Manejo pr\u00e9-parto na suinocultura\"}]},{\"@type\":\"WebSite\",\"@id\":\"https:\/\/socialagri.com\/agriFM\/#website\",\"url\":\"https:\/\/socialagri.com\/agriFM\/\",\"name\":\"agriFM\",\"description\":\"Otro sitio realizado con WordPress\",\"potentialAction\":[{\"@type\":\"SearchAction\",\"target\":{\"@type\":\"EntryPoint\",\"urlTemplate\":\"https:\/\/socialagri.com\/agriFM\/?s={search_term_string}\"},\"query-input\":\"required name=search_term_string\"}],\"inLanguage\":\"pt-BR\"}]}<\/script>\n<!-- \/ Yoast SEO plugin. -->","yoast_head_json":{"title":"Manejo pr\u00e9-parto na suinocultura - agriFM","description":"Manejo pr\u00e9-parto. A maternidade na suinocultura pode ser considerada uma etapa fundamental para o sistema produtivo,...","robots":{"index":"index","follow":"follow","max-snippet":"max-snippet:-1","max-image-preview":"max-image-preview:large","max-video-preview":"max-video-preview:-1"},"canonical":"https:\/\/socialagri.com\/agriFM\/pt-br\/podcast\/manejo-pre-parto-na-suinocultura\/","og_locale":"pt_BR","og_type":"article","og_title":"Manejo pr\u00e9-parto na suinocultura - agriFM","og_description":"Manejo pr\u00e9-parto. A maternidade na suinocultura pode ser considerada uma etapa fundamental para o sistema produtivo,...","og_url":"https:\/\/socialagri.com\/agriFM\/pt-br\/podcast\/manejo-pre-parto-na-suinocultura\/","og_site_name":"agriFM","article_modified_time":"2024-02-07T11:44:08+00:00","og_image":[{"url":"https:\/\/porcinews.com\/wp-content\/uploads\/2023\/06\/nulipara-horizontal-leitao-2.png"}],"twitter_card":"summary_large_image","twitter_misc":{"Est. tempo de leitura":"2 minutos"},"schema":{"@context":"https:\/\/schema.org","@graph":[{"@type":"WebPage","@id":"https:\/\/socialagri.com\/agriFM\/pt-br\/podcast\/manejo-pre-parto-na-suinocultura\/","url":"https:\/\/socialagri.com\/agriFM\/pt-br\/podcast\/manejo-pre-parto-na-suinocultura\/","name":"Manejo pr\u00e9-parto na suinocultura - agriFM","isPartOf":{"@id":"https:\/\/socialagri.com\/agriFM\/#website"},"primaryImageOfPage":{"@id":"https:\/\/socialagri.com\/agriFM\/pt-br\/podcast\/manejo-pre-parto-na-suinocultura\/#primaryimage"},"image":{"@id":"https:\/\/socialagri.com\/agriFM\/pt-br\/podcast\/manejo-pre-parto-na-suinocultura\/#primaryimage"},"thumbnailUrl":"https:\/\/porcinews.com\/wp-content\/uploads\/2023\/06\/nulipara-horizontal-leitao-2.png","datePublished":"2024-02-07T11:38:54+00:00","dateModified":"2024-02-07T11:44:08+00:00","description":"Manejo pr\u00e9-parto. A maternidade na suinocultura pode ser considerada uma etapa fundamental para o sistema produtivo,...","breadcrumb":{"@id":"https:\/\/socialagri.com\/agriFM\/pt-br\/podcast\/manejo-pre-parto-na-suinocultura\/#breadcrumb"},"inLanguage":"pt-BR","potentialAction":[{"@type":"ReadAction","target":["https:\/\/socialagri.com\/agriFM\/pt-br\/podcast\/manejo-pre-parto-na-suinocultura\/"]}]},{"@type":"ImageObject","inLanguage":"pt-BR","@id":"https:\/\/socialagri.com\/agriFM\/pt-br\/podcast\/manejo-pre-parto-na-suinocultura\/#primaryimage","url":"https:\/\/porcinews.com\/wp-content\/uploads\/2023\/06\/nulipara-horizontal-leitao-2.png","contentUrl":"https:\/\/porcinews.com\/wp-content\/uploads\/2023\/06\/nulipara-horizontal-leitao-2.png"},{"@type":"BreadcrumbList","@id":"https:\/\/socialagri.com\/agriFM\/pt-br\/podcast\/manejo-pre-parto-na-suinocultura\/#breadcrumb","itemListElement":[{"@type":"ListItem","position":1,"name":"Portada","item":"https:\/\/socialagri.com\/agriFM\/pt-br\/"},{"@type":"ListItem","position":2,"name":"Podcast","item":"https:\/\/socialagri.com\/agriFM\/es\/podcast\/"},{"@type":"ListItem","position":3,"name":"Manejo pr\u00e9-parto na suinocultura"}]},{"@type":"WebSite","@id":"https:\/\/socialagri.com\/agriFM\/#website","url":"https:\/\/socialagri.com\/agriFM\/","name":"agriFM","description":"Otro sitio realizado con WordPress","potentialAction":[{"@type":"SearchAction","target":{"@type":"EntryPoint","urlTemplate":"https:\/\/socialagri.com\/agriFM\/?s={search_term_string}"},"query-input":"required name=search_term_string"}],"inLanguage":"pt-BR"}]}},"canal_name":"SuinoBrasil","_links":{"self":[{"href":"https:\/\/socialagri.com\/agriFM\/pt-br\/wp-json\/wp\/v2\/podcast\/14249"}],"collection":[{"href":"https:\/\/socialagri.com\/agriFM\/pt-br\/wp-json\/wp\/v2\/podcast"}],"about":[{"href":"https:\/\/socialagri.com\/agriFM\/pt-br\/wp-json\/wp\/v2\/types\/podcast"}],"author":[{"embeddable":true,"href":"https:\/\/socialagri.com\/agriFM\/pt-br\/wp-json\/wp\/v2\/users\/20"}],"version-history":[{"count":2,"href":"https:\/\/socialagri.com\/agriFM\/pt-br\/wp-json\/wp\/v2\/podcast\/14249\/revisions"}],"predecessor-version":[{"id":14271,"href":"https:\/\/socialagri.com\/agriFM\/pt-br\/wp-json\/wp\/v2\/podcast\/14249\/revisions\/14271"}],"wp:attachment":[{"href":"https:\/\/socialagri.com\/agriFM\/pt-br\/wp-json\/wp\/v2\/media?parent=14249"}],"wp:term":[{"taxonomy":"category","embeddable":true,"href":"https:\/\/socialagri.com\/agriFM\/pt-br\/wp-json\/wp\/v2\/categories?post=14249"},{"taxonomy":"post_tag","embeddable":true,"href":"https:\/\/socialagri.com\/agriFM\/pt-br\/wp-json\/wp\/v2\/tags?post=14249"},{"taxonomy":"canales","embeddable":true,"href":"https:\/\/socialagri.com\/agriFM\/pt-br\/wp-json\/wp\/v2\/canales?post=14249"},{"taxonomy":"Idioma","embeddable":true,"href":"https:\/\/socialagri.com\/agriFM\/pt-br\/wp-json\/wp\/v2\/Idioma?post=14249"},{"taxonomy":"intereses","embeddable":true,"href":"https:\/\/socialagri.com\/agriFM\/pt-br\/wp-json\/wp\/v2\/intereses?post=14249"},{"taxonomy":"participantes","embeddable":true,"href":"https:\/\/socialagri.com\/agriFM\/pt-br\/wp-json\/wp\/v2\/participantes?post=14249"}],"curies":[{"name":"wp","href":"https:\/\/api.w.org\/{rel}","templated":true}]}}

Manejo pré-parto na suinocultura

<ul>
 	<li style="text-align: right"><em>Manejo pré-parto na suinocultura</em></li>
 	<li></li>
 	<li>A <strong>maternidade na suinocultura</strong> pode ser considerada uma etapa fundamental para o sistema produtivo, uma vez que o <strong>desempenho dos leitões e das fêmeas neste período determinará o sucesso dos índices zootécnicos da granja.</strong></li>
 	<li></li>
 	<li><strong>Leitões mais pesados ao desmame </strong>tendem a atingir o peso de abate mais precoce (KING et al., 2006),<strong> e matrizes que apresentam menor perda de peso na maternidade</strong> tendem a ter um melhor desempenho reprodutivo nas fases subsequentes. No entanto, para que os resultados sejam satisfatórios, <strong>é necessário ter mão de obra capacitada.</strong></li>
 	<li class="mceTemp"><img loading="lazy" decoding="async" class="wp-image-215448 " src="https://porcinews.com/wp-content/uploads/2023/06/nulipara-horizontal-leitao-2.png" alt="Manejo pré-parto na suinocultura" width="4" height="1" /></li>
 	<li>A duração da gestação na fêmea suína é de 114 dias, podendo variar entre 112-115 dias (SANTOS et al., 2012). A preparação para o parto inicia-se de 10 a 14 dias antes da data prevista, quando elas são transferidas para a maternidade.</li>
 	<li></li>
 	<li style="text-align: left">O pré-parto é um período que requer vários cuidados, como o ambiente adequado para as fêmeas, sua alimentação e observação de seu comportamento.</li>
 	<li></li>
 	<li><strong>PREPARAÇÃO DA SALA DE MATERNIDADE </strong></li>
 	<li></li>
 	<li>Os equipamentos e as instalações onde as matrizes serão alojadas devem passar por um <strong>processo de limpeza</strong> e desinfecção rigoroso, seguindo procedimentos criteriosos.</li>
 	<li></li>
 	<li>Isso inclui a escolha dos produtos desinfetantes a serem utilizados, bem como a realização de lavagens seca e úmida, visando a redução da pressão de infecção. <strong>Esse processo deve ser executado imediatamente após a saída do lote anterior de matrizes e leitões. </strong></li>
 	<li></li>
 	<li><strong>Além disso, nesta etapa, se necessário, deve-se realizar o controle de pragas e reparos nas gaiolas e equipamentos. É recomendável na maternidade a adoção do sistema “todos dentro – todos fora” e realização do vazio sanitário por um período de 3 a 5 dias após a limpeza e desinfecção. </strong></li>
 	<li></li>
 	<li>Caso queira, leia o artigo completo clicando <a href="https://porcinews.com/pt-br/manejo-pre-parto-na-suinocultura/" target="_blank" rel="noopener">AQUI</a></li>
 	<li></li>
 	<li>Ouça também: &#8220;<a href="https://socialagri.com/agriFM/pt-br/podcast/prevencao-e-tratamento-de-diarreia-na-lactacao/" target="_blank" rel="noopener">Prevenção e tratamento de diarreia na lactação</a>&#8220;</li>
 	<li></li>
 	<li>Manejo pré-parto na suinocultura</li>
</ul>

<!-- This site is optimized with the Yoast SEO plugin v22.9 - https://yoast.com/wordpress/plugins/seo/ -->
<title>Manejo pré-parto na suinocultura - agriFM</title>
<meta name="description" content="Manejo pré-parto. A maternidade na suinocultura pode ser considerada uma etapa fundamental para o sistema produtivo,..." />
<meta name="robots" content="index, follow, max-snippet:-1, max-image-preview:large, max-video-preview:-1" />
<link rel="canonical" href="https://socialagri.com/agriFM/pt-br/podcast/manejo-pre-parto-na-suinocultura/" />
<meta property="og:locale" content="pt_BR" />
<meta property="og:type" content="article" />
<meta property="og:title" content="Manejo pré-parto na suinocultura - agriFM" />
<meta property="og:description" content="Manejo pré-parto. A maternidade na suinocultura pode ser considerada uma etapa fundamental para o sistema produtivo,..." />
<meta property="og:url" content="https://socialagri.com/agriFM/pt-br/podcast/manejo-pre-parto-na-suinocultura/" />
<meta property="og:site_name" content="agriFM" />
<meta property="article:modified_time" content="2024-02-07T11:44:08+00:00" />
<meta property="og:image" content="https://porcinews.com/wp-content/uploads/2023/06/nulipara-horizontal-leitao-2.png" />
<meta name="twitter:card" content="summary_large_image" />
<meta name="twitter:label1" content="Est. tempo de leitura" />
	<meta name="twitter:data1" content="2 minutos" />
<script type="application/ld+json" class="yoast-schema-graph">{"@context":"https://schema.org","@graph":[{"@type":"WebPage","@id":"https://socialagri.com/agriFM/pt-br/podcast/manejo-pre-parto-na-suinocultura/","url":"https://socialagri.com/agriFM/pt-br/podcast/manejo-pre-parto-na-suinocultura/","name":"Manejo pré-parto na suinocultura - agriFM","isPartOf":{"@id":"https://socialagri.com/agriFM/#website"},"primaryImageOfPage":{"@id":"https://socialagri.com/agriFM/pt-br/podcast/manejo-pre-parto-na-suinocultura/#primaryimage"},"image":{"@id":"https://socialagri.com/agriFM/pt-br/podcast/manejo-pre-parto-na-suinocultura/#primaryimage"},"thumbnailUrl":"https://porcinews.com/wp-content/uploads/2023/06/nulipara-horizontal-leitao-2.png","datePublished":"2024-02-07T11:38:54+00:00","dateModified":"2024-02-07T11:44:08+00:00","description":"Manejo pré-parto. A maternidade na suinocultura pode ser considerada uma etapa fundamental para o sistema produtivo,...","breadcrumb":{"@id":"https://socialagri.com/agriFM/pt-br/podcast/manejo-pre-parto-na-suinocultura/#breadcrumb"},"inLanguage":"pt-BR","potentialAction":[{"@type":"ReadAction","target":["https://socialagri.com/agriFM/pt-br/podcast/manejo-pre-parto-na-suinocultura/"]}]},{"@type":"ImageObject","inLanguage":"pt-BR","@id":"https://socialagri.com/agriFM/pt-br/podcast/manejo-pre-parto-na-suinocultura/#primaryimage","url":"https://porcinews.com/wp-content/uploads/2023/06/nulipara-horizontal-leitao-2.png","contentUrl":"https://porcinews.com/wp-content/uploads/2023/06/nulipara-horizontal-leitao-2.png"},{"@type":"BreadcrumbList","@id":"https://socialagri.com/agriFM/pt-br/podcast/manejo-pre-parto-na-suinocultura/#breadcrumb","itemListElement":[{"@type":"ListItem","position":1,"name":"Portada","item":"https://socialagri.com/agriFM/pt-br/"},{"@type":"ListItem","position":2,"name":"Podcast","item":"https://socialagri.com/agriFM/es/podcast/"},{"@type":"ListItem","position":3,"name":"Manejo pré-parto na suinocultura"}]},{"@type":"WebSite","@id":"https://socialagri.com/agriFM/#website","url":"https://socialagri.com/agriFM/","name":"agriFM","description":"Otro sitio realizado con WordPress","potentialAction":[{"@type":"SearchAction","target":{"@type":"EntryPoint","urlTemplate":"https://socialagri.com/agriFM/?s={search_term_string}"},"query-input":"required name=search_term_string"}],"inLanguage":"pt-BR"}]}</script>
<!-- / Yoast SEO plugin. -->

Manejo pré-parto na suinocultura - agriFM

Manejo pré-parto. A maternidade na suinocultura pode ser considerada uma etapa fundamental para o sistema produtivo,...
