{"id":12838,"date":"2023-06-26T16:31:43","date_gmt":"2023-06-26T14:31:43","guid":{"rendered":"https:\/\/socialagri.com\/agriFM\/?post_type=podcast&#038;p=12838"},"modified":"2023-06-26T16:31:43","modified_gmt":"2023-06-26T14:31:43","slug":"importancia-das-vitaminas-para-a-avicultura-moderna","status":"publish","type":"podcast","link":"https:\/\/socialagri.com\/agriFM\/pt-br\/podcast\/importancia-das-vitaminas-para-a-avicultura-moderna\/","title":{"rendered":"A fundamental import\u00e2ncia das vitaminas para a avicultura moderna"},"content":{"rendered":"<strong>As vitaminas s\u00e3o compostos org\u00e2nicos n\u00e3o sintetizados pelas aves, o que demanda que <\/strong><strong>sejam incorporadas atrav\u00e9s da dieta.<\/strong> Elas s\u00e3o essenciais para o funcionamento de importantes processos bioqu\u00edmicos, especialmente funcionando como catalisadoras de rea\u00e7\u00f5es qu\u00edmicas.\r\n\r\n<strong>Existem ainda as pr\u00f3-vitaminas, subst\u00e2ncias a partir das quais o organismo \u00e9 capaz de sintetizar vitaminas<\/strong>. Por exemplo: carotenos (pr\u00f3-vitamina A) e ester\u00f3is (pr\u00f3-vitamina D).\r\n\r\nConforme a sua solubilidade, as vitaminas s\u00e3o classificadas em:\r\n<ul>\r\n \t<li><strong>Lipossol\u00faveis:<\/strong> aquelas sol\u00faveis em gordura, o que \u00e9 uma caracter\u00edstica importante, pois permite seu armazenamento org\u00e2nico. <strong>Fazem parte deste grupo as vitaminas A, D, E e K.<\/strong><\/li>\r\n \t<li><strong>Hidrossol\u00faveis: S\u00e3o as vitaminas do complexo B e a vitamina C<\/strong>, sol\u00faveis em \u00e1gua. J\u00e1 estas n\u00e3o podem ser armazenadas no organismo, sendo absorvidas e excretadas rapidamente.<\/li>\r\n<\/ul>\r\n<strong>APLICA\u00c7\u00d5ES DAS VITAMINAS FRENTE AOS MODERNOS DESAFIOS DA AVICULTURA<\/strong>\r\n\r\n<strong>Um dos principais desafios para a avicultura nos tr\u00f3picos \u00e9 o controle de temperatura dos avi\u00e1rios.<\/strong> Situa\u00e7\u00f5es relacionadas a alta temperatura ambiente durante as fases de crescimento e engorda desencadeiam uma s\u00e9rie de rea\u00e7\u00f5es denominadas por estresse cal\u00f3rico.\r\n\r\nExistem diferentes mecanismos biol\u00f3gicos que reduzem o estresse t\u00e9rmico, por exemplo: respira\u00e7\u00e3o ofegante, sudorese e vasodilata\u00e7\u00e3o. <strong>Sob condi\u00e7\u00f5es de estresse cal\u00f3rico, o consumo de ra\u00e7\u00e3o e a atividade das aves s\u00e3o reduzidos.<\/strong>\r\n\r\nElas passam <strong>mais tempo bebendo \u00e1gua, descansando e ofegando<\/strong>. A capacidade de controle t\u00e9rmico das aves \u00e9 reduzida, sobretudo pelo fato de possu\u00edrem alta temperatura corporal (entre 41 e 42 \u00baC) e n\u00e3o disporem do mecanismo da sudorese, presente em outras esp\u00e9cies animais.\r\n<div class=\"destacado\">\r\n\r\n<strong>O estresse t\u00e9rmico tamb\u00e9m pode reduzir a digestibilidade de nutrientes, gordura e deposi\u00e7\u00e3o de carne, reduzindo tamb\u00e9m a forma\u00e7\u00e3o muscular das aves.<\/strong>\r\n\r\nTamb\u00e9m pode<strong> induzir alcalose respirat\u00f3ria<\/strong> e suprimir a fun\u00e7\u00e3o imunol\u00f3gica dos lotes de frangos de corte. Mas o que tudo isso tem haver com vitaminas?\r\n\r\nEsse mesmo estresse t\u00e9rmico promove a <strong>redu\u00e7\u00e3o da concentra\u00e7\u00e3o corporal de vitaminas antioxidantes, como as vitaminas C, A e E<\/strong>. Tamb\u00e9m atua <strong>elevando a excre\u00e7\u00e3o de minerais fundamentais<\/strong> para a composi\u00e7\u00e3o do plasma e a forma\u00e7\u00e3o dos tecidos, levando a danos nas membranas celulares.\r\n\r\n<\/div>","protected":false},"author":12,"featured_media":0,"parent":0,"menu_order":0,"template":"","meta":{"_acf_changed":false,"footnotes":""},"categories":[125],"tags":[],"canales":[209],"Idioma":[13],"intereses":[324],"participantes":[],"acf":{"link_podcast1":"https:\/\/images.socialagri.com\/agriFM\/wp-content\/uploads\/2023\/06\/26161537\/fundamental-importancia-das-vitaminas-na-avicultura.mp3","imagen_podcast1":"https:\/\/images.socialagri.com\/agriFM\/wp-content\/uploads\/2023\/06\/26161523\/vitaminas-podcast.png","tiempo":""},"yoast_head":"<!-- This site is optimized with the Yoast SEO plugin v22.9 - https:\/\/yoast.com\/wordpress\/plugins\/seo\/ -->\n<title>A import\u00e2ncia das vitaminas para a avicultura moderna<\/title>\n<meta name=\"description\" content=\"Um dos principais desafios da avicultura \u00e9 o controle de temperatura nos avi\u00e1rios, estando o estresse t\u00e9rmico causado nas aves ligado \u00e0 re...\" \/>\n<meta name=\"robots\" content=\"index, follow, max-snippet:-1, max-image-preview:large, max-video-preview:-1\" \/>\n<link rel=\"canonical\" href=\"https:\/\/socialagri.com\/agriFM\/pt-br\/podcast\/importancia-das-vitaminas-para-a-avicultura-moderna\/\" \/>\n<meta property=\"og:locale\" content=\"pt_BR\" \/>\n<meta property=\"og:type\" content=\"article\" \/>\n<meta property=\"og:title\" content=\"A import\u00e2ncia das vitaminas para a avicultura moderna\" \/>\n<meta property=\"og:description\" content=\"Um dos principais desafios da avicultura \u00e9 o controle de temperatura nos avi\u00e1rios, estando o estresse t\u00e9rmico causado nas aves ligado \u00e0 re...\" \/>\n<meta property=\"og:url\" content=\"https:\/\/socialagri.com\/agriFM\/pt-br\/podcast\/importancia-das-vitaminas-para-a-avicultura-moderna\/\" \/>\n<meta property=\"og:site_name\" content=\"agriFM\" \/>\n<meta name=\"twitter:card\" content=\"summary_large_image\" \/>\n<meta name=\"twitter:label1\" content=\"Est. tempo de leitura\" \/>\n\t<meta name=\"twitter:data1\" content=\"2 minutos\" \/>\n<script type=\"application\/ld+json\" class=\"yoast-schema-graph\">{\"@context\":\"https:\/\/schema.org\",\"@graph\":[{\"@type\":\"WebPage\",\"@id\":\"https:\/\/socialagri.com\/agriFM\/pt-br\/podcast\/importancia-das-vitaminas-para-a-avicultura-moderna\/\",\"url\":\"https:\/\/socialagri.com\/agriFM\/pt-br\/podcast\/importancia-das-vitaminas-para-a-avicultura-moderna\/\",\"name\":\"A import\u00e2ncia das vitaminas para a avicultura moderna\",\"isPartOf\":{\"@id\":\"https:\/\/socialagri.com\/agriFM\/#website\"},\"datePublished\":\"2023-06-26T14:31:43+00:00\",\"dateModified\":\"2023-06-26T14:31:43+00:00\",\"description\":\"Um dos principais desafios da avicultura \u00e9 o controle de temperatura nos avi\u00e1rios, estando o estresse t\u00e9rmico causado nas aves ligado \u00e0 re...\",\"breadcrumb\":{\"@id\":\"https:\/\/socialagri.com\/agriFM\/pt-br\/podcast\/importancia-das-vitaminas-para-a-avicultura-moderna\/#breadcrumb\"},\"inLanguage\":\"pt-BR\",\"potentialAction\":[{\"@type\":\"ReadAction\",\"target\":[\"https:\/\/socialagri.com\/agriFM\/pt-br\/podcast\/importancia-das-vitaminas-para-a-avicultura-moderna\/\"]}]},{\"@type\":\"BreadcrumbList\",\"@id\":\"https:\/\/socialagri.com\/agriFM\/pt-br\/podcast\/importancia-das-vitaminas-para-a-avicultura-moderna\/#breadcrumb\",\"itemListElement\":[{\"@type\":\"ListItem\",\"position\":1,\"name\":\"Portada\",\"item\":\"https:\/\/socialagri.com\/agriFM\/pt-br\/\"},{\"@type\":\"ListItem\",\"position\":2,\"name\":\"Podcast\",\"item\":\"https:\/\/socialagri.com\/agriFM\/es\/podcast\/\"},{\"@type\":\"ListItem\",\"position\":3,\"name\":\"A fundamental import\u00e2ncia das vitaminas para a avicultura moderna\"}]},{\"@type\":\"WebSite\",\"@id\":\"https:\/\/socialagri.com\/agriFM\/#website\",\"url\":\"https:\/\/socialagri.com\/agriFM\/\",\"name\":\"agriFM\",\"description\":\"Otro sitio realizado con WordPress\",\"potentialAction\":[{\"@type\":\"SearchAction\",\"target\":{\"@type\":\"EntryPoint\",\"urlTemplate\":\"https:\/\/socialagri.com\/agriFM\/?s={search_term_string}\"},\"query-input\":\"required name=search_term_string\"}],\"inLanguage\":\"pt-BR\"}]}<\/script>\n<!-- \/ Yoast SEO plugin. -->","yoast_head_json":{"title":"A import\u00e2ncia das vitaminas para a avicultura moderna","description":"Um dos principais desafios da avicultura \u00e9 o controle de temperatura nos avi\u00e1rios, estando o estresse t\u00e9rmico causado nas aves ligado \u00e0 re...","robots":{"index":"index","follow":"follow","max-snippet":"max-snippet:-1","max-image-preview":"max-image-preview:large","max-video-preview":"max-video-preview:-1"},"canonical":"https:\/\/socialagri.com\/agriFM\/pt-br\/podcast\/importancia-das-vitaminas-para-a-avicultura-moderna\/","og_locale":"pt_BR","og_type":"article","og_title":"A import\u00e2ncia das vitaminas para a avicultura moderna","og_description":"Um dos principais desafios da avicultura \u00e9 o controle de temperatura nos avi\u00e1rios, estando o estresse t\u00e9rmico causado nas aves ligado \u00e0 re...","og_url":"https:\/\/socialagri.com\/agriFM\/pt-br\/podcast\/importancia-das-vitaminas-para-a-avicultura-moderna\/","og_site_name":"agriFM","twitter_card":"summary_large_image","twitter_misc":{"Est. tempo de leitura":"2 minutos"},"schema":{"@context":"https:\/\/schema.org","@graph":[{"@type":"WebPage","@id":"https:\/\/socialagri.com\/agriFM\/pt-br\/podcast\/importancia-das-vitaminas-para-a-avicultura-moderna\/","url":"https:\/\/socialagri.com\/agriFM\/pt-br\/podcast\/importancia-das-vitaminas-para-a-avicultura-moderna\/","name":"A import\u00e2ncia das vitaminas para a avicultura moderna","isPartOf":{"@id":"https:\/\/socialagri.com\/agriFM\/#website"},"datePublished":"2023-06-26T14:31:43+00:00","dateModified":"2023-06-26T14:31:43+00:00","description":"Um dos principais desafios da avicultura \u00e9 o controle de temperatura nos avi\u00e1rios, estando o estresse t\u00e9rmico causado nas aves ligado \u00e0 re...","breadcrumb":{"@id":"https:\/\/socialagri.com\/agriFM\/pt-br\/podcast\/importancia-das-vitaminas-para-a-avicultura-moderna\/#breadcrumb"},"inLanguage":"pt-BR","potentialAction":[{"@type":"ReadAction","target":["https:\/\/socialagri.com\/agriFM\/pt-br\/podcast\/importancia-das-vitaminas-para-a-avicultura-moderna\/"]}]},{"@type":"BreadcrumbList","@id":"https:\/\/socialagri.com\/agriFM\/pt-br\/podcast\/importancia-das-vitaminas-para-a-avicultura-moderna\/#breadcrumb","itemListElement":[{"@type":"ListItem","position":1,"name":"Portada","item":"https:\/\/socialagri.com\/agriFM\/pt-br\/"},{"@type":"ListItem","position":2,"name":"Podcast","item":"https:\/\/socialagri.com\/agriFM\/es\/podcast\/"},{"@type":"ListItem","position":3,"name":"A fundamental import\u00e2ncia das vitaminas para a avicultura moderna"}]},{"@type":"WebSite","@id":"https:\/\/socialagri.com\/agriFM\/#website","url":"https:\/\/socialagri.com\/agriFM\/","name":"agriFM","description":"Otro sitio realizado con WordPress","potentialAction":[{"@type":"SearchAction","target":{"@type":"EntryPoint","urlTemplate":"https:\/\/socialagri.com\/agriFM\/?s={search_term_string}"},"query-input":"required name=search_term_string"}],"inLanguage":"pt-BR"}]}},"canal_name":"nutriNews Brasil","_links":{"self":[{"href":"https:\/\/socialagri.com\/agriFM\/pt-br\/wp-json\/wp\/v2\/podcast\/12838"}],"collection":[{"href":"https:\/\/socialagri.com\/agriFM\/pt-br\/wp-json\/wp\/v2\/podcast"}],"about":[{"href":"https:\/\/socialagri.com\/agriFM\/pt-br\/wp-json\/wp\/v2\/types\/podcast"}],"author":[{"embeddable":true,"href":"https:\/\/socialagri.com\/agriFM\/pt-br\/wp-json\/wp\/v2\/users\/12"}],"version-history":[{"count":1,"href":"https:\/\/socialagri.com\/agriFM\/pt-br\/wp-json\/wp\/v2\/podcast\/12838\/revisions"}],"predecessor-version":[{"id":12839,"href":"https:\/\/socialagri.com\/agriFM\/pt-br\/wp-json\/wp\/v2\/podcast\/12838\/revisions\/12839"}],"wp:attachment":[{"href":"https:\/\/socialagri.com\/agriFM\/pt-br\/wp-json\/wp\/v2\/media?parent=12838"}],"wp:term":[{"taxonomy":"category","embeddable":true,"href":"https:\/\/socialagri.com\/agriFM\/pt-br\/wp-json\/wp\/v2\/categories?post=12838"},{"taxonomy":"post_tag","embeddable":true,"href":"https:\/\/socialagri.com\/agriFM\/pt-br\/wp-json\/wp\/v2\/tags?post=12838"},{"taxonomy":"canales","embeddable":true,"href":"https:\/\/socialagri.com\/agriFM\/pt-br\/wp-json\/wp\/v2\/canales?post=12838"},{"taxonomy":"Idioma","embeddable":true,"href":"https:\/\/socialagri.com\/agriFM\/pt-br\/wp-json\/wp\/v2\/Idioma?post=12838"},{"taxonomy":"intereses","embeddable":true,"href":"https:\/\/socialagri.com\/agriFM\/pt-br\/wp-json\/wp\/v2\/intereses?post=12838"},{"taxonomy":"participantes","embeddable":true,"href":"https:\/\/socialagri.com\/agriFM\/pt-br\/wp-json\/wp\/v2\/participantes?post=12838"}],"curies":[{"name":"wp","href":"https:\/\/api.w.org\/{rel}","templated":true}]}}

A fundamental importância das vitaminas para a avicultura moderna

<strong>As vitaminas são compostos orgânicos não sintetizados pelas aves, o que demanda que </strong><strong>sejam incorporadas através da dieta.</strong> Elas são essenciais para o funcionamento de importantes processos bioquímicos, especialmente funcionando como catalisadoras de reações químicas.

<strong>Existem ainda as pró-vitaminas, substâncias a partir das quais o organismo é capaz de sintetizar vitaminas</strong>. Por exemplo: carotenos (pró-vitamina A) e esteróis (pró-vitamina D).

Conforme a sua solubilidade, as vitaminas são classificadas em:
<ul>
 	<li><strong>Lipossolúveis:</strong> aquelas solúveis em gordura, o que é uma característica importante, pois permite seu armazenamento orgânico. <strong>Fazem parte deste grupo as vitaminas A, D, E e K.</strong></li>
 	<li><strong>Hidrossolúveis: São as vitaminas do complexo B e a vitamina C</strong>, solúveis em água. Já estas não podem ser armazenadas no organismo, sendo absorvidas e excretadas rapidamente.</li>
</ul>
<strong>APLICAÇÕES DAS VITAMINAS FRENTE AOS MODERNOS DESAFIOS DA AVICULTURA</strong>

<strong>Um dos principais desafios para a avicultura nos trópicos é o controle de temperatura dos aviários.</strong> Situações relacionadas a alta temperatura ambiente durante as fases de crescimento e engorda desencadeiam uma série de reações denominadas por estresse calórico.

Existem diferentes mecanismos biológicos que reduzem o estresse térmico, por exemplo: respiração ofegante, sudorese e vasodilatação. <strong>Sob condições de estresse calórico, o consumo de ração e a atividade das aves são reduzidos.</strong>

Elas passam <strong>mais tempo bebendo água, descansando e ofegando</strong>. A capacidade de controle térmico das aves é reduzida, sobretudo pelo fato de possuírem alta temperatura corporal (entre 41 e 42 ºC) e não disporem do mecanismo da sudorese, presente em outras espécies animais.
<div class="destacado">

<strong>O estresse térmico também pode reduzir a digestibilidade de nutrientes, gordura e deposição de carne, reduzindo também a formação muscular das aves.</strong>

Também pode<strong> induzir alcalose respiratória</strong> e suprimir a função imunológica dos lotes de frangos de corte. Mas o que tudo isso tem haver com vitaminas?

Esse mesmo estresse térmico promove a <strong>redução da concentração corporal de vitaminas antioxidantes, como as vitaminas C, A e E</strong>. Também atua <strong>elevando a excreção de minerais fundamentais</strong> para a composição do plasma e a formação dos tecidos, levando a danos nas membranas celulares.

</div>

<!-- This site is optimized with the Yoast SEO plugin v22.9 - https://yoast.com/wordpress/plugins/seo/ -->
<title>A importância das vitaminas para a avicultura moderna</title>
<meta name="description" content="Um dos principais desafios da avicultura é o controle de temperatura nos aviários, estando o estresse térmico causado nas aves ligado à re..." />
<meta name="robots" content="index, follow, max-snippet:-1, max-image-preview:large, max-video-preview:-1" />
<link rel="canonical" href="https://socialagri.com/agriFM/pt-br/podcast/importancia-das-vitaminas-para-a-avicultura-moderna/" />
<meta property="og:locale" content="pt_BR" />
<meta property="og:type" content="article" />
<meta property="og:title" content="A importância das vitaminas para a avicultura moderna" />
<meta property="og:description" content="Um dos principais desafios da avicultura é o controle de temperatura nos aviários, estando o estresse térmico causado nas aves ligado à re..." />
<meta property="og:url" content="https://socialagri.com/agriFM/pt-br/podcast/importancia-das-vitaminas-para-a-avicultura-moderna/" />
<meta property="og:site_name" content="agriFM" />
<meta name="twitter:card" content="summary_large_image" />
<meta name="twitter:label1" content="Est. tempo de leitura" />
	<meta name="twitter:data1" content="2 minutos" />
<script type="application/ld+json" class="yoast-schema-graph">{"@context":"https://schema.org","@graph":[{"@type":"WebPage","@id":"https://socialagri.com/agriFM/pt-br/podcast/importancia-das-vitaminas-para-a-avicultura-moderna/","url":"https://socialagri.com/agriFM/pt-br/podcast/importancia-das-vitaminas-para-a-avicultura-moderna/","name":"A importância das vitaminas para a avicultura moderna","isPartOf":{"@id":"https://socialagri.com/agriFM/#website"},"datePublished":"2023-06-26T14:31:43+00:00","dateModified":"2023-06-26T14:31:43+00:00","description":"Um dos principais desafios da avicultura é o controle de temperatura nos aviários, estando o estresse térmico causado nas aves ligado à re...","breadcrumb":{"@id":"https://socialagri.com/agriFM/pt-br/podcast/importancia-das-vitaminas-para-a-avicultura-moderna/#breadcrumb"},"inLanguage":"pt-BR","potentialAction":[{"@type":"ReadAction","target":["https://socialagri.com/agriFM/pt-br/podcast/importancia-das-vitaminas-para-a-avicultura-moderna/"]}]},{"@type":"BreadcrumbList","@id":"https://socialagri.com/agriFM/pt-br/podcast/importancia-das-vitaminas-para-a-avicultura-moderna/#breadcrumb","itemListElement":[{"@type":"ListItem","position":1,"name":"Portada","item":"https://socialagri.com/agriFM/pt-br/"},{"@type":"ListItem","position":2,"name":"Podcast","item":"https://socialagri.com/agriFM/es/podcast/"},{"@type":"ListItem","position":3,"name":"A fundamental importância das vitaminas para a avicultura moderna"}]},{"@type":"WebSite","@id":"https://socialagri.com/agriFM/#website","url":"https://socialagri.com/agriFM/","name":"agriFM","description":"Otro sitio realizado con WordPress","potentialAction":[{"@type":"SearchAction","target":{"@type":"EntryPoint","urlTemplate":"https://socialagri.com/agriFM/?s={search_term_string}"},"query-input":"required name=search_term_string"}],"inLanguage":"pt-BR"}]}</script>
<!-- / Yoast SEO plugin. -->

A importância das vitaminas para a avicultura moderna

Um dos principais desafios da avicultura é o controle de temperatura nos aviários, estando o estresse térmico causado nas aves ligado à re...
